{"id":26634,"date":"2026-04-08T08:33:13","date_gmt":"2026-04-08T08:33:13","guid":{"rendered":"https:\/\/terrarara.com.br\/?page_id=26634"},"modified":"2026-04-08T08:33:13","modified_gmt":"2026-04-08T08:33:13","slug":"as-fotos-oficiais-do-sobrevoo-da-lua","status":"publish","type":"page","link":"https:\/\/terrarara.com.br\/?page_id=26634","title":{"rendered":"As fotos oficiais do sobrevoo da lua"},"content":{"rendered":"<div class=\"wp-block-image\"><figure><img src=\"https:\/\/vendedoradesonhos.com.br\/upload\/1\/sites\/26\/img_41917_1200.jpg\" alt=\"\" style=\"width:100%\"><figcaption>A Lua, iluminada por tr\u00e1s pelo Sol durante um eclipse solar, \u00e9 fotografada pela espa\u00e7onave Orion da NASA na segunda-feira, 6 de abril de 2026, durante a miss\u00e3o Artemis II. Orion \u00e9 vis\u00edvel em primeiro plano \u00e0 esquerda. A Terra est\u00e1 refletindo a luz solar na borda esquerda da Lua, que \u00e9 ligeiramente mais brilhante do que o resto do disco. O ponto brilhante vis\u00edvel logo abaixo da borda inferior direita da Lua \u00e9 Saturno. Al\u00e9m disso, o ponto brilhante na borda direita da imagem \u00e9 Marte. Cr\u00e9dito: NASA<\/figcaption><\/figure><\/div><hr><\/p><p>\r\n\t<a href=''https:\/\/terrarara.com.br\"s=lua''>#Lua<\/a>\u00a0<\/p><p><\/p><p>\r\n\t<!-- audio --><\/p><p>\r\n<button onclick=\"this.nextElementSibling.play()\" style=\"padding:12px 25px; font-size:18px; border:none; border-radius:8px; cursor:pointer;\">Ouvir<\/button><audio src=\"https:\/\/vendedoradesonhos.com.br\/audios\/41917.mp3\" preload=\"none\"><\/audio><\/p><p>\r\n\t<strong>A tripula\u00e7\u00e3o da miss\u00e3o Artemis II da NASA enviou para a Terra as primeiras fotos oficiais do sobrevoo da Lua, capturadas durante o hist\u00f3rico voo de teste<\/strong><\/p><p> Essas imagens revelam regi\u00f5es que nenhum ser humano havia visto antes, incluindo um raro eclipse solar ocorrido no espa\u00e7o.\r\n<\/p><p>\r\nAs fotografias foram tiradas no dia 6 de abril de 2026, durante as sete horas em que a espa\u00e7onave Orion passou pelo lado oculto da Lua. Os astronautas Reid Wiseman, Victor Glover, Christina Koch e o canadense Jeremy Hansen usaram diversas c\u00e2meras para registrar milhares de imagens. A NASA j\u00e1 liberou v\u00e1rias delas, e outras devem chegar nos pr\u00f3ximos dias, enquanto a tripula\u00e7\u00e3o segue de volta para casa, j\u00e1 mais da metade do caminho percorrido.\r\n<\/p><p>\r\nAs fotos mostram crateras de impacto, antigas correntes de lava e fraturas na superf\u00edcie lunar, detalhes que v\u00e3o ajudar os cientistas a entender melhor a evolu\u00e7\u00e3o geol\u00f3gica da Lua. A equipe tamb\u00e9m observou diferen\u00e7as de cor, brilho e textura no terreno, registrou o p\u00f4r e o nascer da Terra no horizonte lunar, capturou vistas impressionantes do eclipse solar com a coroa do Sol vis\u00edvel e relatou seis flashes de meteoroides atingindo a superf\u00edcie escura da Lua.\r\n<\/p><p>\r\nUma das imagens mais marcantes mostra a Lua iluminada por tr\u00e1s pelo Sol durante o eclipse, com a Orion aparecendo em primeiro plano. Outro registro impressionante captura a Terra em forma de crescente se pondo no limbo da Lua, com a Austr\u00e1lia e a Oceania iluminadas pela luz do dia.<\/p><p>\r\n<div class=\"wp-block-image\"><figure><img src=\"https:\/\/vendedoradesonhos.com.br\/upload\/1\/sites\/26\/img_41917b_1200.jpg\" alt=\"\" style=\"width:100%\"><figcaption><\/figcaption><\/figure><\/div><hr><\/p><p><div class=\"wp-block-image\"><figure><img src=\"https:\/\/vendedoradesonhos.com.br\/upload\/1\/sites\/26\/img_41917c_1200.jpg\" alt=\"\" style=\"width:100%\"><figcaption><\/figcaption><\/figure><\/div><hr><\/p><p><div class=\"wp-block-image\"><figure><img src=\"https:\/\/vendedoradesonhos.com.br\/upload\/1\/sites\/26\/img_41917d_1200.jpg\" alt=\"\" style=\"width:100%\"><figcaption><\/figcaption><\/figure><\/div><hr><\/p><p><div class=\"wp-block-image\"><figure><img src=\"https:\/\/vendedoradesonhos.com.br\/upload\/1\/sites\/26\/img_41917e_1200.jpg\" alt=\"\" style=\"width:100%\"><figcaption><\/figcaption><\/figure><\/div><hr><\/p><p><div class=\"wp-block-image\"><figure><img src=\"https:\/\/vendedoradesonhos.com.br\/upload\/1\/sites\/26\/img_41917f_1200.jpg\" alt=\"\" style=\"width:100%\"><figcaption><\/figcaption><\/figure><\/div><hr><\/p><p><div class=\"wp-block-image\"><figure><img src=\"https:\/\/vendedoradesonhos.com.br\/upload\/1\/sites\/26\/img_41917g_1200.jpg\" alt=\"\" style=\"width:100%\"><figcaption><\/figcaption><\/figure><\/div><hr><\/p><p><div class=\"wp-block-image\"><figure><img src=\"https:\/\/vendedoradesonhos.com.br\/upload\/1\/sites\/26\/img_41917h_1200.jpg\" alt=\"\" style=\"width:100%\"><figcaption><\/figcaption><\/figure><\/div><hr><\/p><p>&#8220;Os quatro astronautas da Artemis II &#8211; Reid, Victor, Christina e Jeremy &#8211; levaram a humanidade em uma jornada incr\u00edvel ao redor da Lua e trouxeram imagens t\u00e3o belas e cheias de ci\u00eancia que v\u00e3o inspirar gera\u00e7\u00f5es futuras&#8221;, afirmou a dra. Nicky Fox, administradora associada da Diretoria de Miss\u00f5es Cient\u00edficas da NASA.\r\n<\/p><p>\r\nOs cientistas j\u00e1 come\u00e7aram a analisar as imagens, os \u00e1udios e os dados enviados. Essas informa\u00e7\u00f5es v\u00e3o refinar o entendimento sobre a geologia lunar e ajudar planejando futuras miss\u00f5es de explora\u00e7\u00e3o, preparando o caminho para uma presen\u00e7a duradoura na Lua e, eventualmente, para as primeiras viagens tripuladas a Marte.\r\n<\/p><p>\r\nA miss\u00e3o Artemis II representa um importante passo no programa Artemis, que busca expandir a explora\u00e7\u00e3o humana do espa\u00e7o, trazendo benef\u00edcios cient\u00edficos e econ\u00f4micos para a humanidade. A reentrada da espa\u00e7onave na atmosfera e o pouso no oceano est\u00e3o previstos para o dia 10 de abril.\r\n<\/p><p>\r\n<hr>\r\n\r\n<p style=\"text-align:right\"><em>Publicado em 08\/04\/2026 08h33<\/em><\/p>\r\n<hr>\r\n<p style=\"text-align:right\"><em><a href=\"https:\/\/terrarara.com.br\/en\/?page_id=3755\">English version<\/a><\/em><\/p>\r\n<hr>\r\n\r\n\t\t\t<hr>\r\n\t\t\t<p>Artigo referencia:<\/p>\r\n\t\t\r\n\t\t\t\r\n\r\n<ul><li><a href=\"https:\/\/www.nasa.gov\/news-release\/nasas-artemis-ii-crew-beams-official-moon-flyby-photos-to-earth\/\" target=\"_blank\">https:\/\/www.nasa.gov\/news-release\/nasas-artemis-ii-crew-beams-official-moon-flyby-photos-to-earth\/<\/a><\/li><\/ul>\r\n\r\n\r\n\r\n\r\n<hr class=\"wp-block-separator is-style-wide\"\/>\r\n\r\n<div style=\"position: buttonline;\"><iframe loading=\"lazy\" src=\"https:\/\/vendedoradesonhos.com.br\/rodape_sites.php?arg=41917\" frameborder=\"0\" height=\"420px\" width=\"100%\"><\/iframe><\/div>\r\n<div style=\"position: buttonline;\"><iframe loading=\"lazy\" src=\"https:\/\/vendedoradesonhos.com.br\/comentario_navegacao.php?arg=41917\" frameborder=\"0\" height=\"500px\" width=\"100%\"><\/iframe><\/div>\r\n<div style=\"position:absolute; width:40%; height:70px; top:-70px; left:0px;\"><iframe loading=\"lazy\" src=\"https:\/\/vendedoradesonhos.com.br\/oferta_site_esq.php?arg=41917\" frameborder=\"0\" height=\"100%\" width=\"100%\"><\/iframe><\/div>\r\n<div style=\"position:absolute; width:40%; height:70px; top:-70px; right:0px;\"><iframe loading=\"lazy\" src=\"https:\/\/vendedoradesonhos.com.br\/oferta_site_dir.php?arg=41917\" frameborder=\"0\" height=\"100%;\" width=\"100%\"><\/iframe><\/div>\r\n\r\n\r\n<div class=\"wp-block-image\"><figure><iframe loading=\"lazy\" src=\"https:\/\/vendedoradesonhos.com.br\/oferta_site_central.php\" width=\"100%\" height=\"330\" frameborder=\"0\"><\/iframe><figcaption>{teste}<\/figcaption><\/figure><\/div><hr>","protected":false},"excerpt":{"rendered":"","protected":false},"author":1,"featured_media":0,"parent":38,"menu_order":0,"comment_status":"closed","ping_status":"closed","template":"","meta":[],"_links":{"self":[{"href":"https:\/\/terrarara.com.br\/index.php?rest_route=\/wp\/v2\/pages\/26634"}],"collection":[{"href":"https:\/\/terrarara.com.br\/index.php?rest_route=\/wp\/v2\/pages"}],"about":[{"href":"https:\/\/terrarara.com.br\/index.php?rest_route=\/wp\/v2\/types\/page"}],"author":[{"embeddable":true,"href":"https:\/\/terrarara.com.br\/index.php?rest_route=\/wp\/v2\/users\/1"}],"replies":[{"embeddable":true,"href":"https:\/\/terrarara.com.br\/index.php?rest_route=%2Fwp%2Fv2%2Fcomments&post=26634"}],"version-history":[{"count":0,"href":"https:\/\/terrarara.com.br\/index.php?rest_route=\/wp\/v2\/pages\/26634\/revisions"}],"up":[{"embeddable":true,"href":"https:\/\/terrarara.com.br\/index.php?rest_route=\/wp\/v2\/pages\/38"}],"wp:attachment":[{"href":"https:\/\/terrarara.com.br\/index.php?rest_route=%2Fwp%2Fv2%2Fmedia&parent=26634"}],"curies":[{"name":"wp","href":"https:\/\/api.w.org\/{rel}","templated":true}]}}