{"id":26627,"date":"2026-04-02T02:07:23","date_gmt":"2026-04-02T02:07:23","guid":{"rendered":"https:\/\/terrarara.com.br\/?page_id=26627"},"modified":"2026-04-02T02:07:23","modified_gmt":"2026-04-02T02:07:23","slug":"nasa-lanca-quatro-astronautas-rumo-a-lua-na-historica-missao-artemis-2","status":"publish","type":"page","link":"https:\/\/terrarara.com.br\/?page_id=26627","title":{"rendered":"Nasa lan\u00e7a quatro astronautas rumo \u00e0 lua na hist\u00f3rica miss\u00e3o artemis 2"},"content":{"rendered":"<div class=\"wp-block-image\"><figure><img src=\"https:\/\/vendedoradesonhos.com.br\/upload\/1\/sites\/26\/img_41885_1200.jpg\" alt=\"\" style=\"width:100%\"><figcaption>A NASA lan\u00e7a sua miss\u00e3o espacial Artemis 2 rumo \u00e0 Lua em 1\u00ba de abril de 2026. (Cr\u00e9dito da imagem: Jim WATSON \/ AFP via Getty Images)<\/figcaption><\/figure><\/div><hr><\/p><p>\r\n\t<a href=''https:\/\/terrarara.com.br\"s=artemis''>#Artemis<\/a>\u00a0<\/p><p><\/p><p>\r\n\t<!-- audio --><\/p><p>\r\n<button onclick=\"this.nextElementSibling.play()\" style=\"padding:12px 25px; font-size:18px; border:none; border-radius:8px; cursor:pointer;\">Ouvir<\/button><audio src=\"https:\/\/vendedoradesonhos.com.br\/audios\/41885.mp3\" preload=\"none\"><\/audio><\/p><p>\r\n\t<strong><\/p><p>\r\nEm um marco importante para a explora\u00e7\u00e3o espacial do s\u00e9culo 21, a NASA lan\u00e7ou, nesta quarta-feira, 1\u00ba de abril de 2026, quatro astronautas a bordo da miss\u00e3o Artemis 2<\/strong><\/p><p> Partindo do Centro Espacial Kennedy, na Fl\u00f3rida, a bordo do poderoso foguete Space Launch System (SLS), a tripula\u00e7\u00e3o iniciou uma jornada de cerca de dez dias que levar\u00e1 os humanos de volta \u00e0s proximidades da Lua pela primeira vez em mais de 50 anos.\r\n<\/p><p>\r\nA miss\u00e3o Artemis 2 n\u00e3o pretende pousar na superf\u00edcie lunar, mas sim realizar um voo de contorno ao redor da Lua, testando de forma completa a espa\u00e7onave Orion e todos os seus sistemas com humanos a bordo. Essa ser\u00e1 uma etapa essencial para preparar as futuras miss\u00f5es que levar\u00e3o astronautas para pisar novamente na Lua e, mais adiante, estabelecer uma presen\u00e7a sustent\u00e1vel por l\u00e1.\r\n<\/p><p>\r\nA tripula\u00e7\u00e3o \u00e9 formada por quatro profissionais experientes e diversificados. O comandante \u00e9 Reid Wiseman, veterano de miss\u00f5es na Esta\u00e7\u00e3o Espacial Internacional. Victor Glover atua como piloto, tamb\u00e9m com vasta experi\u00eancia em voos espaciais. Christina Koch, outra astronauta veterana, se tornar\u00e1 a primeira mulher a voar ao redor da Lua. Completando o time est\u00e1 o canadense Jeremy Hansen, que far\u00e1 sua primeira viagem ao espa\u00e7o e se tornar\u00e1 o primeiro canadense a viajar para o espa\u00e7o profundo.\r\n<\/p><p>\r\nA espa\u00e7onave Orion, impulsionada pelo M\u00f3dulo de Servi\u00e7o Europeu (constru\u00eddo pela Ag\u00eancia Espacial Europeia), decolou ao p\u00f4r do sol e foi vista por centenas de milhares de pessoas. Ap\u00f3s a separa\u00e7\u00e3o dos propulsores s\u00f3lidos e a coloca\u00e7\u00e3o em \u00f3rbita, a tripula\u00e7\u00e3o iniciar\u00e1 testes importantes, como o funcionamento do sistema de suporte \u00e0 vida e o in\u00e9dito banheiro espacial projetado para a miss\u00e3o. Nos pr\u00f3ximos dias, eles realizar\u00e3o uma queima de motor que os enviar\u00e1 em uma trajet\u00f3ria livre de retorno ao redor da Lua, alcan\u00e7ando uma dist\u00e2ncia recorde da Terra &#8211; mais de 406 mil quil\u00f4metros &#8220;, superando at\u00e9 mesmo o marco da Apollo 13.\r\n<\/p><p>\r\nEssa miss\u00e3o \u00e9 comparada \u00e0 hist\u00f3rica Apollo 8, de 1968, mas traz o esp\u00edrito do s\u00e9culo 21: maior colabora\u00e7\u00e3o internacional, inclus\u00e3o de uma mulher e de um astronauta canadense, e foco em testes detalhados para garantir a seguran\u00e7a de voos futuros. Os astronautas destacam a confian\u00e7a m\u00fatua da equipe e a import\u00e2ncia de aprender com cada etapa, preparando o caminho n\u00e3o s\u00f3 para o retorno \u00e0 Lua, mas tamb\u00e9m para explora\u00e7\u00f5es mais distantes, como futuras miss\u00f5es a Marte.\r\n<\/p><p>\r\nCom o sucesso da Artemis 2, a NASA d\u00e1 um passo firme para reconquistar a lideran\u00e7a na explora\u00e7\u00e3o lunar, abrindo caminho para pousos tripulados nos pr\u00f3ximos anos e para uma nova era de descobertas cient\u00edficas no espa\u00e7o. A humanidade volta a mirar a Lua como o pr\u00f3ximo grande destino.\r\n<\/p><p>\r\n<blockquote class=\"twitter-tweet\" data-media-max-width=\"560\"><p lang=\"pt\" dir=\"ltr\">Nasa lan\u00e7a quatro astronautas rumo \u00e0 lua na hist\u00f3rica miss\u00e3o artemis 2<a href=\"https:\/\/twitter.com\/hashtag\/Artemis?src=hash&amp;ref_src=twsrc%5Etfw\">#Artemis<\/a><br><br>Em um marco importante para a explora\u00e7\u00e3o espacial do s\u00e9culo 21, a NASA lan\u00e7ou, nesta quarta-feira, 1\u00ba de abril de 2026, quatro astronautas a bordo da miss\u00e3o Artemis 2<br>Veja em:<a href=\"https:\/\/t.co\/oZqafPL4yU\">https:\/\/t.co\/oZqafPL4yU<\/a> <a href=\"https:\/\/t.co\/nxRegItqpK\">pic.twitter.com\/nxRegItqpK<\/a><\/p>&mdash; Terra Rara??????&#x646; (@Terra_Rara) <a href=\"https:\/\/twitter.com\/Terra_Rara\/status\/2039513349524799870?ref_src=twsrc%5Etfw\">April 2, 2026<\/a><\/blockquote> <script async src=\"https:\/\/platform.twitter.com\/widgets.js\" charset=\"utf-8\"><\/script>\r\n<hr>\r\n\r\n<p style=\"text-align:right\"><em>Publicado em 02\/04\/2026 02h07<\/em><\/p>\r\n<hr>\r\n<p style=\"text-align:right\"><em><a href=\"https:\/\/terrarara.com.br\/en\/?page_id=3748\">English version<\/a><\/em><\/p>\r\n<hr>\r\n\r\n\t\t\t<hr>\r\n\t\t\t<p>Artigo referencia:<\/p>\r\n\t\t\r\n\t\t\t\r\n\r\n<ul><li><a href=\"https:\/\/www.space.com\/space-exploration\/artemis\/nasa-launches-4-astronauts-to-the-moon-on-historic-artemis-2-voyage-a-lunar-leap-for-the-21st-century\" target=\"_blank\">https:\/\/www.space.com\/space-exploration\/artemis\/nasa-launches-4-astronauts-to-the-moon-on-historic-artemis-2-voyage-a-lunar-leap-for-the-21st-century<\/a><\/li><\/ul>\r\n\r\n\r\n\r\n\r\n<hr class=\"wp-block-separator is-style-wide\"\/>\r\n\r\n<div style=\"position: buttonline;\"><iframe loading=\"lazy\" src=\"https:\/\/vendedoradesonhos.com.br\/rodape_sites.php?arg=41885\" frameborder=\"0\" height=\"420px\" width=\"100%\"><\/iframe><\/div>\r\n<div style=\"position: buttonline;\"><iframe loading=\"lazy\" src=\"https:\/\/vendedoradesonhos.com.br\/comentario_navegacao.php?arg=41885\" frameborder=\"0\" height=\"500px\" width=\"100%\"><\/iframe><\/div>\r\n<div style=\"position:absolute; width:40%; height:70px; top:-70px; left:0px;\"><iframe loading=\"lazy\" src=\"https:\/\/vendedoradesonhos.com.br\/oferta_site_esq.php?arg=41885\" frameborder=\"0\" height=\"100%\" width=\"100%\"><\/iframe><\/div>\r\n<div style=\"position:absolute; width:40%; height:70px; top:-70px; right:0px;\"><iframe loading=\"lazy\" src=\"https:\/\/vendedoradesonhos.com.br\/oferta_site_dir.php?arg=41885\" frameborder=\"0\" height=\"100%;\" width=\"100%\"><\/iframe><\/div>\r\n\r\n\r\n<div class=\"wp-block-image\"><figure><iframe loading=\"lazy\" src=\"https:\/\/vendedoradesonhos.com.br\/oferta_site_central.php\" width=\"100%\" height=\"330\" frameborder=\"0\"><\/iframe><figcaption>{teste}<\/figcaption><\/figure><\/div><hr>","protected":false},"excerpt":{"rendered":"","protected":false},"author":1,"featured_media":0,"parent":4575,"menu_order":0,"comment_status":"closed","ping_status":"closed","template":"","meta":[],"_links":{"self":[{"href":"https:\/\/terrarara.com.br\/index.php?rest_route=\/wp\/v2\/pages\/26627"}],"collection":[{"href":"https:\/\/terrarara.com.br\/index.php?rest_route=\/wp\/v2\/pages"}],"about":[{"href":"https:\/\/terrarara.com.br\/index.php?rest_route=\/wp\/v2\/types\/page"}],"author":[{"embeddable":true,"href":"https:\/\/terrarara.com.br\/index.php?rest_route=\/wp\/v2\/users\/1"}],"replies":[{"embeddable":true,"href":"https:\/\/terrarara.com.br\/index.php?rest_route=%2Fwp%2Fv2%2Fcomments&post=26627"}],"version-history":[{"count":0,"href":"https:\/\/terrarara.com.br\/index.php?rest_route=\/wp\/v2\/pages\/26627\/revisions"}],"up":[{"embeddable":true,"href":"https:\/\/terrarara.com.br\/index.php?rest_route=\/wp\/v2\/pages\/4575"}],"wp:attachment":[{"href":"https:\/\/terrarara.com.br\/index.php?rest_route=%2Fwp%2Fv2%2Fmedia&parent=26627"}],"curies":[{"name":"wp","href":"https:\/\/api.w.org\/{rel}","templated":true}]}}