{"id":26621,"date":"2026-03-26T20:54:50","date_gmt":"2026-03-26T20:54:50","guid":{"rendered":"https:\/\/terrarara.com.br\/?page_id=26621"},"modified":"2026-03-26T20:54:50","modified_gmt":"2026-03-26T20:54:50","slug":"o-vento-quente-da-galaxia-m82-e-medido-a-mais-de-3-milhoes-de-kmh","status":"publish","type":"page","link":"https:\/\/terrarara.com.br\/?page_id=26621","title":{"rendered":"O vento quente da gal\u00e1xia M82 \u00e9 medido a mais de 3 milh\u00f5es de km\/h"},"content":{"rendered":"<div class=\"wp-block-image\"><figure><img src=\"https:\/\/vendedoradesonhos.com.br\/upload\/1\/sites\/26\/img_41855_1200.jpg\" alt=\"\" style=\"width:100%\"><figcaption>O vento frio da gal\u00e1xia M82 impulsiona g\u00e1s e poeira a at\u00e9 40.000 anos-luz de seu n\u00facleo, como mostrado aqui usando dados do Observat\u00f3rio de Raios X Chandra da NASA e dos telesc\u00f3pios espaciais Hubble e Spitzer. A imagem inserida mostra uma vis\u00e3o do Chandra da regi\u00e3o central da gal\u00e1xia, onde um caldeir\u00e3o de atividade estelar d\u00e1 in\u00edcio ao fluxo de sa\u00edda em larga escala. Cr\u00e9dito: Centro de Voos Espaciais Goddard da NASA; Raios X: NASA\/CXC\/JHU\/D.Strickland; \u00d3ptico: NASA\/ESA\/STScI\/AURA\/Equipe Hubble Heritage; Infravermelho: NASA\/JPL-Caltech\/Univ. do Arizona\/C. Engelbracht; Colabora\u00e7\u00e3o XRISM et al. 2026<\/figcaption><\/figure><\/div><hr><\/p><p>\r\n\t<a href=''https:\/\/terrarara.com.br\"s=m82''>#M82<\/a>\u00a0<\/p><p><\/p><p>\r\n\t<!-- audio --><\/p><p>\r\n<button onclick=\"this.nextElementSibling.play()\" style=\"padding:12px 25px; font-size:18px; border:none; border-radius:8px; cursor:pointer;\">Ouvir<\/button><audio src=\"https:\/\/vendedoradesonhos.com.br\/audios\/41855.mp3\" preload=\"none\"><\/audio><\/p><p>\r\n\t<strong>Astr\u00f4nomos conseguiram medir diretamente a velocidade de um vento de g\u00e1s superaquecido que sai do centro da gal\u00e1xia M82, uma gal\u00e1xia vizinha conhecida por formar estrelas de forma muito intensa<\/strong><\/p><p>Esse g\u00e1s quente se move a mais de 3 milh\u00f5es de quil\u00f4metros por hora (cerca de 2 milh\u00f5es de milhas por hora). Os cientistas acreditam que ele \u00e9 a principal for\u00e7a que impulsiona um vento mais frio e maior, que se estende por at\u00e9 40 mil anos-luz a partir do n\u00facleo da gal\u00e1xia.\r\n<\/p><p>\r\nA medi\u00e7\u00e3o foi feita gra\u00e7as ao telesc\u00f3pio espacial XRISM, da ag\u00eancia espacial japonesa JAXA em parceria com a NASA. O instrumento Resolve, a bordo da nave, analisou com grande precis\u00e3o os raios X emitidos pelo ferro superaquecido no centro da gal\u00e1xia.\r\n<\/p><p>\r\nO g\u00e1s est\u00e1 a uma temperatura impressionante de cerca de 25 milh\u00f5es de graus Celsius. Essa alta temperatura cria press\u00e3o suficiente para empurrar o material para fora, de forma parecida com o que acontece quando diferen\u00e7as de press\u00e3o geram ventos na atmosfera da Terra.\r\n<\/p><p>\r\nA velocidade foi calculada observando o alargamento das linhas espectrais do ferro, causado pelo efeito Doppler &#8211; o mesmo fen\u00f4meno que faz o som de uma sirene mudar de tom quando o ve\u00edculo se aproxima ou se afasta de n\u00f3s. No caso de M82, o g\u00e1s se move rapidamente em dire\u00e7\u00f5es opostas, o que alargou essas linhas e revelou velocidades ainda maiores do que alguns modelos previam.\r\n<\/p><p>\r\nM82, tamb\u00e9m chamada de Gal\u00e1xia do Charuto, fica a 12 milh\u00f5es de anos-luz de dist\u00e2ncia, na constela\u00e7\u00e3o da Ursa Maior. Ela forma estrelas cerca de dez vezes mais r\u00e1pido que a Via L\u00e1ctea, por isso \u00e9 classificada como uma gal\u00e1xia starburst (de explos\u00e3o estelar). Telesc\u00f3pios como Chandra, Hubble, Spitzer e James Webb j\u00e1 haviam mostrado o vento frio e extenso que expulsa g\u00e1s e poeira dessa gal\u00e1xia.<\/p><p>\r\nAgora, o XRISM olhou bem para o &#8220;caldeir\u00e3o? central, onde ondas de choque de estrelas rec\u00e9m-nascidas e supernovas aquecem o g\u00e1s e iniciam o fluxo para fora.\r\n<\/p><p>\r\nA astrof\u00edsica Erin Boettcher, da Universidade de Maryland e do Centro Goddard da NASA, explicou: &#8220;O modelo cl\u00e1ssico para gal\u00e1xias como M82 diz que as ondas de choque aquecem o g\u00e1s e come\u00e7am um vento poderoso. Antes do XRISM, n\u00e3o consegu\u00edamos medir as velocidades necess\u00e1rias para testar essa ideia. Agora vemos que o g\u00e1s se move ainda mais r\u00e1pido do que alguns modelos sugeriam, o suficiente para empurrar o vento at\u00e9 as bordas da gal\u00e1xia.&#8221;\r\n<\/p><p>\r\nOs resultados mostram que o vento quente central consegue explicar boa parte do vento maior e mais frio observado. Isso pode reduzir a necessidade de usar raios c\u00f3smicos como principal explica\u00e7\u00e3o, embora eles ainda possam ter algum papel.\r\n<\/p><p>\r\nNo entanto, ainda h\u00e1 perguntas em aberto. O centro de M82 expulsa g\u00e1s equivalente formando cerca de sete estrelas do tamanho do Sol por ano, mas o vento medido parece remover apenas cerca de quatro massas solares de g\u00e1s por ano. Os pesquisadores se perguntam para onde vai o resto do material.\r\n<\/p><p>\r\nEssas observa\u00e7\u00f5es ajudam a testar e melhorar modelos antigos de gal\u00e1xias starburst, criados desde os anos 1980, e trazem novas pistas sobre como a energia das supernovas e da forma\u00e7\u00e3o de estrelas influencia a evolu\u00e7\u00e3o das gal\u00e1xias. O estudo foi publicado na revista Nature.\r\n<\/p><p>\r\n<blockquote class=\"twitter-tweet\" data-media-max-width=\"560\"><p lang=\"pt\" dir=\"ltr\">O vento quente da gal\u00e1xia M82 \u00e9 medido a mais de 3 milh\u00f5es de km\/h<a href=\"https:\/\/twitter.com\/hashtag\/M82?src=hash&amp;ref_src=twsrc%5Etfw\">#M82<\/a><br><br>Astr\u00f4nomos conseguiram medir diretamente a velocidade de um vento de g\u00e1s superaquecido que sai do centro da gal\u00e1xia M82, uma gal\u00e1xia vizinha conhecida por formar estrelas de forma muito intensa <a href=\"https:\/\/t.co\/WuxDDPbPCi\">pic.twitter.com\/WuxDDPbPCi<\/a><\/p>&mdash; Terra Rara??????&#x646; (@Terra_Rara) <a href=\"https:\/\/twitter.com\/Terra_Rara\/status\/2037353362522243338?ref_src=twsrc%5Etfw\">March 27, 2026<\/a><\/blockquote> <script async src=\"https:\/\/platform.twitter.com\/widgets.js\" charset=\"utf-8\"><\/script>\r\n<hr>\r\n\r\n<p style=\"text-align:right\"><em>Publicado em 26\/03\/2026 20h54<\/em><\/p>\r\n<hr>\r\n<p style=\"text-align:right\"><em><a href=\"https:\/\/terrarara.com.br\/en\/?page_id=3742\">English version<\/a><\/em><\/p>\r\n<hr>\r\n\r\n\t\t\t<hr>\r\n\t\t\t<p>Artigo referencia:<\/p>\r\n\t\t\r\n\t\t\t\r\n\r\n<ul><li><a href=\"https:\/\/phys.org\/news\/2026-03-xrism-clocks-hot-galaxy-m82.html\" target=\"_blank\">https:\/\/phys.org\/news\/2026-03-xrism-clocks-hot-galaxy-m82.html<\/a><\/li><\/ul>\r\n\r\n\r\n\r\n\r\n<hr class=\"wp-block-separator is-style-wide\"\/>\r\n\r\n<div style=\"position: buttonline;\"><iframe loading=\"lazy\" src=\"https:\/\/vendedoradesonhos.com.br\/rodape_sites.php?arg=41855\" frameborder=\"0\" height=\"420px\" width=\"100%\"><\/iframe><\/div>\r\n<div style=\"position: buttonline;\"><iframe loading=\"lazy\" src=\"https:\/\/vendedoradesonhos.com.br\/comentario_navegacao.php?arg=41855\" frameborder=\"0\" height=\"500px\" width=\"100%\"><\/iframe><\/div>\r\n<div style=\"position:absolute; width:40%; height:70px; top:-70px; left:0px;\"><iframe loading=\"lazy\" src=\"https:\/\/vendedoradesonhos.com.br\/oferta_site_esq.php?arg=41855\" frameborder=\"0\" height=\"100%\" width=\"100%\"><\/iframe><\/div>\r\n<div style=\"position:absolute; width:40%; height:70px; top:-70px; right:0px;\"><iframe loading=\"lazy\" src=\"https:\/\/vendedoradesonhos.com.br\/oferta_site_dir.php?arg=41855\" frameborder=\"0\" height=\"100%;\" width=\"100%\"><\/iframe><\/div>\r\n\r\n\r\n<div class=\"wp-block-image\"><figure><iframe loading=\"lazy\" src=\"https:\/\/vendedoradesonhos.com.br\/oferta_site_central.php\" width=\"100%\" height=\"330\" frameborder=\"0\"><\/iframe><figcaption>{teste}<\/figcaption><\/figure><\/div><hr>","protected":false},"excerpt":{"rendered":"","protected":false},"author":1,"featured_media":0,"parent":688,"menu_order":0,"comment_status":"closed","ping_status":"closed","template":"","meta":[],"_links":{"self":[{"href":"https:\/\/terrarara.com.br\/index.php?rest_route=\/wp\/v2\/pages\/26621"}],"collection":[{"href":"https:\/\/terrarara.com.br\/index.php?rest_route=\/wp\/v2\/pages"}],"about":[{"href":"https:\/\/terrarara.com.br\/index.php?rest_route=\/wp\/v2\/types\/page"}],"author":[{"embeddable":true,"href":"https:\/\/terrarara.com.br\/index.php?rest_route=\/wp\/v2\/users\/1"}],"replies":[{"embeddable":true,"href":"https:\/\/terrarara.com.br\/index.php?rest_route=%2Fwp%2Fv2%2Fcomments&post=26621"}],"version-history":[{"count":0,"href":"https:\/\/terrarara.com.br\/index.php?rest_route=\/wp\/v2\/pages\/26621\/revisions"}],"up":[{"embeddable":true,"href":"https:\/\/terrarara.com.br\/index.php?rest_route=\/wp\/v2\/pages\/688"}],"wp:attachment":[{"href":"https:\/\/terrarara.com.br\/index.php?rest_route=%2Fwp%2Fv2%2Fmedia&parent=26621"}],"curies":[{"name":"wp","href":"https:\/\/api.w.org\/{rel}","templated":true}]}}