{"id":26617,"date":"2026-03-23T10:20:50","date_gmt":"2026-03-23T10:20:50","guid":{"rendered":"https:\/\/terrarara.com.br\/?page_id=26617"},"modified":"2026-03-23T10:20:50","modified_gmt":"2026-03-23T10:20:50","slug":"astronomos-detectam-eco-de-explosao-cosmica-poderosa-como-bilhoes-de-sois","status":"publish","type":"page","link":"https:\/\/terrarara.com.br\/?page_id=26617","title":{"rendered":"Astr\u00f4nomos detectam eco de explos\u00e3o c\u00f3smica poderosa como bilh\u00f5es de s\u00f3is"},"content":{"rendered":"<div class=\"wp-block-image\"><figure><img src=\"https:\/\/vendedoradesonhos.com.br\/upload\/1\/sites\/26\/img_41840_1200.png\" alt=\"\" style=\"width:100%\"><figcaption>Uma supernova de colapso de n\u00facleo d\u00e1 origem a um buraco negro e lan\u00e7a uma explos\u00e3o de raios gama. (Cr\u00e9dito da imagem: Robert Lea (criada com Canva))<\/figcaption><\/figure><\/div><hr><\/p><p>\r\n\t<a href=\"https:\/\/doi.org\/10.3847\/1538-4357\/ae4351\" target=\"_blank\">doi.org\/10.3847\/1538-4357\/ae4351<\/a><br><a href=\"https:\/\/vendedoradesonhos.com.br\/credibilidade_estudo.php?c=41840\">Credibilidade<\/a>: <font color=\"#00FFFF\">9<\/font><font color=\"#00FF00\">8<\/font><font color=\"#FFFF00\">9<\/font><br><a href=''https:\/\/terrarara.com.br\"s=grb''>#GRB<\/a>\u00a0<\/p><p><\/p><p>\r\n\t<!-- audio --><\/p><p>\r\n<button onclick=\"this.nextElementSibling.play()\" style=\"padding:12px 25px; font-size:18px; border:none; border-radius:8px; cursor:pointer;\">Ouvir<\/button><audio src=\"https:\/\/vendedoradesonhos.com.br\/audios\/41840.mp3\" preload=\"none\"><\/audio><\/p><p>\r\n\t<strong>Astr\u00f4nomos identificaram o eco de uma explos\u00e3o espacial extremamente energ\u00e9tica que passou despercebida no momento em que aconteceu<\/strong><\/p><p> Trata-se de um surto de raios gama, um dos fen\u00f4menos mais violentos do universo, com pot\u00eancia equivalente \u00e0 emiss\u00e3o de cerca de um bilh\u00e3o de s\u00f3is. A explos\u00e3o inicial, que libera em segundos uma quantidade imensa de energia em forma de raios gama de alta energia, n\u00e3o foi captada pelos telesc\u00f3pios, provavelmente porque o jato principal estava apontado em uma dire\u00e7\u00e3o que n\u00e3o alcan\u00e7ou a Terra.\r\n<\/p><p>\r\nO que os cientistas conseguiram observar foi o chamado &#8220;eco&#8221; ou afterglow em r\u00e1dio: a onda de choque gerada pela explos\u00e3o que se propagou pelo meio interestelar ao redor, interagindo com o g\u00e1s e a poeira circundantes e produzindo radia\u00e7\u00e3o detect\u00e1vel em ondas de r\u00e1dio. Essa emiss\u00e3o radiof\u00f4nica surgiu de forma r\u00e1pida, atingindo um brilho intenso equivalente \u00e0 sa\u00edda total de r\u00e1dio de bilh\u00f5es de s\u00f3is, e depois come\u00e7ou a diminuir lentamente ao longo do tempo.\r\n<\/p><p>\r\nA descoberta veio de observa\u00e7\u00f5es em r\u00e1dio que revelaram um comportamento incomum: em vez de seguir padr\u00f5es t\u00edpicos de fontes persistentes ou vari\u00e1veis comuns, o sinal se encaixava perfeitamente no perfil esperado para o afterglow de um surto de raios gama oculto. Os pesquisadores rastrearam a origem at\u00e9 uma pequena gal\u00e1xia brilhante situada a cerca de 1,7 bilh\u00e3o de anos-luz de dist\u00e2ncia.\r\n<\/p><p>\r\nEsse caso se destaca como um dos exemplos mais claros de explos\u00f5es c\u00f3smicas &#8220;escondidas&#8221;, nas quais o evento principal escapa da detec\u00e7\u00e3o direta, mas deixa tra\u00e7os duradouros no ambiente. Estudos como esse ajudam a entender melhor a natureza desses surtos extremos, que geralmente est\u00e3o associados ao colapso de estrelas massivas ou \u00e0 fus\u00e3o de objetos compactos, e mostram como o universo continua revelando eventos poderosos mesmo quando eles n\u00e3o s\u00e3o vistos de imediato.\r\n<\/p><p>\r\nA pesquisa foi publicada na revista The Astrophysical Journal e demonstra o valor de monitorar o c\u00e9u em diferentes comprimentos de onda para capturar fen\u00f4menos que, de outra forma, permaneceriam invis\u00edveis.\r\n<\/p><p>\r\n<hr>\r\n\r\n<p style=\"text-align:right\"><em>Publicado em 23\/03\/2026 10h20<\/em><\/p>\r\n<hr>\r\n<p style=\"text-align:right\"><em><a href=\"https:\/\/terrarara.com.br\/en\/?page_id=3738\">English version<\/a><\/em><\/p>\r\n<hr>\r\n\r\n\t\t\t<hr>\r\n\t\r\n\t\t\t\r\n\r\n<p>Estudo original: <\/p>\r\n\r\n\r\n\r\n<ul><li><a href=\"https:\/\/doi.org\/10.3847\/1538-4357\/ae4351\" target=\"_blank\">https:\/\/doi.org\/10.3847\/1538-4357\/ae4351<\/a><\/li><\/ul>\r\n\r\n\r\n\r\n<hr class=\"wp-block-separator is-style-wide\"\/>\r\n\r\n<div style=\"position: buttonline;\"><iframe loading=\"lazy\" src=\"https:\/\/vendedoradesonhos.com.br\/rodape_sites.php?arg=41840\" frameborder=\"0\" height=\"420px\" width=\"100%\"><\/iframe><\/div>\r\n<div style=\"position: buttonline;\"><iframe loading=\"lazy\" src=\"https:\/\/vendedoradesonhos.com.br\/comentario_navegacao.php?arg=41840\" frameborder=\"0\" height=\"500px\" width=\"100%\"><\/iframe><\/div>\r\n<div style=\"position:absolute; width:40%; height:70px; top:-70px; left:0px;\"><iframe loading=\"lazy\" src=\"https:\/\/vendedoradesonhos.com.br\/oferta_site_esq.php?arg=41840\" frameborder=\"0\" height=\"100%\" width=\"100%\"><\/iframe><\/div>\r\n<div style=\"position:absolute; width:40%; height:70px; top:-70px; right:0px;\"><iframe loading=\"lazy\" src=\"https:\/\/vendedoradesonhos.com.br\/oferta_site_dir.php?arg=41840\" frameborder=\"0\" height=\"100%;\" width=\"100%\"><\/iframe><\/div>\r\n\r\n<div class=\"wp-block-image\"><figure><iframe loading=\"lazy\" src=\"https:\/\/vendedoradesonhos.com.br\/oferta_site_central.php\" width=\"100%\" height=\"330\" frameborder=\"0\"><\/iframe><figcaption>{teste}<\/figcaption><\/figure><\/div><hr>","protected":false},"excerpt":{"rendered":"","protected":false},"author":1,"featured_media":0,"parent":51,"menu_order":0,"comment_status":"closed","ping_status":"closed","template":"","meta":[],"_links":{"self":[{"href":"https:\/\/terrarara.com.br\/index.php?rest_route=\/wp\/v2\/pages\/26617"}],"collection":[{"href":"https:\/\/terrarara.com.br\/index.php?rest_route=\/wp\/v2\/pages"}],"about":[{"href":"https:\/\/terrarara.com.br\/index.php?rest_route=\/wp\/v2\/types\/page"}],"author":[{"embeddable":true,"href":"https:\/\/terrarara.com.br\/index.php?rest_route=\/wp\/v2\/users\/1"}],"replies":[{"embeddable":true,"href":"https:\/\/terrarara.com.br\/index.php?rest_route=%2Fwp%2Fv2%2Fcomments&post=26617"}],"version-history":[{"count":0,"href":"https:\/\/terrarara.com.br\/index.php?rest_route=\/wp\/v2\/pages\/26617\/revisions"}],"up":[{"embeddable":true,"href":"https:\/\/terrarara.com.br\/index.php?rest_route=\/wp\/v2\/pages\/51"}],"wp:attachment":[{"href":"https:\/\/terrarara.com.br\/index.php?rest_route=%2Fwp%2Fv2%2Fmedia&parent=26617"}],"curies":[{"name":"wp","href":"https:\/\/api.w.org\/{rel}","templated":true}]}}