{"id":26612,"date":"2026-03-21T01:12:44","date_gmt":"2026-03-21T01:12:44","guid":{"rendered":"https:\/\/terrarara.com.br\/?page_id=26612"},"modified":"2026-03-21T01:12:44","modified_gmt":"2026-03-21T01:12:44","slug":"o-motor-magnetico-escondido-do-sol","status":"publish","type":"page","link":"https:\/\/terrarara.com.br\/?page_id=26612","title":{"rendered":"O motor magn\u00e9tico escondido do sol"},"content":{"rendered":"<div class=\"wp-block-image\"><figure><img src=\"https:\/\/vendedoradesonhos.com.br\/upload\/1\/sites\/26\/img_41832_1200.jpg\" alt=\"\" style=\"width:100%\"><figcaption>Diagrama da atmosfera interna e externa do Sol, mostrando o n\u00facleo, as zonas radiativas e de convec\u00e7\u00e3o &#8211; separadas pela tacoclina &#8211; e caracter\u00edsticas da superf\u00edcie como manchas solares, erup\u00e7\u00f5es, a cromosfera e a coroa. Imagem via <a href=\"https:\/\/science.nasa.gov\/sun\/facts\/#hds-sidebar-nav-8\" target=\"_blank\">NASA<\/a><\/figcaption><\/figure><\/div><hr><\/p><p>\r\n\t<a href=\"https:\/\/doi.org\/10.1038\/s41598-025-34336-1\" target=\"_blank\">doi.org\/10.1038\/s41598-025-34336-1<\/a><br><a href=\"https:\/\/vendedoradesonhos.com.br\/credibilidade_estudo.php?c=41832\">Credibilidade<\/a>: <font color=\"#00FFFF\">9<\/font><font color=\"#00FF00\">8<\/font><font color=\"#FFFF00\">9<\/font><br><a href=''https:\/\/terrarara.com.br\"s=sol''>#Sol<\/a>\u00a0<\/p><p><\/p><p>\r\n\t<!-- audio --><\/p><p>\r\n<button onclick=\"this.nextElementSibling.play()\" style=\"padding:12px 25px; font-size:18px; border:none; border-radius:8px; cursor:pointer;\">Ouvir<\/button><audio src=\"https:\/\/vendedoradesonhos.com.br\/audios\/41832.mp3\" preload=\"none\"><\/audio><\/p><p>\r\n\t<strong>Cientistas finalmente conseguiram identificar onde fica o verdadeiro &#8220;motor&#8221; que gera o poderoso campo magn\u00e9tico do Sol<\/strong><\/p><p> Esse mecanismo essencial, respons\u00e1vel pelo ciclo de atividade solar que dura cerca de 11 anos, n\u00e3o est\u00e1 perto da superf\u00edcie vis\u00edvel, como muitos modelos anteriores imaginavam, mas bem mais fundo, a aproximadamente 200 mil quil\u00f4metros de profundidade &#8211; uma dist\u00e2ncia equivalente a cerca de 16 vezes o di\u00e2metro da Terra alinhados um ap\u00f3s o outro.\r\n<\/p><p>\r\nPesquisadores do New Jersey Institute of Technology analisaram quase 30 anos de dados coletados por instrumentos da NASA e redes terrestres. Eles usaram a heliosseismologia, uma t\u00e9cnica que estuda as ondas sonoras produzidas pelo movimento turbulento do plasma dentro do Sol, como se fossem uma esp\u00e9cie de &#8220;ecografia&#8221; estelar. Essas ondas viajam pelo interior da estrela e sofrem pequenas altera\u00e7\u00f5es de velocidade dependendo dos fluxos de material e da rota\u00e7\u00e3o em diferentes camadas. Com bilh\u00f5es de medi\u00e7\u00f5es acumuladas ao longo de tr\u00eas ciclos solares completos, a equipe mapeou padr\u00f5es de movimento que formam faixas rotacionais em forma de borboleta &#8211; exatamente o mesmo formato que as manchas solares desenham na superf\u00edcie ao longo do tempo.\r\n<\/p><p>\r\nO ponto central da descoberta \u00e9 uma camada fina e especial chamada tacoclina, situada na fronteira entre a zona convectiva externa (onde o plasma quente sobe e desce de forma agitada) e a zona radiativa interna (mais est\u00e1vel). Nessa regi\u00e3o, a velocidade de rota\u00e7\u00e3o do Sol muda bruscamente, criando for\u00e7as de cisalhamento intensas que torcem e amplificam o campo magn\u00e9tico, funcionando como o verdadeiro d\u00ednamo solar.\r\n<\/p><p>\r\nAt\u00e9 agora, os cientistas suspeitavam que a tacoclina tinha um papel importante, mas faltavam provas observacionais diretas e claras. Com esses novos dados de longo prazo, ficou evidente que o &#8220;motor&#8221; magn\u00e9tico nasce ali embaixo. Os fluxos rotacionais come\u00e7am nessa profundidade e demoram anos para chegar \u00e0 superf\u00edcie, o que explica por que h\u00e1 um atraso entre as mudan\u00e7as internas e a apari\u00e7\u00e3o de manchas solares, erup\u00e7\u00f5es e outras manifesta\u00e7\u00f5es vis\u00edveis.\r\n<\/p><p>\r\nEssa revela\u00e7\u00e3o ajuda a entender melhor como o Sol inverte sua polaridade magn\u00e9tica a cada 11 anos e como surgem os per\u00edodos de maior ou menor atividade. Al\u00e9m de avan\u00e7ar o conhecimento sobre nossa estrela, o estudo melhora as perspectivas de prever eventos de clima espacial &#8211; como grandes eje\u00e7\u00f5es de massa coronal que podem perturbar sat\u00e9lites, redes el\u00e9tricas, comunica\u00e7\u00f5es e sistemas de navega\u00e7\u00e3o aqui na Terra.\r\n<\/p><p>\r\nEmbora ainda n\u00e3o permita previs\u00f5es exatas de ciclos futuros, a descoberta refor\u00e7a a necessidade de incluir toda a zona convectiva, especialmente a tacoclina, nos modelos computacionais atuais, que muitas vezes se limitavam \u00e0s camadas mais superficiais. O trabalho tamb\u00e9m abre caminho para compreender ciclos magn\u00e9ticos em outras estrelas da gal\u00e1xia, j\u00e1 que o Sol serve como o melhor laborat\u00f3rio pr\u00f3ximo que temos para estudar esses fen\u00f4menos.\r\n<\/p><p>\r\n<hr>\r\n\r\n<p style=\"text-align:right\"><em>Publicado em 21\/03\/2026 01h12<\/em><\/p>\r\n<hr>\r\n<p style=\"text-align:right\"><em><a href=\"https:\/\/terrarara.com.br\/en\/?page_id=3733\">English version<\/a><\/em><\/p>\r\n<hr>\r\n\r\n\t\t\t<hr>\r\n\t\r\n\t\t\t\r\n\r\n<p>Estudo original: <\/p>\r\n\r\n\r\n\r\n<ul><li><a href=\"https:\/\/doi.org\/10.1038\/s41598-025-34336-1\" target=\"_blank\">https:\/\/doi.org\/10.1038\/s41598-025-34336-1<\/a><\/li><\/ul>\r\n\r\n\r\n\r\n<hr class=\"wp-block-separator is-style-wide\"\/>\r\n\r\n<div style=\"position: buttonline;\"><iframe loading=\"lazy\" src=\"https:\/\/vendedoradesonhos.com.br\/rodape_sites.php?arg=41832\" frameborder=\"0\" height=\"420px\" width=\"100%\"><\/iframe><\/div>\r\n<div style=\"position: buttonline;\"><iframe loading=\"lazy\" src=\"https:\/\/vendedoradesonhos.com.br\/comentario_navegacao.php?arg=41832\" frameborder=\"0\" height=\"500px\" width=\"100%\"><\/iframe><\/div>\r\n<div style=\"position:absolute; width:40%; height:70px; top:-70px; left:0px;\"><iframe loading=\"lazy\" src=\"https:\/\/vendedoradesonhos.com.br\/oferta_site_esq.php?arg=41832\" frameborder=\"0\" height=\"100%\" width=\"100%\"><\/iframe><\/div>\r\n<div style=\"position:absolute; width:40%; height:70px; top:-70px; right:0px;\"><iframe loading=\"lazy\" src=\"https:\/\/vendedoradesonhos.com.br\/oferta_site_dir.php?arg=41832\" frameborder=\"0\" height=\"100%;\" width=\"100%\"><\/iframe><\/div>\r\n\r\n<div class=\"wp-block-image\"><figure><iframe loading=\"lazy\" src=\"https:\/\/vendedoradesonhos.com.br\/oferta_site_central.php\" width=\"100%\" height=\"330\" frameborder=\"0\"><\/iframe><figcaption>{teste}<\/figcaption><\/figure><\/div><hr>","protected":false},"excerpt":{"rendered":"","protected":false},"author":1,"featured_media":0,"parent":29,"menu_order":0,"comment_status":"closed","ping_status":"closed","template":"","meta":[],"_links":{"self":[{"href":"https:\/\/terrarara.com.br\/index.php?rest_route=\/wp\/v2\/pages\/26612"}],"collection":[{"href":"https:\/\/terrarara.com.br\/index.php?rest_route=\/wp\/v2\/pages"}],"about":[{"href":"https:\/\/terrarara.com.br\/index.php?rest_route=\/wp\/v2\/types\/page"}],"author":[{"embeddable":true,"href":"https:\/\/terrarara.com.br\/index.php?rest_route=\/wp\/v2\/users\/1"}],"replies":[{"embeddable":true,"href":"https:\/\/terrarara.com.br\/index.php?rest_route=%2Fwp%2Fv2%2Fcomments&post=26612"}],"version-history":[{"count":0,"href":"https:\/\/terrarara.com.br\/index.php?rest_route=\/wp\/v2\/pages\/26612\/revisions"}],"up":[{"embeddable":true,"href":"https:\/\/terrarara.com.br\/index.php?rest_route=\/wp\/v2\/pages\/29"}],"wp:attachment":[{"href":"https:\/\/terrarara.com.br\/index.php?rest_route=%2Fwp%2Fv2%2Fmedia&parent=26612"}],"curies":[{"name":"wp","href":"https:\/\/api.w.org\/{rel}","templated":true}]}}