{"id":26607,"date":"2026-03-16T01:16:01","date_gmt":"2026-03-16T01:16:01","guid":{"rendered":"https:\/\/terrarara.com.br\/?page_id=26607"},"modified":"2026-03-16T01:16:01","modified_gmt":"2026-03-16T01:16:01","slug":"pulso-climatico-de-5-mil-anos-no-mundo-estufa-do-cretaceo","status":"publish","type":"page","link":"https:\/\/terrarara.com.br\/?page_id=26607","title":{"rendered":"Pulso clim\u00e1tico de 5 mil anos no mundo estufa do cret\u00e1ceo"},"content":{"rendered":"<div class=\"wp-block-image\"><figure><img src=\"https:\/\/vendedoradesonhos.com.br\/img\/sites\/img_clima_cretaceo.jpg\" alt=\"\" style=\"width:100%\"><figcaption>Imagem via <a href=\"https:\/\/unsplash.com\/pt-br\/fotografias\/floresta-e-montanha-parcialmente-cobertas-de-nevoeiro-lVDnLUACI18\" target=\"_blank\">Unsplash<\/a><\/figcaption><\/figure><\/div><hr><\/p><p>\r\n\t<a href=\"https:\/\/doi.org\/10.1038\/s41467-025-66219-4\" target=\"_blank\">doi.org\/10.1038\/s41467-025-66219-4<\/a><br><a href=\"https:\/\/vendedoradesonhos.com.br\/credibilidade_estudo.php?c=41810\">Credibilidade<\/a>: <font color=\"#00FFFF\">5<\/font><font color=\"#00FF00\">8<\/font><font color=\"#FFFF00\">9<\/font><br><a href=''https:\/\/terrarara.com.br\"s=pulso clim\u00e1tico''>#Pulso clim\u00e1tico<\/a>\u00a0<\/p><p><\/p><p>\r\n\t<!-- audio --><\/p><p>\r\n<button onclick=\"this.nextElementSibling.play()\" style=\"padding:12px 25px; font-size:18px; border:none; border-radius:8px; cursor:pointer;\">Ouvir<\/button><audio src=\"https:\/\/vendedoradesonhos.com.br\/audios\/41810.mp3\" preload=\"none\"><\/audio><\/p><p>\r\n\t<strong>Cientistas descobriram, em sedimentos antigos da China, um ciclo clim\u00e1tico surpreendente que se repetia a cada cerca de 5 mil anos durante o per\u00edodo Cret\u00e1ceo, h\u00e1 aproximadamente 83 milh\u00f5es de anos<\/strong><\/p><p> Naquela \u00e9poca, a Terra vivia em um estado de &#8220;estufa? extremo: o planeta era muito mais quente que hoje, com n\u00edveis elevados de di\u00f3xido de carbono na atmosfera (por volta de 1.000 ppm) e praticamente sem calotas polares de gelo.\r\n<\/p><p>\r\nAnalisando n\u00facleos de rochas extra\u00eddos da Bacia de Songliao, no nordeste chin\u00eas, os pesquisadores observaram altern\u00e2ncias claras entre per\u00edodos \u00famidos e secos que se repetiam regularmente. Essas mudan\u00e7as seguiam um ritmo de 4.000 a 5.000 anos, algo que n\u00e3o era esperado em um mundo sem grandes geleiras, j\u00e1 que oscila\u00e7\u00f5es r\u00e1pidas de clima costumam estar ligadas ao avan\u00e7o e recuo do gelo.\r\n<\/p><p>\r\nA explica\u00e7\u00e3o est\u00e1 no movimento lento de oscila\u00e7\u00e3o do eixo da Terra, chamado precess\u00e3o. Esse movimento, que completa um ciclo completo em cerca de 26 mil anos, altera a forma como a luz solar chega \u00e0s regi\u00f5es tropicais ao longo do ano. No Cret\u00e1ceo, isso criava uma esp\u00e9cie de &#8220;pulsa\u00e7\u00e3o? qu\u00e1drupla na insola\u00e7\u00e3o tropical: dois picos intensos perto dos equin\u00f3cios e dois m\u00ednimos perto dos solst\u00edcios. Essa distribui\u00e7\u00e3o desigual de energia solar influenciava diretamente os padr\u00f5es de chuva e seca, gerando ciclos de umidade e aridez mesmo sem a presen\u00e7a de gelo para amplificar as mudan\u00e7as.\r\n<\/p><p>\r\nO estudo mostra que varia\u00e7\u00f5es sutis na radia\u00e7\u00e3o solar, causadas por fatores astron\u00f4micos, eram capazes de provocar oscila\u00e7\u00f5es clim\u00e1ticas r\u00e1pidas e intensas em um planeta quente. Al\u00e9m disso, a for\u00e7a desses ciclos de 5 mil anos variava ao longo do tempo, ficando mais ou menos pronunciada em ritmos ligados a outros movimentos orbitais da Terra, como a excentricidade da \u00f3rbita (que muda a cada cerca de 100 mil anos).\r\n<\/p><p>\r\nEssa descoberta \u00e9 importante porque o Cret\u00e1ceo Tardio pode servir como um espelho para o futuro. Com o aquecimento global atual levando o planeta a n\u00edveis de CO? semelhantes aos daquela \u00e9poca, entender como o sistema clim\u00e1tico se comportava em um mundo de estufa ajuda a prever poss\u00edveis varia\u00e7\u00f5es r\u00e1pidas. Como a configura\u00e7\u00e3o orbital da Terra muda muito lentamente e permanecer\u00e1 est\u00e1vel por bilh\u00f5es de anos, esses pulsos clim\u00e1ticos de alta frequ\u00eancia poderiam reaparecer em um planeta mais quente &#8211; e talvez de forma mais previs\u00edvel do que imagin\u00e1vamos antes.\r\n<\/p><p>\r\n<blockquote class=\"twitter-tweet\" data-media-max-width=\"560\"><p lang=\"pt\" dir=\"ltr\">Pulso clim\u00e1tico de 5 mil anos no mundo estufa do cret\u00e1ceo<a href=\"https:\/\/twitter.com\/hashtag\/Pulsoclim%C3%A1tico?src=hash&amp;ref_src=twsrc%5Etfw\">#Pulsoclim\u00e1tico<\/a><br><br>Cientistas descobriram, em sedimentos antigos da China, um ciclo clim\u00e1tico surpreendente que se repetia a cada cerca de 5 mil anos durante o per\u00edodo Cret\u00e1ceo, h\u00e1 aproximadamente 83 milh\u00f5es de anos: <a href=\"https:\/\/t.co\/cKowwyGuvy\">pic.twitter.com\/cKowwyGuvy<\/a><\/p>&mdash; Terra Rara??????&#x646; (@Terra_Rara) <a href=\"https:\/\/twitter.com\/Terra_Rara\/status\/2033386600692883761?ref_src=twsrc%5Etfw\">March 16, 2026<\/a><\/blockquote> <script async src=\"https:\/\/platform.twitter.com\/widgets.js\" charset=\"utf-8\"><\/script>\r\n<hr>\r\n\r\n<p style=\"text-align:right\"><em>Publicado em 16\/03\/2026 01h16<\/em><\/p>\r\n<hr>\r\n<p style=\"text-align:right\"><em><a href=\"https:\/\/terrarara.com.br\/en\/?page_id=3728\">English version<\/a><\/em><\/p>\r\n<hr>\r\n\r\n\t\t\t<hr>\r\n\t\r\n\t\t\t\r\n\r\n<p>Estudo original: <\/p>\r\n\r\n\r\n\r\n<ul><li><a href=\"https:\/\/doi.org\/10.1038\/s41467-025-66219-4\" target=\"_blank\">https:\/\/doi.org\/10.1038\/s41467-025-66219-4<\/a><\/li><\/ul>\r\n\r\n\r\n\r\n<hr class=\"wp-block-separator is-style-wide\"\/>\r\n\r\n<div style=\"position: buttonline;\"><iframe loading=\"lazy\" src=\"https:\/\/vendedoradesonhos.com.br\/rodape_sites.php?arg=41810\" frameborder=\"0\" height=\"420px\" width=\"100%\"><\/iframe><\/div>\r\n<div style=\"position: buttonline;\"><iframe loading=\"lazy\" src=\"https:\/\/vendedoradesonhos.com.br\/comentario_navegacao.php?arg=41810\" frameborder=\"0\" height=\"500px\" width=\"100%\"><\/iframe><\/div>\r\n<div style=\"position:absolute; width:40%; height:70px; top:-70px; left:0px;\"><iframe loading=\"lazy\" src=\"https:\/\/vendedoradesonhos.com.br\/oferta_site_esq.php?arg=41810\" frameborder=\"0\" height=\"100%\" width=\"100%\"><\/iframe><\/div>\r\n<div style=\"position:absolute; width:40%; height:70px; top:-70px; right:0px;\"><iframe loading=\"lazy\" src=\"https:\/\/vendedoradesonhos.com.br\/oferta_site_dir.php?arg=41810\" frameborder=\"0\" height=\"100%;\" width=\"100%\"><\/iframe><\/div>\r\n\r\n<div class=\"wp-block-image\"><figure><iframe loading=\"lazy\" src=\"https:\/\/vendedoradesonhos.com.br\/oferta_site_central.php\" width=\"100%\" height=\"330\" frameborder=\"0\"><\/iframe><figcaption>{teste}<\/figcaption><\/figure><\/div><hr>","protected":false},"excerpt":{"rendered":"","protected":false},"author":1,"featured_media":0,"parent":68,"menu_order":0,"comment_status":"closed","ping_status":"closed","template":"","meta":[],"_links":{"self":[{"href":"https:\/\/terrarara.com.br\/index.php?rest_route=\/wp\/v2\/pages\/26607"}],"collection":[{"href":"https:\/\/terrarara.com.br\/index.php?rest_route=\/wp\/v2\/pages"}],"about":[{"href":"https:\/\/terrarara.com.br\/index.php?rest_route=\/wp\/v2\/types\/page"}],"author":[{"embeddable":true,"href":"https:\/\/terrarara.com.br\/index.php?rest_route=\/wp\/v2\/users\/1"}],"replies":[{"embeddable":true,"href":"https:\/\/terrarara.com.br\/index.php?rest_route=%2Fwp%2Fv2%2Fcomments&post=26607"}],"version-history":[{"count":0,"href":"https:\/\/terrarara.com.br\/index.php?rest_route=\/wp\/v2\/pages\/26607\/revisions"}],"up":[{"embeddable":true,"href":"https:\/\/terrarara.com.br\/index.php?rest_route=\/wp\/v2\/pages\/68"}],"wp:attachment":[{"href":"https:\/\/terrarara.com.br\/index.php?rest_route=%2Fwp%2Fv2%2Fmedia&parent=26607"}],"curies":[{"name":"wp","href":"https:\/\/api.w.org\/{rel}","templated":true}]}}