{"id":26602,"date":"2026-03-13T07:24:35","date_gmt":"2026-03-13T07:24:35","guid":{"rendered":"https:\/\/terrarara.com.br\/?page_id=26602"},"modified":"2026-03-13T07:24:35","modified_gmt":"2026-03-13T07:24:35","slug":"uma-torcao-sutil-na-luz-mais-antiga-do-universo-pode-ser-maior-do-que-pensavamos","status":"publish","type":"page","link":"https:\/\/terrarara.com.br\/?page_id=26602","title":{"rendered":"Uma tor\u00e7\u00e3o sutil na luz mais antiga do universo pode ser maior do que pens\u00e1vamos"},"content":{"rendered":"<div class=\"wp-block-image\"><figure><img src=\"https:\/\/vendedoradesonhos.com.br\/img\/sites\/img_cmb.jpg\" alt=\"\" style=\"width:100%\"><figcaption>Imagem via <a href=\"https:\/\/pt.wikipedia.org\/wiki\/Radia%C3%A7%C3%A3o_c%C3%B3smica_de_fundo_em_micro-ondas#\/media\/Ficheiro:WMAP_2012.png\" target=\"_blank\">Wikipedia<\/a><\/figcaption><\/figure><\/div><hr><\/p><p>\r\n\t<a href=\"https:\/\/doi.org\/10.1103\/6z1m-r1j5\" target=\"_blank\">doi.org\/10.1103\/6z1m-r1j5<\/a><br><a href=\"https:\/\/vendedoradesonhos.com.br\/credibilidade_estudo.php?c=41797\">Credibilidade<\/a>: <font color=\"#00FFFF\">9<\/font><font color=\"#00FF00\">8<\/font><font color=\"#FFFF00\">9<\/font><br><a href=''https:\/\/terrarara.com.br\"s=cmb''>#CMB<\/a>\u00a0<\/p><p><\/p><p>\r\n\t<!-- audio --><\/p><p>\r\n<button onclick=\"this.nextElementSibling.play()\" style=\"padding:12px 25px; font-size:18px; border:none; border-radius:8px; cursor:pointer;\">Ouvir<\/button><audio src=\"https:\/\/vendedoradesonhos.com.br\/audios\/41797.mp3\" preload=\"none\"><\/audio><\/p><p>\r\n\t<strong>A radia\u00e7\u00e3o c\u00f3smica de fundo em micro-ondas, conhecida como CMB, \u00e9 a luz mais antiga que conseguimos observar: um eco fraco do Big Bang, que viajou pelo espa\u00e7o por quase 14 bilh\u00f5es de anos at\u00e9 chegar at\u00e9 n\u00f3s<\/strong><\/p><p> Essa luz carrega informa\u00e7\u00f5es preciosas sobre o universo primordial, e parte dela est\u00e1 polarizada &#8211; ou seja, suas ondas vibram em dire\u00e7\u00f5es espec\u00edficas, como se fossem setinhas alinhadas.\r\n<\/p><p>\r\nCientistas descobriram que essa polariza\u00e7\u00e3o pode sofrer uma pequena rota\u00e7\u00e3o durante a longa viagem pelo cosmos, um efeito chamado birefring\u00eancia c\u00f3smica. \u00c9 como se a luz antiga tivesse sido sutilmente &#8220;torcida? ao longo do caminho. Estudos anteriores estimavam essa tor\u00e7\u00e3o em cerca de 0,3 graus &#8211; um valor bem pequeno, mas intrigante, porque o modelo padr\u00e3o da f\u00edsica n\u00e3o prev\u00ea tal rota\u00e7\u00e3o.\r\n<\/p><p>\r\nAgora, uma equipe liderada por Fumihiro Naokawa, doutorando da Universidade de T\u00f3quio, em colabora\u00e7\u00e3o com Toshiya Namikawa do Instituto Kavli de F\u00edsica e Matem\u00e1tica do Universo, desenvolveu uma nova forma de analisar essas medi\u00e7\u00f5es. Eles examinaram com mais cuidado as incertezas envolvidas e descobriram algo importante: existe uma ambiguidade de 180 graus na medi\u00e7\u00e3o do \u00e2ngulo de rota\u00e7\u00e3o. Imagine um rel\u00f3gio: olhando s\u00f3 para os ponteiros, voc\u00ea n\u00e3o sabe se \u00e9 meio-dia ou meia-noite mais 12 horas &#8211; o ponteiro pode ter dado meia volta a mais sem voc\u00ea perceber. Da mesma forma, a luz do CMB que vemos hoje pode ter girado 0,3 graus&#8230; ou 180,3 graus&#8230; ou at\u00e9 mais voltas completas.<\/p><p>\r\nAo estudar o formato detalhado do sinal (especialmente a correla\u00e7\u00e3o entre os modos E e B da polariza\u00e7\u00e3o), os pesquisadores conseguiram reduzir essa ambiguidade. O resultado sugere que a tor\u00e7\u00e3o real pode ser maior do que os 0,3 graus reportados antes. Essa corre\u00e7\u00e3o n\u00e3o s\u00f3 melhora a precis\u00e3o como tamb\u00e9m mostra que a birefring\u00eancia c\u00f3smica influencia outras medi\u00e7\u00f5es importantes, como a profundidade \u00f3ptica do universo (relacionada \u00e0 \u00e9poca em que as primeiras estrelas e gal\u00e1xias &#8220;reionizaram? o cosmos), o que pode exigir ajustes em nossos modelos cosmol\u00f3gicos.\r\n<\/p><p>\r\nPor que isso importa tanto? Se confirmada, uma rota\u00e7\u00e3o maior indicaria uma quebra da simetria esquerda-direita no universo &#8211; algo que o modelo padr\u00e3o n\u00e3o explica e que poderia apontar para nova f\u00edsica. Poss\u00edveis culpados incluem part\u00edculas hipot\u00e9ticas como os \u00e1xions, que poderiam resolver mist\u00e9rios da mat\u00e9ria escura, ou at\u00e9 efeitos ligados \u00e0 energia escura. Seria um sinal de que o universo tem uma prefer\u00eancia sutil por um lado em vez de ser perfeitamente sim\u00e9trico.\r\n<\/p><p>\r\nA descoberta ainda precisa de mais confirma\u00e7\u00f5es, especialmente com dados de telesc\u00f3pios futuros como o Simons Observatory e o LiteBIRD. Mas j\u00e1 representa um avan\u00e7o importante: ao resolver essa ambiguidade de fase, os cientistas est\u00e3o afinando nossa vis\u00e3o da luz mais antiga do universo e abrindo portas para entender melhor o que aconteceu nos instantes iniciais do cosmos &#8211; e talvez descobrir segredos que ainda n\u00e3o imaginamos.\r\n<\/p><p>\r\n<hr>\r\n\r\n<p style=\"text-align:right\"><em>Publicado em 13\/03\/2026 07h24<\/em><\/p>\r\n<hr>\r\n<p style=\"text-align:right\"><em><a href=\"https:\/\/terrarara.com.br\/en\/?page_id=3723\">English version<\/a><\/em><\/p>\r\n<hr>\r\n\r\n\t\t\t<hr>\r\n\t\r\n\t\t\t\r\n\r\n<p>Estudo original: <\/p>\r\n\r\n\r\n\r\n<ul><li><a href=\"https:\/\/doi.org\/10.1103\/6z1m-r1j5\" target=\"_blank\">https:\/\/doi.org\/10.1103\/6z1m-r1j5<\/a><\/li><\/ul>\r\n\r\n\r\n\r\n<hr class=\"wp-block-separator is-style-wide\"\/>\r\n\r\n<div style=\"position: buttonline;\"><iframe loading=\"lazy\" src=\"https:\/\/vendedoradesonhos.com.br\/rodape_sites.php?arg=41797\" frameborder=\"0\" height=\"420px\" width=\"100%\"><\/iframe><\/div>\r\n<div style=\"position: buttonline;\"><iframe loading=\"lazy\" src=\"https:\/\/vendedoradesonhos.com.br\/comentario_navegacao.php?arg=41797\" frameborder=\"0\" height=\"500px\" width=\"100%\"><\/iframe><\/div>\r\n<div style=\"position:absolute; width:40%; height:70px; top:-70px; left:0px;\"><iframe loading=\"lazy\" src=\"https:\/\/vendedoradesonhos.com.br\/oferta_site_esq.php?arg=41797\" frameborder=\"0\" height=\"100%\" width=\"100%\"><\/iframe><\/div>\r\n<div style=\"position:absolute; width:40%; height:70px; top:-70px; right:0px;\"><iframe loading=\"lazy\" src=\"https:\/\/vendedoradesonhos.com.br\/oferta_site_dir.php?arg=41797\" frameborder=\"0\" height=\"100%;\" width=\"100%\"><\/iframe><\/div>\r\n\r\n<div class=\"wp-block-image\"><figure><iframe loading=\"lazy\" src=\"https:\/\/vendedoradesonhos.com.br\/oferta_site_central.php\" width=\"100%\" height=\"330\" frameborder=\"0\"><\/iframe><figcaption>{teste}<\/figcaption><\/figure><\/div><hr>","protected":false},"excerpt":{"rendered":"","protected":false},"author":1,"featured_media":0,"parent":691,"menu_order":0,"comment_status":"closed","ping_status":"closed","template":"","meta":[],"_links":{"self":[{"href":"https:\/\/terrarara.com.br\/index.php?rest_route=\/wp\/v2\/pages\/26602"}],"collection":[{"href":"https:\/\/terrarara.com.br\/index.php?rest_route=\/wp\/v2\/pages"}],"about":[{"href":"https:\/\/terrarara.com.br\/index.php?rest_route=\/wp\/v2\/types\/page"}],"author":[{"embeddable":true,"href":"https:\/\/terrarara.com.br\/index.php?rest_route=\/wp\/v2\/users\/1"}],"replies":[{"embeddable":true,"href":"https:\/\/terrarara.com.br\/index.php?rest_route=%2Fwp%2Fv2%2Fcomments&post=26602"}],"version-history":[{"count":0,"href":"https:\/\/terrarara.com.br\/index.php?rest_route=\/wp\/v2\/pages\/26602\/revisions"}],"up":[{"embeddable":true,"href":"https:\/\/terrarara.com.br\/index.php?rest_route=\/wp\/v2\/pages\/691"}],"wp:attachment":[{"href":"https:\/\/terrarara.com.br\/index.php?rest_route=%2Fwp%2Fv2%2Fmedia&parent=26602"}],"curies":[{"name":"wp","href":"https:\/\/api.w.org\/{rel}","templated":true}]}}