{"id":26600,"date":"2026-03-12T22:28:33","date_gmt":"2026-03-12T22:28:33","guid":{"rendered":"https:\/\/terrarara.com.br\/?page_id=26600"},"modified":"2026-03-12T22:28:33","modified_gmt":"2026-03-12T22:28:33","slug":"supernova-rara-pode-revelar-o-segredo-da-energia-escura","status":"publish","type":"page","link":"https:\/\/terrarara.com.br\/?page_id=26600","title":{"rendered":"Supernova rara pode revelar o segredo da energia escura"},"content":{"rendered":"<div class=\"wp-block-image\"><figure><img src=\"https:\/\/vendedoradesonhos.com.br\/upload\/1\/sites\/26\/img_41795_1200.png\" alt=\"\" style=\"width:100%\"><figcaption>Astr\u00f4nomos descobrem a primeira supernova superluminosa com lente gravitacional.<\/figcaption><\/figure><\/div><hr><\/p><p>\r\n\t<a href=\"https:\/\/doi.org\/10.3847\/2041-8213\/ae1d61\" target=\"_blank\">doi.org\/10.3847\/2041-8213\/ae1d61<\/a><br><a href=\"https:\/\/vendedoradesonhos.com.br\/credibilidade_estudo.php?c=41795\">Credibilidade<\/a>: <font color=\"#00FFFF\">9<\/font><font color=\"#00FF00\">8<\/font><font color=\"#FFFF00\">9<\/font><br><a href=''https:\/\/terrarara.com.br\"s=supernova''>#Supernova<\/a>\u00a0<\/p><p><\/p><p>\r\n\t<!-- audio --><\/p><p>\r\n<button onclick=\"this.nextElementSibling.play()\" style=\"padding:12px 25px; font-size:18px; border:none; border-radius:8px; cursor:pointer;\">Ouvir<\/button><audio src=\"https:\/\/vendedoradesonhos.com.br\/audios\/41795.mp3\" preload=\"none\"><\/audio><\/p><p>\r\n\t<strong>Astr\u00f4nomos descobriram uma supernova extremamente incomum cuja luz viajou mais de 10 bilh\u00f5es de anos at\u00e9 chegar \u00e0 Terra e pode ajudar a desvendar um dos maiores enigmas da cosmologia: a energia escura, a for\u00e7a misteriosa respons\u00e1vel por fazer o universo expandir cada vez mais r\u00e1pido<\/strong><\/p><p><\/p><p>\r\nEssa explos\u00e3o estelar, batizada de SN 2025wny, \u00e9 um evento superluminoso &#8211; ou seja, incrivelmente brilhante, muito mais do que uma supernova comum &#8211; e aconteceu quando o universo tinha apenas cerca de 3,5 bilh\u00f5es de anos. O que a torna verdadeiramente especial, por\u00e9m, \u00e9 o fen\u00f4meno da lente gravitacional: uma gal\u00e1xia massiva situada exatamente entre n\u00f3s e a supernova age como uma lente natural, curvando e ampliando sua luz de acordo com a teoria da relatividade geral de Einstein. Por causa disso, a luz da mesma explos\u00e3o chega \u00e0 Terra por caminhos diferentes, criando m\u00faltiplas imagens da supernova vis\u00edveis ao mesmo tempo, mas em momentos distintos de sua evolu\u00e7\u00e3o.\r\n<\/p><p>\r\nEssas diferen\u00e7as de trajeto geram atrasos no tempo de chegada da luz &#8211; \u00e0s vezes de dias ou semanas entre uma imagem e outra. Esses atrasos dependem diretamente da taxa de expans\u00e3o do universo, conhecida como constante de Hubble. Medindo com precis\u00e3o esses intervalos, os cientistas conseguem calcular qu\u00e3o r\u00e1pido o cosmos est\u00e1 se expandindo e, assim, entender melhor o papel da energia escura nessa acelera\u00e7\u00e3o.\r\n<\/p><p>\r\nA descoberta come\u00e7ou com o Zwicky Transient Facility, na Calif\u00f3rnia, que detectou o brilho inicial, mas n\u00e3o conseguiu separar as imagens m\u00faltiplas. Foi o Telesc\u00f3pio Liverpool, em La Palma, que confirmou o efeito de lente ao observar as imagens distintas. Observa\u00e7\u00f5es complementares vieram de instrumentos poderosos como os Telesc\u00f3pios Keck, no Hava\u00ed, o Telesc\u00f3pio Espacial Hubble e o Telesc\u00f3pio Espacial James Webb, que permitiram estudar o evento em detalhes mesmo a uma dist\u00e2ncia t\u00e3o grande.\r\n<\/p><p>\r\n<div class=\"wp-block-image\"><figure><iframe loading=\"lazy\" width=\"726\" height=\"408\" src=\"https:\/\/www.youtube.com\/embed\/cUDdtM2Oji8\" title=\"LJMU PhD student discovers the first observed gravitationally lensed superluminous supernova\" frameborder=\"0\" allow=\"accelerometer; autoplay; clipboard-write; encrypted-media; gyroscope; picture-in-picture; web-share\" referrerpolicy=\"strict-origin-when-cross-origin\" allowfullscreen><\/iframe><figcaption><\/figcaption><\/figure><\/div><hr><\/p><p><\/p><p>\r\nEssa supernova \u00e9 rara porque combina dois fatores excepcionais: seu brilho extremo natural e a amplifica\u00e7\u00e3o extra pela lente gravitacional, o que a tornou detect\u00e1vel por telesc\u00f3pios de porte m\u00e9dio apesar da enorme dist\u00e2ncia. Os pesquisadores destacam que nunca haviam encontrado algo exatamente assim antes.\r\n<\/p><p>\r\nO grande potencial cient\u00edfico est\u00e1 em resolver a &#8220;tens\u00e3o de Hubble&#8221;, um problema atual na cosmologia: medi\u00e7\u00f5es da expans\u00e3o do universo feitas a partir do fundo c\u00f3smico de micro-ondas (o eco do Big Bang) d\u00e3o um valor diferente das obtidas com supernovas pr\u00f3ximas e outras gal\u00e1xias. Observa\u00e7\u00f5es como essa, em regi\u00f5es muito distantes e com atrasos temporais precisos, podem indicar qual medida est\u00e1 mais correta e revelar se a energia escura tem propriedades constantes ou se varia ao longo do tempo c\u00f3smico.\r\n<\/p><p>\r\nA pesquisa, liderada por cientistas da Universidade John Moores de Liverpool, Caltech, Universidade de Estocolmo e outras institui\u00e7\u00f5es, foi publicada em 5 de dezembro de 2025 na revista The Astrophysical Journal Letters. Os autores acreditam que eventos semelhantes, quando encontrados no futuro, v\u00e3o fornecer dados valiosos para entender a for\u00e7a que domina cerca de 68% do universo e impulsiona sua expans\u00e3o acelerada.\r\n<\/p><p>\r\n<blockquote class=\"twitter-tweet\" data-media-max-width=\"560\"><p lang=\"pt\" dir=\"ltr\">Supernova rara pode revelar o segredo da energia escura<a href=\"https:\/\/twitter.com\/hashtag\/Supernova?src=hash&amp;ref_src=twsrc%5Etfw\">#Supernova<\/a><br><br>Astr\u00f4nomos descobriram uma supernova extremamente incomum cuja luz viajou mais de 10 bilh\u00f5es de anos at\u00e9 chegar \u00e0 Terra e pode ajudar a desvendar um dos maiores enigmas da cosmologia: a energia escura <a href=\"https:\/\/t.co\/ANeUZs4jsg\">pic.twitter.com\/ANeUZs4jsg<\/a><\/p>&mdash; Terra Rara??????&#x646; (@Terra_Rara) <a href=\"https:\/\/twitter.com\/Terra_Rara\/status\/2032274136144166975?ref_src=twsrc%5Etfw\">March 13, 2026<\/a><\/blockquote> <script async src=\"https:\/\/platform.twitter.com\/widgets.js\" charset=\"utf-8\"><\/script>\r\n<hr>\r\n\r\n<p style=\"text-align:right\"><em>Publicado em 12\/03\/2026 22h28<\/em><\/p>\r\n<hr>\r\n<p style=\"text-align:right\"><em><a href=\"https:\/\/terrarara.com.br\/en\/?page_id=3721\">English version<\/a><\/em><\/p>\r\n<hr>\r\n\r\n\t\t\t<hr>\r\n\t\r\n\t\t\t\r\n\r\n<p>Estudo original: <\/p>\r\n\r\n\r\n\r\n<ul><li><a href=\"https:\/\/doi.org\/10.3847\/2041-8213\/ae1d61\" target=\"_blank\">https:\/\/doi.org\/10.3847\/2041-8213\/ae1d61<\/a><\/li><\/ul>\r\n\r\n\r\n\r\n<hr class=\"wp-block-separator is-style-wide\"\/>\r\n\r\n<div style=\"position: buttonline;\"><iframe loading=\"lazy\" src=\"https:\/\/vendedoradesonhos.com.br\/rodape_sites.php?arg=41795\" frameborder=\"0\" height=\"420px\" width=\"100%\"><\/iframe><\/div>\r\n<div style=\"position: buttonline;\"><iframe loading=\"lazy\" src=\"https:\/\/vendedoradesonhos.com.br\/comentario_navegacao.php?arg=41795\" frameborder=\"0\" height=\"500px\" width=\"100%\"><\/iframe><\/div>\r\n<div style=\"position:absolute; width:40%; height:70px; top:-70px; left:0px;\"><iframe loading=\"lazy\" src=\"https:\/\/vendedoradesonhos.com.br\/oferta_site_esq.php?arg=41795\" frameborder=\"0\" height=\"100%\" width=\"100%\"><\/iframe><\/div>\r\n<div style=\"position:absolute; width:40%; height:70px; top:-70px; right:0px;\"><iframe loading=\"lazy\" src=\"https:\/\/vendedoradesonhos.com.br\/oferta_site_dir.php?arg=41795\" frameborder=\"0\" height=\"100%;\" width=\"100%\"><\/iframe><\/div>\r\n\r\n<div class=\"wp-block-image\"><figure><iframe loading=\"lazy\" src=\"https:\/\/vendedoradesonhos.com.br\/oferta_site_central.php\" width=\"100%\" height=\"330\" frameborder=\"0\"><\/iframe><figcaption>{teste}<\/figcaption><\/figure><\/div><hr>","protected":false},"excerpt":{"rendered":"","protected":false},"author":1,"featured_media":0,"parent":5650,"menu_order":0,"comment_status":"closed","ping_status":"closed","template":"","meta":[],"_links":{"self":[{"href":"https:\/\/terrarara.com.br\/index.php?rest_route=\/wp\/v2\/pages\/26600"}],"collection":[{"href":"https:\/\/terrarara.com.br\/index.php?rest_route=\/wp\/v2\/pages"}],"about":[{"href":"https:\/\/terrarara.com.br\/index.php?rest_route=\/wp\/v2\/types\/page"}],"author":[{"embeddable":true,"href":"https:\/\/terrarara.com.br\/index.php?rest_route=\/wp\/v2\/users\/1"}],"replies":[{"embeddable":true,"href":"https:\/\/terrarara.com.br\/index.php?rest_route=%2Fwp%2Fv2%2Fcomments&post=26600"}],"version-history":[{"count":0,"href":"https:\/\/terrarara.com.br\/index.php?rest_route=\/wp\/v2\/pages\/26600\/revisions"}],"up":[{"embeddable":true,"href":"https:\/\/terrarara.com.br\/index.php?rest_route=\/wp\/v2\/pages\/5650"}],"wp:attachment":[{"href":"https:\/\/terrarara.com.br\/index.php?rest_route=%2Fwp%2Fv2%2Fmedia&parent=26600"}],"curies":[{"name":"wp","href":"https:\/\/api.w.org\/{rel}","templated":true}]}}