{"id":26584,"date":"2026-02-24T20:16:38","date_gmt":"2026-02-24T20:16:38","guid":{"rendered":"https:\/\/terrarara.com.br\/?page_id=26584"},"modified":"2026-02-24T20:16:38","modified_gmt":"2026-02-24T20:16:38","slug":"a-escrita-pode-ter-mais-de-40-mil-anos","status":"publish","type":"page","link":"https:\/\/terrarara.com.br\/?page_id=26584","title":{"rendered":"A escrita pode ter mais de 40 mil anos!"},"content":{"rendered":"<div class=\"wp-block-image\"><figure><img src=\"https:\/\/vendedoradesonhos.com.br\/upload\/1\/sites\/26\/img_41735_1200.jpg\" alt=\"\" style=\"width:100%\"><figcaption>A estatueta de Adorante da Caverna de Gei&szlig;enkl\u00f6sterle, com aproximadamente 38.000 anos, consiste em uma pequena placa de marfim com uma figura antropom\u00f3rfica e m\u00faltiplas sequ\u00eancias de entalhes e pontos. A aplica\u00e7\u00e3o dessas marcas sugere um sistema de nota\u00e7\u00e3o, principalmente nas fileiras de pontos no verso da placa. Cr\u00e9dito: Landesmuseum W\u00fcrttemberg \/ Hendrik Zwietasch, CC BY 4.0<\/figcaption><\/figure><\/div><hr><\/p><p>\r\n\t<a href=\"https:\/\/doi.org\/10.1073\/pnas.2520385123\" target=\"_blank\">doi.org\/10.1073\/pnas.2520385123<\/a><br><a href=\"https:\/\/vendedoradesonhos.com.br\/credibilidade_estudo.php?c=41735\">Credibilidade<\/a>: <font color=\"#00FFFF\">9<\/font><font color=\"#00FF00\">8<\/font><font color=\"#FFFF00\">9<\/font><br><a href=''https:\/\/terrarara.com.br\"s=escrita''>#Escrita<\/a>\u00a0<\/p><p><\/p><p>\r\n\t<!-- audio --><\/p><p>\r\n<button onclick=\"this.nextElementSibling.play()\" style=\"padding:12px 25px; font-size:18px; border:none; border-radius:8px; cursor:pointer;\">Ouvir<\/button><audio src=\"https:\/\/vendedoradesonhos.com.br\/audios\/41735.mp3\" preload=\"none\"><\/audio><\/p><p>\r\n\t<strong>H\u00e1 mais de 40 mil anos, nossos ancestrais j\u00e1 gravavam marcas intencionais em ferramentas, pequenas estatuetas e objetos de marfim, muito antes do surgimento de qualquer sistema de escrita conhecido<\/strong><\/p><p>Um estudo recente, realizado pelo linguista Christian Bentz, da Universidade de Saarland, e pela arque\u00f3loga Ewa Dutkiewicz, do Museu de Pr\u00e9 e Proto-Hist\u00f3ria em Berlim, revela que essas marcas antigas n\u00e3o eram apenas enfeites decorativos. Ao analisar mais de 3.000 sinais encontrados em cerca de 260 objetos do per\u00edodo Paleol\u00edtico, os pesquisadores descobriram que as sequ\u00eancias de linhas, pontos, cruzes e entalhes apresentam uma complexidade estat\u00edstica e uma densidade de informa\u00e7\u00e3o surpreendentemente parecidas com as do proto-cuneiforme &#8211; o sistema de escrita mais antigo conhecido at\u00e9 hoje, que surgiu na Mesopot\u00e2mia por volta de 3.000 a.C., ou seja, dezenas de milhares de anos depois.\r\n<\/p><p>\r\nMuitas dessas pe\u00e7as foram encontradas em cavernas da regi\u00e3o de Jura Su\u00e1bia, no sudoeste da Alemanha. Entre elas est\u00e3o pequenas esculturas feitas de marfim de mamute, como uma figurinha de mamute coberta por fileiras organizadas de cruzes e pontos, ou a famosa placa chamada &#8220;Adorant&#8221;, que mostra uma figura h\u00edbrida de le\u00e3o e humano acompanhada por sequ\u00eancias regulares de pontos e entalhes. Outra pe\u00e7a conhecida \u00e9 a escultura do &#8220;Homem-Le\u00e3o&#8221;, que traz marcas uniformes ao longo de um dos bra\u00e7os.\r\n<\/p><p>\r\nOs pesquisadores viajaram por museus e s\u00edtios arqueol\u00f3gicos na Europa para documentar ainda mais exemplos. Segundo Dutkiewicz, objetos com sequ\u00eancias semelhantes de sinais aparecem em v\u00e1rias regi\u00f5es, embora a Jura Su\u00e1bia seja uma das \u00e1reas mais ricas em achados desse tipo. Essas pe\u00e7as datam de 34 mil a 45 mil anos atr\u00e1s, de uma \u00e9poca em que o Homo sapiens j\u00e1 havia sa\u00eddo da \u00c1frica e chegado \u00e0 Europa, convivendo inclusive com os neandertais.\r\n<\/p><p>\r\nEm vez de tentar adivinhar o significado exato das marcas &#8211; algo que ainda permanece um mist\u00e9rio &#8220;, a equipe usou m\u00e9todos computacionais da lingu\u00edstica quantitativa, estat\u00edstica e machine learning para estudar caracter\u00edsticas mensur\u00e1veis: com que frequ\u00eancia certos sinais se repetem, qu\u00e3o previs\u00edveis s\u00e3o as sequ\u00eancias e quanta informa\u00e7\u00e3o elas poderiam, em teoria, transmitir.\r\n<\/p><p>\r\nOs resultados foram inesperados. Diferentemente da escrita moderna, que representa a fala e carrega alta densidade de informa\u00e7\u00e3o com pouca repeti\u00e7\u00e3o, tanto as marcas paleol\u00edticas quanto o proto-cuneiforme mostram muita repeti\u00e7\u00e3o (como cruz, cruz, cruz, linha, linha, linha) e previsibilidade alta na sequ\u00eancia de sinais. Em termos de &#8220;entropia? &#8211; uma medida de quanta informa\u00e7\u00e3o est\u00e1 codificada &#8220;, os dois sistemas s\u00e3o estatisticamente muito semelhantes. Curiosamente, as figurinhas apresentam densidade de informa\u00e7\u00e3o maior do que as ferramentas simples.\r\n<\/p><p>\r\nEssa descoberta sugere que a capacidade humana de codificar informa\u00e7\u00f5es por meio de s\u00edmbolos visuais \u00e9 muito mais antiga do que imagin\u00e1vamos. Os objetos eram pequenos o suficiente para serem carregados na palma da m\u00e3o, o que indica que as pessoas os levavam consigo &#8211; algo parecido com as tabuletas de argila do proto-cuneiforme.\r\n<\/p><p>\r\nOs autores n\u00e3o afirmam que esses sinais eram uma &#8220;escrita? no sentido moderno, mas sim que representam um sistema de signos intencional, uma forma primitiva de registrar ou transmitir informa\u00e7\u00f5es. Talvez servissem para contar, marcar eventos importantes, coordenar grupos sociais ou ajudar na sobreviv\u00eancia em um mundo desafiador.\r\n<\/p><p>\r\nChristian Bentz destaca que a habilidade de codificar informa\u00e7\u00f5es em sinais evoluiu ao longo de dezenas de milhares de anos, e que a escrita propriamente dita \u00e9 apenas uma etapa espec\u00edfica nessa longa hist\u00f3ria. Curiosamente, o mesmo princ\u00edpio de prever sequ\u00eancias &#8211; central nos sistemas antigos &#8211; continua presente hoje na tecnologia, inclusive em modelos de intelig\u00eancia artificial que funcionam justamente analisando padr\u00f5es previs\u00edveis na linguagem.\r\n<\/p><p>\r\nEssa pesquisa, publicada na revista &#8220;Proceedings of the National Academy of Sciences&#8221; (PNAS), faz parte de um projeto maior financiado pelo Conselho Europeu de Pesquisa e mostra que nossos ancestrais do Paleol\u00edtico j\u00e1 possu\u00edam capacidades cognitivas avan\u00e7adas para criar e usar s\u00edmbolos visuais de maneira estruturada.\r\n<\/p><p>\r\n<blockquote class=\"twitter-tweet\" data-media-max-width=\"560\"><p lang=\"pt\" dir=\"ltr\">A escrita pode ter mais de 40 mil anos!<a href=\"https:\/\/twitter.com\/hashtag\/Escrita?src=hash&#038;ref_src=twsrc%5Etfw\">#Escrita<\/a><br><br>H\u00e1 mais de 40 mil anos, nossos ancestrais j\u00e1 gravavam marcas intencionais em ferramentas, pequenas estatuetas e objetos de marfim, muito antes do surgimento de qualquer sistema de escrita conhecido<br>Veja: <a href=\"https:\/\/t.co\/zw64oq9gDP\">pic.twitter.com\/zw64oq9gDP<\/a><\/p>&#8211; Terra Rara&#x646; (@Terra_Rara) <a href=\"https:\/\/twitter.com\/Terra_Rara\/status\/2026606211005878632?ref_src=twsrc%5Etfw\">February 25, 2026<\/a><\/blockquote> <script async src=\"https:\/\/platform.twitter.com\/widgets.js\" charset=\"utf-8\"><\/script>\r\n<hr>\r\n\r\n<p style=\"text-align:right\"><em>Publicado em 25\/02\/2026 00h17<\/em><\/p>\r\n<hr>\r\n<p style=\"text-align:right\"><em><a href=\"https:\/\/terrarara.com.br\/en\/?page_id=3704\">English version<\/a><\/em><\/p>\r\n<hr>\r\n\r\n\t\t\t<hr>\r\n\t\r\n\t\t\t\r\n\r\n<p>Estudo original: <\/p>\r\n\r\n\r\n\r\n<ul><li><a href=\"https:\/\/doi.org\/10.1073\/pnas.2520385123\" target=\"_blank\">https:\/\/doi.org\/10.1073\/pnas.2520385123<\/a><\/li><\/ul>\r\n\r\n\r\n\r\n<hr class=\"wp-block-separator is-style-wide\"\/>\r\n\r\n<div style=\"position: buttonline;\"><iframe loading=\"lazy\" src=\"https:\/\/vendedoradesonhos.com.br\/rodape_sites.php?arg=41735\" frameborder=\"0\" height=\"420px\" width=\"100%\"><\/iframe><\/div>\r\n<div style=\"position: buttonline;\"><iframe loading=\"lazy\" src=\"https:\/\/vendedoradesonhos.com.br\/comentario_navegacao.php?arg=41735\" frameborder=\"0\" height=\"500px\" width=\"100%\"><\/iframe><\/div>\r\n<div style=\"position:absolute; width:40%; height:70px; top:-70px; left:0px;\"><iframe loading=\"lazy\" src=\"https:\/\/vendedoradesonhos.com.br\/oferta_site_esq.php?arg=41735\" frameborder=\"0\" height=\"100%\" width=\"100%\"><\/iframe><\/div>\r\n<div style=\"position:absolute; width:40%; height:70px; top:-70px; right:0px;\"><iframe loading=\"lazy\" src=\"https:\/\/vendedoradesonhos.com.br\/oferta_site_dir.php?arg=41735\" frameborder=\"0\" height=\"100%;\" width=\"100%\"><\/iframe><\/div>\r\n\r\n<div class=\"wp-block-image\"><figure><iframe loading=\"lazy\" src=\"https:\/\/vendedoradesonhos.com.br\/oferta_site_central.php\" width=\"100%\" height=\"330\" frameborder=\"0\"><\/iframe><figcaption>{teste}<\/figcaption><\/figure><\/div><hr>","protected":false},"excerpt":{"rendered":"","protected":false},"author":1,"featured_media":0,"parent":41,"menu_order":0,"comment_status":"closed","ping_status":"closed","template":"","meta":[],"_links":{"self":[{"href":"https:\/\/terrarara.com.br\/index.php?rest_route=\/wp\/v2\/pages\/26584"}],"collection":[{"href":"https:\/\/terrarara.com.br\/index.php?rest_route=\/wp\/v2\/pages"}],"about":[{"href":"https:\/\/terrarara.com.br\/index.php?rest_route=\/wp\/v2\/types\/page"}],"author":[{"embeddable":true,"href":"https:\/\/terrarara.com.br\/index.php?rest_route=\/wp\/v2\/users\/1"}],"replies":[{"embeddable":true,"href":"https:\/\/terrarara.com.br\/index.php?rest_route=%2Fwp%2Fv2%2Fcomments&post=26584"}],"version-history":[{"count":0,"href":"https:\/\/terrarara.com.br\/index.php?rest_route=\/wp\/v2\/pages\/26584\/revisions"}],"up":[{"embeddable":true,"href":"https:\/\/terrarara.com.br\/index.php?rest_route=\/wp\/v2\/pages\/41"}],"wp:attachment":[{"href":"https:\/\/terrarara.com.br\/index.php?rest_route=%2Fwp%2Fv2%2Fmedia&parent=26584"}],"curies":[{"name":"wp","href":"https:\/\/api.w.org\/{rel}","templated":true}]}}