{"id":26574,"date":"2026-02-18T11:23:10","date_gmt":"2026-02-18T11:23:10","guid":{"rendered":"https:\/\/terrarara.com.br\/?page_id=26574"},"modified":"2026-02-18T11:23:10","modified_gmt":"2026-02-18T11:23:10","slug":"por-que-as-emissoes-de-metano-aumentaram-durante-a-pandemia-mesmo-com-menos-atividade-humana","status":"publish","type":"page","link":"https:\/\/terrarara.com.br\/?page_id=26574","title":{"rendered":"Por que as emiss\u00f5es de metano aumentaram durante a pandemia, mesmo com menos atividade humana?"},"content":{"rendered":"<div class=\"wp-block-image\"><figure><img src=\"https:\/\/vendedoradesonhos.com.br\/upload\/1\/sites\/26\/img_41715_1200.jpg\" alt=\"\" style=\"width:100%\"><figcaption>Imagem via <a href=\"https:\/\/fcpc.ufc.br\" target=\"_blank\">FCPC<\/a><\/figcaption><\/figure><\/div><hr><\/p><p>\r\n\t<a href=\"https:\/\/doi.org\/ 10.1126\/science.adx8262\" target=\"_blank\">doi.org\/10.1126\/science.adx8262<\/a><br><a href=\"https:\/\/vendedoradesonhos.com.br\/credibilidade_estudo.php?c=41715\">Credibilidade<\/a>: <font color=\"#00FFFF\">9<\/font><font color=\"#00FF00\">8<\/font><font color=\"#FFFF00\">9<\/font><br><a href=''https:\/\/terrarara.com.br\"s=metano''>#Metano<\/a>\u00a0<\/p><p><\/p><p>\r\n\t<!-- audio --><\/p><p>\r\n<button onclick=\"this.nextElementSibling.play()\" style=\"padding:12px 25px; font-size:18px; border:none; border-radius:8px; cursor:pointer;\">Ouvir<\/button><audio src=\"https:\/\/vendedoradesonhos.com.br\/audios\/41715.mp3\" preload=\"none\"><\/audio><\/p><p>\r\n\t<strong>Durante a pandemia de COVID-19, em 2020, grande parte do mundo parou<\/strong><\/p><p> Com lockdowns, menos carros nas ruas, f\u00e1bricas funcionando menos e viagens a\u00e9reas reduzidas, a polui\u00e7\u00e3o do ar caiu bastante. Cientistas observaram uma diminui\u00e7\u00e3o clara nas emiss\u00f5es de di\u00f3xido de carbono e em outros poluentes causados pelo ser humano. Esperava-se que isso trouxesse algum al\u00edvio para o clima, mas aconteceu exatamente o contr\u00e1rio com o metano: esse g\u00e1s de efeito estufa, o segundo mais importante depois do CO&#8221;, teve um aumento surpreendente na atmosfera, alcan\u00e7ando os n\u00edveis mais altos desde que as medi\u00e7\u00f5es come\u00e7aram, nos anos 1980.\r\n<\/p><p>\r\nAgora, um estudo detalhado publicado na revista Science, realizado por mais de 40 cientistas de v\u00e1rias partes do mundo, finalmente explica esse paradoxo. Eles atualizaram o &#8220;or\u00e7amento global de metano&#8221; at\u00e9 2023, usando medi\u00e7\u00f5es da NOAA (ag\u00eancia americana que monitora a atmosfera), dados de sat\u00e9lites como o GOSAT e v\u00e1rios modelos computacionais que acompanham quanto metano entra e sai da atmosfera.\r\n<\/p><p>\r\nAs duas raz\u00f5es principais para o pico foram identificadas: cerca de 80% do aumento veio de uma mudan\u00e7a na qu\u00edmica da atmosfera. O metano \u00e9 naturalmente destru\u00eddo por uma mol\u00e9cula chamada radical hidroxila (OH), que age como um &#8220;limpador&#8221; do ar. Esse radical se forma principalmente quando a luz solar reage com poluentes emitidos por atividades humanas, como \u00f3xidos de nitrog\u00eanio (NOx) vindos de carros, ind\u00fastrias e queima de combust\u00edveis. Com os lockdowns, esses poluentes ca\u00edram drasticamente, o que reduziu a produ\u00e7\u00e3o de radicais hidroxila. Sem tantos &#8220;limpadores&#8221; no ar, o metano que j\u00e1 estava l\u00e1 durou mais tempo e se acumulou em maiores quantidades.\r\n<\/p><p>\r\nA outra parte do aumento, cerca de 20%, veio de emiss\u00f5es naturais maiores, especialmente de \u00e1reas \u00famidas (como p\u00e2ntanos e p\u00e2ntanos tropicais), \u00e1guas interiores e arrozais. Isso aconteceu porque, ao mesmo tempo, o fen\u00f4meno clim\u00e1tico La Ni\u00f1a trouxe chuvas mais intensas em regi\u00f5es tropicais da \u00c1frica e do Sudeste Asi\u00e1tico. Solos mais encharcados criaram condi\u00e7\u00f5es ideais para micr\u00f3bios que produzem metano, liberando mais g\u00e1s para a atmosfera.\r\n<\/p><p>\r\nLiderado por pesquisadores como Philippe Ciais, do Laborat\u00f3rio de Ci\u00eancias do Clima e do Ambiente na Fran\u00e7a, o estudo mostra que, embora as emiss\u00f5es humanas diretas de metano tenham ca\u00eddo um pouco em 2020, o efeito indireto da limpeza do ar e o aumento das fontes naturais superaram essa redu\u00e7\u00e3o. Com o retorno das atividades normais, o processo de destrui\u00e7\u00e3o do metano voltou ao ritmo habitual e o crescimento desacelerou recentemente.\r\n<\/p><p>\r\nA conclus\u00e3o a que se chega \u00e9 que, com a diminui\u00e7\u00e3o da atividade humana, diminu\u00edram gases \u00f3xidos na atmosfera, como o \u00f3xidos de nitrog\u00eanio. Essa diminui\u00e7\u00e3o, fez com que n\u00e3o se formasse tanta hidroxila quanto antes, diminuindo a &#8220;limpeza&#8221; que essa hidroxila fazia do Metano, aumentando o n\u00edvel desse g\u00e1s na atmosfera e j\u00e1 que o Metano \u00e9 de 40 a 80 vezes mais significativo para o aquecimento do que o CO<sub>2<\/sub>, o aumento do Metano contribuiu para o aquecimento. Ou seja, a diminui\u00e7\u00e3o da atividade humana acabou por estimular o aumento do aquecimento na atmosfera. Paradoxal, mas tudo indica que \u00e9 fato.\r\n<\/p><p>\r\nO estudo refor\u00e7a a necessidade de um melhor monitoramento da atmosfera por sat\u00e9lite e de uma compreens\u00e3o mais profunda dessas complexas intera\u00e7\u00f5es qu\u00edmicas, pois surpresas como essa podem surgir n\u00e3o apenas do aumento das emiss\u00f5es, mas tamb\u00e9m de mudan\u00e7as sutis na composi\u00e7\u00e3o do ar que respiramos.\r\n<\/p><p>\r\n<blockquote class=\"twitter-tweet\" data-media-max-width=\"560\"><p lang=\"pt\" dir=\"ltr\">Por que as emiss\u00f5es de metano aumentaram durante a pandemia, mesmo com menos atividade humana?<a href=\"https:\/\/twitter.com\/hashtag\/Metano?src=hash&#038;ref_src=twsrc%5Etfw\">#Metano<\/a><br><br>Durante a pandemia de COVID-19, em 2020, grande parte do mundo parou <a href=\"https:\/\/t.co\/hJeFe96YyI\">pic.twitter.com\/hJeFe96YyI<\/a><\/p>&#8211; Terra Rara&#x646; (@Terra_Rara) <a href=\"https:\/\/twitter.com\/Terra_Rara\/status\/2024312779046330843?ref_src=twsrc%5Etfw\">February 19, 2026<\/a><\/blockquote> <script async src=\"https:\/\/platform.twitter.com\/widgets.js\" charset=\"utf-8\"><\/script>\r\n<hr>\r\n\r\n<p style=\"text-align:right\"><em>Publicado em 18\/02\/2026 11h23<\/em><\/p>\r\n<hr>\r\n<p style=\"text-align:right\"><em><a href=\"https:\/\/terrarara.com.br\/en\/?page_id=3694\">English version<\/a><\/em><\/p>\r\n<hr>\r\n\r\n\t\t\t<hr>\r\n\t\t\t<p>Artigo referencia:<\/p>\r\n\t\t\r\n\t\t\t\r\n\r\n<ul><li><a href=\"https:\/\/www.smithsonianmag.com\/smart-news\/when-human-activity-dropped-during-covid-19-methane-emissions-surprisingly-spiked-now-a-study-points-to-two-reasons-why-180988166\/\" target=\"_blank\">https:\/\/www.smithsonianmag.com\/smart-news\/when-human-activity-dropped-during-covid-19-methane-emissions-surprisingly-spiked-now-a-study-points-to-two-reasons-why-180988166\/<\/a><\/li><\/ul>\r\n\r\n\r\n\r\n\r\n<hr class=\"wp-block-separator is-style-wide\"\/>\r\n\r\n<div style=\"position: buttonline;\"><iframe loading=\"lazy\" src=\"https:\/\/vendedoradesonhos.com.br\/rodape_sites.php?arg=41715\" frameborder=\"0\" height=\"420px\" width=\"100%\"><\/iframe><\/div>\r\n<div style=\"position: buttonline;\"><iframe loading=\"lazy\" src=\"https:\/\/vendedoradesonhos.com.br\/comentario_navegacao.php?arg=41715\" frameborder=\"0\" height=\"500px\" width=\"100%\"><\/iframe><\/div>\r\n<div style=\"position:absolute; width:40%; height:70px; top:-70px; left:0px;\"><iframe loading=\"lazy\" src=\"https:\/\/vendedoradesonhos.com.br\/oferta_site_esq.php?arg=41715\" frameborder=\"0\" height=\"100%\" width=\"100%\"><\/iframe><\/div>\r\n<div style=\"position:absolute; width:40%; height:70px; top:-70px; right:0px;\"><iframe loading=\"lazy\" src=\"https:\/\/vendedoradesonhos.com.br\/oferta_site_dir.php?arg=41715\" frameborder=\"0\" height=\"100%;\" width=\"100%\"><\/iframe><\/div>\r\n\r\n\r\n<div class=\"wp-block-image\"><figure><iframe loading=\"lazy\" src=\"https:\/\/vendedoradesonhos.com.br\/oferta_site_central.php\" width=\"100%\" height=\"330\" frameborder=\"0\"><\/iframe><figcaption>{teste}<\/figcaption><\/figure><\/div><hr>","protected":false},"excerpt":{"rendered":"","protected":false},"author":1,"featured_media":0,"parent":68,"menu_order":0,"comment_status":"closed","ping_status":"closed","template":"","meta":[],"_links":{"self":[{"href":"https:\/\/terrarara.com.br\/index.php?rest_route=\/wp\/v2\/pages\/26574"}],"collection":[{"href":"https:\/\/terrarara.com.br\/index.php?rest_route=\/wp\/v2\/pages"}],"about":[{"href":"https:\/\/terrarara.com.br\/index.php?rest_route=\/wp\/v2\/types\/page"}],"author":[{"embeddable":true,"href":"https:\/\/terrarara.com.br\/index.php?rest_route=\/wp\/v2\/users\/1"}],"replies":[{"embeddable":true,"href":"https:\/\/terrarara.com.br\/index.php?rest_route=%2Fwp%2Fv2%2Fcomments&post=26574"}],"version-history":[{"count":0,"href":"https:\/\/terrarara.com.br\/index.php?rest_route=\/wp\/v2\/pages\/26574\/revisions"}],"up":[{"embeddable":true,"href":"https:\/\/terrarara.com.br\/index.php?rest_route=\/wp\/v2\/pages\/68"}],"wp:attachment":[{"href":"https:\/\/terrarara.com.br\/index.php?rest_route=%2Fwp%2Fv2%2Fmedia&parent=26574"}],"curies":[{"name":"wp","href":"https:\/\/api.w.org\/{rel}","templated":true}]}}