{"id":26570,"date":"2026-02-15T08:07:39","date_gmt":"2026-02-15T08:07:39","guid":{"rendered":"https:\/\/terrarara.com.br\/?page_id=26570"},"modified":"2026-02-15T08:07:39","modified_gmt":"2026-02-15T08:07:39","slug":"dados-arquivados-da-missao-neowise-da-nasa-revelam-estrela-se-transformando-em-buraco-negro","status":"publish","type":"page","link":"https:\/\/terrarara.com.br\/?page_id=26570","title":{"rendered":"Dados arquivados da miss\u00e3o neowise da NASA revelam estrela se transformando em buraco negro"},"content":{"rendered":"<div class=\"wp-block-image\"><figure><img src=\"https:\/\/vendedoradesonhos.com.br\/upload\/1\/sites\/26\/img_41702_1200.jpg\" alt=\"\" style=\"width:100%\"><figcaption>Este conceito art\u00edstico mostra uma espessa camada de g\u00e1s e poeira que foi expelida das camadas externas de uma estrela massiva \u00e0 medida que o seu n\u00facleo entra em colapso ap\u00f3s ficar sem combust\u00edvel. No centro, uma bola de g\u00e1s quente e densa continua a cair para dentro, alimentando o buraco negro rec\u00e9m-formado.<\/figcaption><\/figure><\/div><hr><\/p><p>\r\n\t<a href=''https:\/\/terrarara.com.br\"s=buraco negro''>#Buraco Negro<\/a>\u00a0<\/p><p><\/p><p>\r\n\t<!-- audio --><\/p><p>\r\n<button onclick=\"this.nextElementSibling.play()\" style=\"padding:12px 25px; font-size:18px; border:none; border-radius:8px; cursor:pointer;\">Ouvir<\/button><audio src=\"https:\/\/vendedoradesonhos.com.br\/audios\/41702.mp3\" preload=\"none\"><\/audio><\/p><p>\r\n\t<strong>Astr\u00f4nomos conseguiram acompanhar, pela primeira vez de forma t\u00e3o detalhada, o processo raro em que uma estrela massiva morre sem explodir em uma supernova dram\u00e1tica e, em vez disso, colapsa silenciosamente para formar um buraco negro<\/strong><\/p><p> Essa descoberta veio da an\u00e1lise de dados antigos coletados pela miss\u00e3o NEOWISE da NASA, que observava o c\u00e9u em luz infravermelha, combinados com informa\u00e7\u00f5es de outros telesc\u00f3pios espaciais e terrestres ao longo de quase duas d\u00e9cadas, de 2005 a 2023.\r\n<\/p><p>\r\nO objeto em quest\u00e3o \u00e9 uma estrela supergigante chamada M31-2014-DS1, localizada na gal\u00e1xia de Andr\u00f4meda, a cerca de 2,5 milh\u00f5es de anos-luz da Terra. Essa estrela, que no final da vida tinha cerca de cinco vezes a massa do Sol ap\u00f3s perder material ao longo do tempo, come\u00e7ou a mostrar mudan\u00e7as impressionantes em 2014: seu brilho no infravermelho aumentou de repente, indicando que ela estava expelindo suas camadas externas em uma concha espessa de g\u00e1s e poeira. Esse material, aquecido, emitia luz infravermelha intensa.\r\n<\/p><p>\r\nA partir de 2016, por\u00e9m, a estrela come\u00e7ou a desaparecer rapidamente. Em luz vis\u00edvel, seu brilho caiu mais de 10 mil vezes at\u00e9 2023, tornando-a praticamente invis\u00edvel mesmo para os telesc\u00f3pios mais poderosos. Os pesquisadores conclu\u00edram que o n\u00facleo da estrela, sem mais combust\u00edvel nuclear para sustentar a press\u00e3o interna, colapsou sob a pr\u00f3pria gravidade extrema, formando diretamente um buraco negro estelar. As camadas externas, em vez de serem lan\u00e7adas para longe em uma explos\u00e3o, ca\u00edram de volta para o centro ou formaram uma nuvem densa ao redor, obscurecendo completamente a luz da estrela.\r\n<\/p><p>\r\nEsse tipo de morte estelar, chamado de &#8220;supernova falhada? ou colapso direto, era previsto por teorias desde os anos 1970, mas evid\u00eancias observacionais diretas eram raras. Aqui, os dados arquivados da NEOWISE capturaram exatamente o que se esperava: o brilho infravermelho tempor\u00e1rio causado pela eje\u00e7\u00e3o de material e o desaparecimento gradual, deixando para tr\u00e1s apenas um res\u00edduo fraco e avermelhado envolto em poeira.\r\n<\/p><p>\r\nA descoberta n\u00e3o s\u00f3 oferece a vis\u00e3o mais clara at\u00e9 hoje do nascimento de um buraco negro estelar, mas tamb\u00e9m sugere que esse caminho silencioso pode ser mais comum do que se pensava para certas estrelas massivas. Os cientistas identificaram ainda outra estrela possivelmente passando pelo mesmo processo, refor\u00e7ando a ideia de que buracos negros podem surgir sem o espet\u00e1culo de uma supernova tradicional.\r\n<\/p><p>\r\nO estudo, apoiado pelo programa de An\u00e1lise de Dados em Astrof\u00edsica da NASA, foi publicado na revista &#8220;Science&#8221; em fevereiro de 2026. Ele destaca o valor de manter e reutilizar dados antigos de miss\u00f5es como a NEOWISE &#8211; originalmente projetada para ca\u00e7ar asteroides pr\u00f3ximos \u00e0 Terra &#8211; para desvendar mist\u00e9rios profundos do universo, como a forma como algumas das estrelas mais pesadas terminam suas vidas e contribuem para a popula\u00e7\u00e3o de buracos negros no cosmos.\r\n<\/p><p>\r\n<hr>\r\n\r\n<p style=\"text-align:right\"><em>Publicado em 15\/02\/2026 08h07<\/em><\/p>\r\n<hr>\r\n<p style=\"text-align:right\"><em><a href=\"https:\/\/terrarara.com.br\/en\/?page_id=3690\">English version<\/a><\/em><\/p>\r\n<hr>\r\n\r\n\t\t\t<hr>\r\n\t\t\t<p>Artigo referencia:<\/p>\r\n\t\t\r\n\t\t\t\r\n\r\n<ul><li><a href=\"https:\/\/science.nasa.gov\/blogs\/science-news\/2026\/02\/12\/archival-data-from-nasas-neowise-tracks-star-turning-into-black-hole\/\" target=\"_blank\">https:\/\/science.nasa.gov\/blogs\/science-news\/2026\/02\/12\/archival-data-from-nasas-neowise-tracks-star-turning-into-black-hole\/<\/a><\/li><\/ul>\r\n\r\n\r\n\r\n\r\n<hr class=\"wp-block-separator is-style-wide\"\/>\r\n\r\n<div style=\"position: buttonline;\"><iframe loading=\"lazy\" src=\"https:\/\/vendedoradesonhos.com.br\/rodape_sites.php?arg=41702\" frameborder=\"0\" height=\"420px\" width=\"100%\"><\/iframe><\/div>\r\n<div style=\"position: buttonline;\"><iframe loading=\"lazy\" src=\"https:\/\/vendedoradesonhos.com.br\/comentario_navegacao.php?arg=41702\" frameborder=\"0\" height=\"500px\" width=\"100%\"><\/iframe><\/div>\r\n<div style=\"position:absolute; width:40%; height:70px; top:-70px; left:0px;\"><iframe loading=\"lazy\" src=\"https:\/\/vendedoradesonhos.com.br\/oferta_site_esq.php?arg=41702\" frameborder=\"0\" height=\"100%\" width=\"100%\"><\/iframe><\/div>\r\n<div style=\"position:absolute; width:40%; height:70px; top:-70px; right:0px;\"><iframe loading=\"lazy\" src=\"https:\/\/vendedoradesonhos.com.br\/oferta_site_dir.php?arg=41702\" frameborder=\"0\" height=\"100%;\" width=\"100%\"><\/iframe><\/div>\r\n\r\n\r\n<div class=\"wp-block-image\"><figure><iframe loading=\"lazy\" src=\"https:\/\/vendedoradesonhos.com.br\/oferta_site_central.php\" width=\"100%\" height=\"330\" frameborder=\"0\"><\/iframe><figcaption>{teste}<\/figcaption><\/figure><\/div><hr>","protected":false},"excerpt":{"rendered":"","protected":false},"author":1,"featured_media":0,"parent":684,"menu_order":0,"comment_status":"closed","ping_status":"closed","template":"","meta":[],"_links":{"self":[{"href":"https:\/\/terrarara.com.br\/index.php?rest_route=\/wp\/v2\/pages\/26570"}],"collection":[{"href":"https:\/\/terrarara.com.br\/index.php?rest_route=\/wp\/v2\/pages"}],"about":[{"href":"https:\/\/terrarara.com.br\/index.php?rest_route=\/wp\/v2\/types\/page"}],"author":[{"embeddable":true,"href":"https:\/\/terrarara.com.br\/index.php?rest_route=\/wp\/v2\/users\/1"}],"replies":[{"embeddable":true,"href":"https:\/\/terrarara.com.br\/index.php?rest_route=%2Fwp%2Fv2%2Fcomments&post=26570"}],"version-history":[{"count":0,"href":"https:\/\/terrarara.com.br\/index.php?rest_route=\/wp\/v2\/pages\/26570\/revisions"}],"up":[{"embeddable":true,"href":"https:\/\/terrarara.com.br\/index.php?rest_route=\/wp\/v2\/pages\/684"}],"wp:attachment":[{"href":"https:\/\/terrarara.com.br\/index.php?rest_route=%2Fwp%2Fv2%2Fmedia&parent=26570"}],"curies":[{"name":"wp","href":"https:\/\/api.w.org\/{rel}","templated":true}]}}