{"id":26560,"date":"2026-02-12T11:39:39","date_gmt":"2026-02-12T11:39:39","guid":{"rendered":"https:\/\/terrarara.com.br\/?page_id=26560"},"modified":"2026-02-12T11:39:39","modified_gmt":"2026-02-12T11:39:39","slug":"uma-possivel-ligacao-entre-o-clima-espacial-e-os-terremotos","status":"publish","type":"page","link":"https:\/\/terrarara.com.br\/?page_id=26560","title":{"rendered":"Uma poss\u00edvel liga\u00e7\u00e3o entre o clima espacial e os terremotos"},"content":{"rendered":"<div class=\"wp-block-image\"><figure><img src=\"https:\/\/vendedoradesonhos.com.br\/img\/sites\/img_magnetosfera2.jpg\" alt=\"\" style=\"width:100%\"><figcaption>Magnetosfera terrestre<\/figcaption><\/figure><\/div><hr><\/p><p>\r\n\t<a href=\"https:\/\/doi.org\/10.34343\/ijpest.2026.20.e01003\" target=\"_blank\">doi.org\/10.34343\/ijpest.2026.20.e01003<\/a><br><a href=\"https:\/\/vendedoradesonhos.com.br\/credibilidade_estudo.php?c=41682\">Credibilidade<\/a>: <font color=\"#00FFFF\">9<\/font><font color=\"#00FF00\">8<\/font><font color=\"#FFFF00\">9<\/font><br><a href=''https:\/\/terrarara.com.br\"s=magnetosphere''>#Magnetosphere<\/a>\u00a0<\/p><p><\/p><p>\r\n\t<!-- audio --><\/p><p>\r\n<button onclick=\"this.nextElementSibling.play()\" style=\"padding:12px 25px; font-size:18px; border:none; border-radius:8px; cursor:pointer;\">Ouvir<\/button><audio src=\"https:\/\/vendedoradesonhos.com.br\/audios\/41682.mp3\" preload=\"none\"><\/audio><\/p><p>\r\n\t<strong><\/p><p>\r\nPesquisadores da Universidade de Kyoto, no Jap\u00e3o, propuseram uma ideia intrigante: o clima espacial, especialmente as intensas explos\u00f5es de energia solar conhecidas como erup\u00e7\u00f5es solares, pode, em situa\u00e7\u00f5es muito espec\u00edficas, ajudar a desencadear grandes terremotos<\/strong><\/p><p> Este estudo te\u00f3rico, publicado recentemente, n\u00e3o visa prever terremotos, mas sim explicar um mecanismo f\u00edsico que conecta o que acontece na alta atmosfera da Terra com o que ocorre na crosta terrestre.\r\n<\/p><p>\r\nTudo come\u00e7a com uma forte atividade solar. Quando o Sol libera uma grande quantidade de energia em uma erup\u00e7\u00e3o solar, ele altera rapidamente a ionosfera &#8211; a camada da alta atmosfera repleta de part\u00edculas carregadas, como el\u00e9trons. Isso causa um aumento mensur\u00e1vel no n\u00famero total de el\u00e9trons, algo que os cientistas monitoram com sat\u00e9lites de navega\u00e7\u00e3o como o GPS.\r\n<\/p><p>\r\nOs autores sugerem que essa mudan\u00e7a na ionosfera cria uma esp\u00e9cie de liga\u00e7\u00e3o el\u00e9trica com a crosta terrestre. Em regi\u00f5es onde a rocha \u00e9 altamente fraturada e cont\u00e9m \u00e1gua sob alta press\u00e3o e temperatura (pr\u00f3xima ao estado supercr\u00edtico), essas \u00e1reas atuam como pequenos &#8220;capacitores? naturais &#8211; estruturas que armazenam carga el\u00e9trica. Quando a ionosfera se torna mais negativamente carregada em altitudes mais baixas devido a erup\u00e7\u00f5es solares, esse excesso de carga gera campos el\u00e9tricos que se propagam para baixo, atingindo min\u00fasculos vazios e fissuras na rocha em escala nanom\u00e9trica.\r\n<\/p><p>\r\nDentro desses vazios, os campos el\u00e9tricos produzem uma press\u00e3o eletrost\u00e1tica consider\u00e1vel &#8211; estimada em v\u00e1rios megapascais durante eventos solares intensos que aumentam significativamente o n\u00famero de el\u00e9trons na ionosfera. Essa press\u00e3o extra pode influenciar a forma como as fissuras se propagam e se unem, atuando como um pequeno empurr\u00e3o adicional em falhas geol\u00f3gicas que j\u00e1 est\u00e3o \u00e0 beira da ruptura. Os cientistas comparam essa for\u00e7a a outras influ\u00eancias sutis, como as mar\u00e9s ou a for\u00e7a gravitacional, que tamb\u00e9m afetam a estabilidade das falhas, embora em uma extens\u00e3o muito menor.\r\n<\/p><p>\r\nO estudo menciona coincid\u00eancias interessantes, como a intensa atividade solar que ocorreu pouco antes do terremoto na Pen\u00ednsula de Noto, no Jap\u00e3o, em 2024. Al\u00e9m disso, antes de alguns grandes terremotos, cientistas observaram mudan\u00e7as na ionosfera, como aumento da densidade eletr\u00f4nica, rebaixamento da camada ionosf\u00e9rica e altera\u00e7\u00f5es na propaga\u00e7\u00e3o de perturba\u00e7\u00f5es. Tradicionalmente, essas mudan\u00e7as eram vistas apenas como consequ\u00eancias do ac\u00famulo de tens\u00e3o na crosta terrestre antes do tremor. Agora, os pesquisadores prop\u00f5em que pode haver uma rela\u00e7\u00e3o bidirecional: o que acontece na crosta afeta a ionosfera, mas perturba\u00e7\u00f5es na ionosfera tamb\u00e9m podem, em raras ocasi\u00f5es, influenciar a crosta.\r\n<\/p><p>\r\n\u00c9 importante ressaltar que isso n\u00e3o significa que o Sol cause terremotos diretamente, nem que toda erup\u00e7\u00e3o solar gere um tremor. Os autores deixam claro que o efeito seria relevante apenas em condi\u00e7\u00f5es muito espec\u00edficas, quando a falha j\u00e1 estiver criticamente carregada e pr\u00f3xima da ruptura. Esta n\u00e3o \u00e9 uma ferramenta de previs\u00e3o s\u00edsmica, e coincid\u00eancias temporais n\u00e3o comprovam causa e efeito. O trabalho consiste em uma hip\u00f3tese te\u00f3rica que integra f\u00edsica de plasmas, ci\u00eancias atmosf\u00e9ricas e geof\u00edsica, e os cientistas esperam que pesquisas futuras, combinando dados ionosf\u00e9ricos detalhados com monitoramento espacial, ajudem a testar e refinar essa ideia.\r\n<\/p><p>\r\nEssa proposta abre uma nova perspectiva sobre como nosso planeta interage com o ambiente espacial, mostrando que sistemas aparentemente separados &#8211; a atmosfera superior e a crosta profunda &#8211; podem estar mais conectados do que imagin\u00e1vamos.\r\n<\/p><p>\r\n<blockquote class=\"twitter-tweet\" data-media-max-width=\"560\"><p lang=\"pt\" dir=\"ltr\">Uma poss\u00edvel liga\u00e7\u00e3o entre o clima espacial e os terremotos<a href=\"https:\/\/twitter.com\/hashtag\/Magnetosfera?src=hash&amp;ref_src=twsrc%5Etfw\">#Magnetosfera<\/a><br><br>Pesquisadores propuseram uma ideia intrigante: o clima espacial, especialmente as intensas explos\u00f5es de energia solar conhecidas como erup\u00e7\u00f5es solares, pode ajudar a desencadear terremotos <a href=\"https:\/\/t.co\/dCswQVjD6O\">pic.twitter.com\/dCswQVjD6O<\/a><\/p>&mdash; Terra Rara??????&#x646; (@Terra_Rara) <a href=\"https:\/\/twitter.com\/Terra_Rara\/status\/2021924657000075423?ref_src=twsrc%5Etfw\">February 12, 2026<\/a><\/blockquote> <script async src=\"https:\/\/platform.twitter.com\/widgets.js\" charset=\"utf-8\"><\/script>\r\n<hr>\r\n\r\n<p style=\"text-align:right\"><em>Publicado em 12\/02\/2026 11h39<\/em><\/p>\r\n<hr>\r\n<p style=\"text-align:right\"><em><a href=\"https:\/\/terrarara.com.br\/en\/?page_id=3681\">English version<\/a><\/em><\/p>\r\n<hr>\r\n\r\n\t\t\t<hr>\r\n\t\r\n\t\t\t\r\n\r\n<p>Estudo original: <\/p>\r\n\r\n\r\n\r\n<ul><li><a href=\"https:\/\/doi.org\/10.34343\/ijpest.2026.20.e01003\" target=\"_blank\">https:\/\/doi.org\/10.34343\/ijpest.2026.20.e01003<\/a><\/li><\/ul>\r\n\r\n\r\n\r\n<hr class=\"wp-block-separator is-style-wide\"\/>\r\n\r\n<div style=\"position: buttonline;\"><iframe loading=\"lazy\" src=\"https:\/\/vendedoradesonhos.com.br\/rodape_sites.php?arg=41682\" frameborder=\"0\" height=\"420px\" width=\"100%\"><\/iframe><\/div>\r\n<div style=\"position: buttonline;\"><iframe loading=\"lazy\" src=\"https:\/\/vendedoradesonhos.com.br\/comentario_navegacao.php?arg=41682\" frameborder=\"0\" height=\"500px\" width=\"100%\"><\/iframe><\/div>\r\n<div style=\"position:absolute; width:40%; height:70px; top:-70px; left:0px;\"><iframe loading=\"lazy\" src=\"https:\/\/vendedoradesonhos.com.br\/oferta_site_esq.php?arg=41682\" frameborder=\"0\" height=\"100%\" width=\"100%\"><\/iframe><\/div>\r\n<div style=\"position:absolute; width:40%; height:70px; top:-70px; right:0px;\"><iframe loading=\"lazy\" src=\"https:\/\/vendedoradesonhos.com.br\/oferta_site_dir.php?arg=41682\" frameborder=\"0\" height=\"100%;\" width=\"100%\"><\/iframe><\/div>\r\n\r\n<div class=\"wp-block-image\"><figure><iframe loading=\"lazy\" src=\"https:\/\/vendedoradesonhos.com.br\/oferta_site_central.php\" width=\"100%\" height=\"330\" frameborder=\"0\"><\/iframe><figcaption>{teste}<\/figcaption><\/figure><\/div><hr>","protected":false},"excerpt":{"rendered":"","protected":false},"author":1,"featured_media":0,"parent":15,"menu_order":0,"comment_status":"closed","ping_status":"closed","template":"","meta":[],"_links":{"self":[{"href":"https:\/\/terrarara.com.br\/index.php?rest_route=\/wp\/v2\/pages\/26560"}],"collection":[{"href":"https:\/\/terrarara.com.br\/index.php?rest_route=\/wp\/v2\/pages"}],"about":[{"href":"https:\/\/terrarara.com.br\/index.php?rest_route=\/wp\/v2\/types\/page"}],"author":[{"embeddable":true,"href":"https:\/\/terrarara.com.br\/index.php?rest_route=\/wp\/v2\/users\/1"}],"replies":[{"embeddable":true,"href":"https:\/\/terrarara.com.br\/index.php?rest_route=%2Fwp%2Fv2%2Fcomments&post=26560"}],"version-history":[{"count":0,"href":"https:\/\/terrarara.com.br\/index.php?rest_route=\/wp\/v2\/pages\/26560\/revisions"}],"up":[{"embeddable":true,"href":"https:\/\/terrarara.com.br\/index.php?rest_route=\/wp\/v2\/pages\/15"}],"wp:attachment":[{"href":"https:\/\/terrarara.com.br\/index.php?rest_route=%2Fwp%2Fv2%2Fmedia&parent=26560"}],"curies":[{"name":"wp","href":"https:\/\/api.w.org\/{rel}","templated":true}]}}