{"id":26553,"date":"2026-02-09T01:03:11","date_gmt":"2026-02-09T01:03:11","guid":{"rendered":"https:\/\/terrarara.com.br\/?page_id=26553"},"modified":"2026-02-09T01:03:11","modified_gmt":"2026-02-09T01:03:11","slug":"jupiter-e-menor-e-mais-achatado-do-que-imaginavamos-revela-a-sonda-juno","status":"publish","type":"page","link":"https:\/\/terrarara.com.br\/?page_id=26553","title":{"rendered":"J\u00fapiter \u00e9 menor e mais achatado do que imagin\u00e1vamos, revela a sonda juno"},"content":{"rendered":"<div class=\"wp-block-image\"><figure><img src=\"https:\/\/vendedoradesonhos.com.br\/upload\/1\/sites\/26\/img_41662_1200.jpg\" alt=\"\" style=\"width:100%\"><figcaption>J\u00fapiter fotografado pela sonda Juno, com a sombra da enorme lua Ganimedes \u00e0 esquerda. Dados da Juno sugerem que J\u00fapiter \u00e9 mais achatado do que se pensava anteriormente, de acordo com um novo estudo. (Cr\u00e9dito da imagem: Dados da imagem: NASA\/JPL-Caltech\/SwRI\/MSSS. Processamento de imagem por Thomas Thomopoulos \u00a9 CC BY)<\/figcaption><\/figure><\/div><hr><\/p><p>\r\n\t<a href=\"https:\/\/doi.org\/10.1038\/s41550-026-02777-x\" target=\"_blank\">doi.org\/10.1038\/s41550-026-02777-x<\/a><br><a href=\"https:\/\/vendedoradesonhos.com.br\/credibilidade_estudo.php?c=41662\">Credibilidade<\/a>: <font color=\"#00FFFF\">9<\/font><font color=\"#00FF00\">8<\/font><font color=\"#FFFF00\">9<\/font><br><a href=''https:\/\/terrarara.com.br\"s=jupiter''>#Jupiter<\/a>\u00a0<\/p><p><\/p><p>\r\n\t<!-- audio --><\/p><p>\r\n<button onclick=\"this.nextElementSibling.play()\" style=\"padding:12px 25px; font-size:18px; border:none; border-radius:8px; cursor:pointer;\">Ouvir<\/button><audio src=\"https:\/\/vendedoradesonhos.com.br\/audios\/41662.mp3\" preload=\"none\"><\/audio><\/p><p>\r\n\t<strong>Uma descoberta recente est\u00e1 pedindo que os livros did\u00e1ticos sejam atualizados: o maior planeta do sistema solar, J\u00fapiter, \u00e9 ligeiramente menor e mais achatado nos polos do que se acreditava h\u00e1 d\u00e9cadas<\/strong><\/p><p> Essas novas medidas, bem mais precisas, vieram dos dados coletados pela espa\u00e7onave Juno, da NASA, que orbita o planeta desde 2016.\r\n<\/p><p>\r\nPor muito tempo, as dimens\u00f5es de J\u00fapiter foram baseadas em observa\u00e7\u00f5es feitas h\u00e1 cerca de 50 anos pelas sondas Pioneer e Voyager. Naquela \u00e9poca, usavam feixes de r\u00e1dio para estimar o tamanho, mas a quantidade de dados era limitada. Agora, com a Juno fazendo diversas passagens pr\u00f3ximas e reunindo uma quantidade enorme de informa\u00e7\u00f5es &#8211; especialmente nos \u00faltimos anos &#8220;, os cientistas conseguiram refinar tudo com uma precis\u00e3o impressionante, chegando a ajustar as medidas em centenas de metros.\r\n<\/p><p>\r\nOs novos c\u00e1lculos mostram que o raio polar de J\u00fapiter (do centro at\u00e9 um dos polos) \u00e9 de aproximadamente 66.842 km, o que equivale a cerca de 12 km a menos do que o valor anterior. J\u00e1 o raio equatorial (do centro at\u00e9 a regi\u00e3o do equador) ficou em torno de 71.488 km, uns 4 km menor que o estimado antes. Em termos de di\u00e2metro, isso significa que o planeta \u00e9 cerca de 8 km mais estreito no equador e aproximadamente 24 km mais &#8220;achatado? entre os polos.\r\n<\/p><p>\r\nEssas pequenas diferen\u00e7as importam bastante. J\u00fapiter n\u00e3o \u00e9 uma esfera perfeita: sua rota\u00e7\u00e3o muito r\u00e1pida (um dia dura menos de 10 horas) faz com que ele se expanda no equador e fique achatado nos polos, um efeito chamado oblateness. Al\u00e9m disso, os ventos fortes na atmosfera e a estrutura interna do planeta, com camadas externas de menor densidade, influenciam essa forma. A Juno mediu como os sinais de r\u00e1dio se curvavam ao atravessar a atmosfera e quando eram bloqueados pelo planeta, permitindo incluir esses efeitos dos ventos e melhorar os modelos.\r\n<\/p><p>\r\nCom essas atualiza\u00e7\u00f5es, os modelos do interior de J\u00fapiter agora combinam melhor os dados de gravidade com as observa\u00e7\u00f5es da atmosfera. Isso ajuda os cientistas a entenderem melhor como esse gigante gasoso funciona por dentro. Como J\u00fapiter provavelmente foi o primeiro planeta a se formar no sistema solar, estudar suas caracter\u00edsticas nos aproxima de compreender como todo o sistema &#8211; inclusive a Terra &#8211; surgiu e evoluiu. As descobertas tamb\u00e9m servem para interpretar dados de planetas gigantes semelhantes encontrados em outros sistemas estelares.\r\n<\/p><p>\r\nNo fim das contas, embora J\u00fapiter continue sendo de longe o maior planeta do nosso sistema solar, ele se revelou um pouquinho mais compacto e achatado do que constava nos livros antigos. A ci\u00eancia avan\u00e7a, e com ela nossa vis\u00e3o do universo fica mais precisa e fascinante.\r\n<\/p><p>\r\n<blockquote class=\"twitter-tweet\" data-media-max-width=\"560\"><p lang=\"pt\" dir=\"ltr\">J\u00fapiter \u00e9 menor e mais achatado do que imagin\u00e1vamos, revela a sonda Juno<a href=\"https:\/\/twitter.com\/hashtag\/Jupiter?src=hash&amp;ref_src=twsrc%5Etfw\">#Jupiter<\/a><br><br>Uma descoberta recente est\u00e1 pedindo que os livros did\u00e1ticos sejam atualizados: o maior planeta do sistema solar, J\u00fapiter, \u00e9 ligeiramente menor e mais achatado nos polos do que se acreditava <a href=\"https:\/\/t.co\/1xT7mHELNJ\">pic.twitter.com\/1xT7mHELNJ<\/a><\/p>&mdash; Terra Rara??????&#x646; (@Terra_Rara) <a href=\"https:\/\/twitter.com\/Terra_Rara\/status\/2020698861275377791?ref_src=twsrc%5Etfw\">February 9, 2026<\/a><\/blockquote> <script async src=\"https:\/\/platform.twitter.com\/widgets.js\" charset=\"utf-8\"><\/script> \r\n<hr>\r\n\r\n<p style=\"text-align:right\"><em>Publicado em 09\/02\/2026 01h03<\/em><\/p>\r\n<hr>\r\n<p style=\"text-align:right\"><em><a href=\"https:\/\/terrarara.com.br\/en\/?page_id=3674\">English version<\/a><\/em><\/p>\r\n<hr>\r\n\r\n\t\t\t<hr>\r\n\t\r\n\t\t\t\r\n\r\n<p>Estudo original: <\/p>\r\n\r\n\r\n\r\n<ul><li><a href=\"https:\/\/doi.org\/10.1038\/s41550-026-02777-x\" target=\"_blank\">https:\/\/doi.org\/10.1038\/s41550-026-02777-x<\/a><\/li><\/ul>\r\n\r\n\r\n\r\n<hr class=\"wp-block-separator is-style-wide\"\/>\r\n\r\n<div style=\"position: buttonline;\"><iframe loading=\"lazy\" src=\"https:\/\/vendedoradesonhos.com.br\/rodape_sites.php?arg=41662\" frameborder=\"0\" height=\"420px\" width=\"100%\"><\/iframe><\/div>\r\n<div style=\"position: buttonline;\"><iframe loading=\"lazy\" src=\"https:\/\/vendedoradesonhos.com.br\/comentario_navegacao.php?arg=41662\" frameborder=\"0\" height=\"500px\" width=\"100%\"><\/iframe><\/div>\r\n<div style=\"position:absolute; width:40%; height:70px; top:-70px; left:0px;\"><iframe loading=\"lazy\" src=\"https:\/\/vendedoradesonhos.com.br\/oferta_site_esq.php?arg=41662\" frameborder=\"0\" height=\"100%\" width=\"100%\"><\/iframe><\/div>\r\n<div style=\"position:absolute; width:40%; height:70px; top:-70px; right:0px;\"><iframe loading=\"lazy\" src=\"https:\/\/vendedoradesonhos.com.br\/oferta_site_dir.php?arg=41662\" frameborder=\"0\" height=\"100%;\" width=\"100%\"><\/iframe><\/div>\r\n\r\n<div class=\"wp-block-image\"><figure><iframe loading=\"lazy\" src=\"https:\/\/vendedoradesonhos.com.br\/oferta_site_central.php\" width=\"100%\" height=\"330\" frameborder=\"0\"><\/iframe><figcaption>{teste}<\/figcaption><\/figure><\/div><hr>","protected":false},"excerpt":{"rendered":"","protected":false},"author":1,"featured_media":0,"parent":19,"menu_order":0,"comment_status":"closed","ping_status":"closed","template":"","meta":[],"_links":{"self":[{"href":"https:\/\/terrarara.com.br\/index.php?rest_route=\/wp\/v2\/pages\/26553"}],"collection":[{"href":"https:\/\/terrarara.com.br\/index.php?rest_route=\/wp\/v2\/pages"}],"about":[{"href":"https:\/\/terrarara.com.br\/index.php?rest_route=\/wp\/v2\/types\/page"}],"author":[{"embeddable":true,"href":"https:\/\/terrarara.com.br\/index.php?rest_route=\/wp\/v2\/users\/1"}],"replies":[{"embeddable":true,"href":"https:\/\/terrarara.com.br\/index.php?rest_route=%2Fwp%2Fv2%2Fcomments&post=26553"}],"version-history":[{"count":0,"href":"https:\/\/terrarara.com.br\/index.php?rest_route=\/wp\/v2\/pages\/26553\/revisions"}],"up":[{"embeddable":true,"href":"https:\/\/terrarara.com.br\/index.php?rest_route=\/wp\/v2\/pages\/19"}],"wp:attachment":[{"href":"https:\/\/terrarara.com.br\/index.php?rest_route=%2Fwp%2Fv2%2Fmedia&parent=26553"}],"curies":[{"name":"wp","href":"https:\/\/api.w.org\/{rel}","templated":true}]}}