{"id":26210,"date":"2025-11-10T06:14:00","date_gmt":"2025-11-10T06:14:00","guid":{"rendered":"https:\/\/terrarara.com.br\/?page_id=26210"},"modified":"2025-11-10T06:14:00","modified_gmt":"2025-11-10T06:14:00","slug":"o-misterio-dos-5200-buracos-no-peru-pode-finalmente-ter-uma-explicacao","status":"publish","type":"page","link":"https:\/\/terrarara.com.br\/?page_id=26210","title":{"rendered":"O mist\u00e9rio dos 5.200 buracos no Peru pode finalmente ter uma explica\u00e7\u00e3o"},"content":{"rendered":"<div class=\"wp-block-image\"><figure><img src=\"https:\/\/vendedoradesonhos.com.br\/upload\/1\/sites\/25\/img_40871_1200.jpg\" alt=\"\" style=\"width:100%\"><figcaption>Algumas das crateras do Monte Sierpe. (C. Stanish)<\/figcaption><\/figure><\/div><hr><\/p><p>\r\n\t<a href=\"https:\/\/doi.org\/10.15184\/aqy.2025.10237\" target=\"_blank\">doi.org\/10.15184\/aqy.2025.10237<\/a><br><a href=\"https:\/\/vendedoradesonhos.com.br\/credibilidade_estudo.php?c=40871\">Credibilidade<\/a>: <font color=\"#00FFFF\">9<\/font><font color=\"#00FF00\">8<\/font><font color=\"#FFFF00\">9<\/font><br><a href=''https:\/\/terrarara.com.br\"s=peru''>#Peru<\/a>\u00a0<\/p><p><\/p><p>\r\n\t<strong>H\u00e1 centenas de anos, algu\u00e9m dedicou um enorme esfor\u00e7o para cavar milhares de buracos ao longo de uma estreita faixa no topo de uma colina nos contrafortes dos Andes, no sul do Peru<\/strong><\/p><p> Essa estrutura, conhecida como Monte Sierpe, tem intrigado o mundo desde 1933, quando fotografias a\u00e9reas feitas por Robert Shippee, publicadas pela National Geographic Society, revelaram o local. Agora, arque\u00f3logos acreditam estar mais pr\u00f3ximos de desvendar quem construiu esses buracos e por qu\u00ea.\r\n<\/p><p>\r\nUma equipe liderada pelo arque\u00f3logo Jacob Bongers, da Universidade de Sydney, na Austr\u00e1lia, analisou materiais vegetais encontrados dentro dos buracos e sugere que o local pode ter funcionado inicialmente como um mercado e, mais tarde, como um sistema de contabilidade. &#8220;Por que povos antigos cavariam mais de 5.000 buracos nas colinas do sul do Peru? Seriam jardins? Serviam para captar \u00e1gua ou tinham alguma fun\u00e7\u00e3o agr\u00edcola&#8221;&#8221;, questiona Bongers. &#8220;Ainda n\u00e3o sabemos ao certo, mas novos dados nos deram pistas importantes e abriram caminho para teorias promissoras sobre o uso do local.&#8221;\r\n<\/p><p>\r\nMonte Sierpe \u00e9 uma obra impressionante de engenharia paisag\u00edstica. A faixa de buracos se estende por 1,5 quil\u00f4metro de comprimento e tem cerca de sete ou oito buracos de largura, totalizando aproximadamente 5.200 buracos escavados no solo, alguns refor\u00e7ados nas laterais com pedras. Construir algo assim exigiu planejamento cuidadoso e muito tempo, o que leva \u00e0s perguntas inevit\u00e1veis: quem fez isso e com qual prop\u00f3sito? Teorias j\u00e1 sugeriram desde cultivos agr\u00edcolas at\u00e9 a coleta de n\u00e9voa.\r\n<\/p><p>\r\n<div class=\"wp-block-image\"><figure><iframe loading=\"lazy\" width=\"642\" height=\"361\" src=\"https:\/\/www.youtube.com\/embed\/oRhNJQxx41Y\" title=\"Aerial video of Monte Sierpe (''Band of Holes'') in southern Peru\" frameborder=\"0\" allow=\"accelerometer; autoplay; clipboard-write; encrypted-media; gyroscope; picture-in-picture; web-share\" referrerpolicy=\"strict-origin-when-cross-origin\" allowfullscreen><\/iframe><figcaption><\/figcaption><\/figure><\/div><hr><\/p><p> \r\n<\/p><p>\r\nBongers e sua equipe partiram de estudos anteriores que propunham que o local era usado pelos incas como um sistema de tributa\u00e7\u00e3o. Eles realizaram um extenso trabalho de campo, mapeando o s\u00edtio com drones e analisando amostras de sedimentos dos buracos para identificar quais materiais poderiam ter sido depositados ali e quando. Como o imp\u00e9rio inca chegou \u00e0 regi\u00e3o por volta de 1400 d.C., os pesquisadores presumiam que Monte Sierpe era um s\u00edtio inca. No entanto, antes dos incas, a cultura chincha habitava a regi\u00e3o h\u00e1 s\u00e9culos.\r\n<\/p><p>\r\nA data\u00e7\u00e3o por radiocarbono de carv\u00e3o encontrado em um dos buracos revelou que ele foi depositado entre 1320 e 1405 d.C., o que sugere que o material \u00e9 anterior \u00e0 chegada dos incas. Fragmentos de cer\u00e2mica encontrados na superf\u00edcie tamb\u00e9m corroboram essa linha do tempo. Isso indica que os chinchas provavelmente constru\u00edram e usaram o local muito antes da ocupa\u00e7\u00e3o inca.\r\n<\/p><p>\r\nA descoberta mais significativa, segundo os pesquisadores, foi o conte\u00fado dos buracos. Uma an\u00e1lise microbot\u00e2nica de sedimentos de 19 buracos revelou gr\u00e3os de amido e p\u00f3len de milho, plantas da fam\u00edlia Amaranthaceae (que inclui quinoa, espinafre, beterraba e acelga), Pooidae (uma subfam\u00edlia de gram\u00edneas que inclui cereais como aveia, trigo e cevada) e Cucurbita (ab\u00f3bora). Al\u00e9m disso, foram encontrados materiais vegetais como junco e esp\u00e9cies de salgueiro, usados na fabrica\u00e7\u00e3o de cestos. Esses resultados sugerem que os buracos continham plantas aliment\u00edcias, provavelmente armazenadas em cestos para transporte.\r\n<\/p><p>\r\n<div class=\"wp-block-image\"><figure><img src=\"https:\/\/vendedoradesonhos.com.br\/upload\/1\/sites\/25\/img_40871c_1200.jpg\" alt=\"\" style=\"width:100%\"><figcaption>Um dos orif\u00edcios, ao lado de uma escala de 20 cent\u00edmetros (8 polegadas). (C. Stanish)<\/figcaption><\/figure><\/div><hr><\/p><p>&#8220;Isso \u00e9 muito intrigante&#8221;, diz Bongers. &#8220;Talvez fosse um mercado pr\u00e9-inca, como uma feira livre. Sabemos que a popula\u00e7\u00e3o pr\u00e9-hisp\u00e2nica da regi\u00e3o era de cerca de 100.000 pessoas. \u00c9 poss\u00edvel que comerciantes itinerantes, como mercadores mar\u00edtimos e caravanas de lhamas, al\u00e9m de especialistas como agricultores e pescadores, se reunissem no local para trocar produtos locais, como milho e algod\u00e3o.&#8221;\r\n<\/p><p>\r\nImagens a\u00e9reas do s\u00edtio revelaram algo que n\u00e3o \u00e9 t\u00e3o evidente do solo: os buracos est\u00e3o organizados em blocos que, segundo os pesquisadores, lembram surpreendentemente um khipu inca, um dispositivo de contagem feito de cordas com n\u00f3s, encontrado no mesmo vale andino. Isso sugere que os incas, mais tarde, reutilizaram os buracos como um sistema de registro de tributos, garantindo que os impostos fossem coletados adequadamente.\r\n<\/p><p>\r\n&#8220;Esses buracos podem ser vistos como uma esp\u00e9cie de tecnologia social que reunia as pessoas e, posteriormente, tornou-se um sistema de contabilidade em larga escala sob o imp\u00e9rio inca&#8221;, explica Bongers. &#8220;Ainda h\u00e1 muitas perguntas: por que esse monumento existe apenas aqui e n\u00e3o em outras partes dos Andes? Seria Monte Sierpe uma esp\u00e9cie de &#8220;khipu de paisagem&#8221;? Estamos mais perto de entender esse lugar misterioso, e isso \u00e9 muito empolgante.&#8221;\r\n<\/p><p>\r\nO pr\u00f3ximo passo \u00e9 realizar uma segunda fase de trabalho de campo para coletar mais amostras, datar outros buracos e estudar mais khipus locais, a fim de validar e aprofundar essas descobertas fascinantes.\r\n<\/p><p>\r\n<hr>\r\n\r\n<p style=\"text-align:right\"><em>Publicado em 10\/11\/2025 06h14<\/em><\/p>\r\n<hr>\r\n<p style=\"text-align:right\"><em><a href=\"https:\/\/terrarara.com.br\/en\/?page_id=3336\">English version<\/a><\/em><\/p>\r\n<hr>\r\n\r\n\t\t\t<hr>\r\n\t\r\n\t\t\t\r\n\r\n<p>Estudo original: <\/p>\r\n\r\n\r\n\r\n<ul><li><a href=\"https:\/\/doi.org\/10.15184\/aqy.2025.10237\" target=\"_blank\">https:\/\/doi.org\/10.15184\/aqy.2025.10237<\/a><\/li><\/ul>\r\n\r\n\r\n\r\n<hr class=\"wp-block-separator is-style-wide\"\/>\r\n\r\n<div style=\"position: buttonline;\"><iframe loading=\"lazy\" src=\"https:\/\/vendedoradesonhos.com.br\/rodape_sites.php?arg=40871\" frameborder=\"0\" height=\"420px\" width=\"100%\"><\/iframe><\/div>\r\n<div style=\"position: buttonline;\"><iframe loading=\"lazy\" src=\"https:\/\/vendedoradesonhos.com.br\/comentario_navegacao.php?arg=40871\" frameborder=\"0\" height=\"500px\" width=\"100%\"><\/iframe><\/div>\r\n<div style=\"position:absolute; width:40%; height:70px; top:-70px; left:0px;\"><iframe loading=\"lazy\" src=\"https:\/\/vendedoradesonhos.com.br\/oferta_site_esq.php?arg=40871\" frameborder=\"0\" height=\"100%\" width=\"100%\"><\/iframe><\/div>\r\n<div style=\"position:absolute; width:40%; height:70px; top:-70px; right:0px;\"><iframe loading=\"lazy\" src=\"https:\/\/vendedoradesonhos.com.br\/oferta_site_dir.php?arg=40871\" frameborder=\"0\" height=\"100%;\" width=\"100%\"><\/iframe><\/div>\r\n\r\n<div class=\"wp-block-image\"><figure><iframe loading=\"lazy\" src=\"https:\/\/vendedoradesonhos.com.br\/oferta_site_central.php\" width=\"100%\" height=\"330\" frameborder=\"0\"><\/iframe><figcaption>{teste}<\/figcaption><\/figure><\/div><hr>","protected":false},"excerpt":{"rendered":"","protected":false},"author":1,"featured_media":0,"parent":41,"menu_order":0,"comment_status":"closed","ping_status":"closed","template":"","meta":[],"_links":{"self":[{"href":"https:\/\/terrarara.com.br\/index.php?rest_route=\/wp\/v2\/pages\/26210"}],"collection":[{"href":"https:\/\/terrarara.com.br\/index.php?rest_route=\/wp\/v2\/pages"}],"about":[{"href":"https:\/\/terrarara.com.br\/index.php?rest_route=\/wp\/v2\/types\/page"}],"author":[{"embeddable":true,"href":"https:\/\/terrarara.com.br\/index.php?rest_route=\/wp\/v2\/users\/1"}],"replies":[{"embeddable":true,"href":"https:\/\/terrarara.com.br\/index.php?rest_route=%2Fwp%2Fv2%2Fcomments&post=26210"}],"version-history":[{"count":0,"href":"https:\/\/terrarara.com.br\/index.php?rest_route=\/wp\/v2\/pages\/26210\/revisions"}],"up":[{"embeddable":true,"href":"https:\/\/terrarara.com.br\/index.php?rest_route=\/wp\/v2\/pages\/41"}],"wp:attachment":[{"href":"https:\/\/terrarara.com.br\/index.php?rest_route=%2Fwp%2Fv2%2Fmedia&parent=26210"}],"curies":[{"name":"wp","href":"https:\/\/api.w.org\/{rel}","templated":true}]}}