{"id":25993,"date":"2025-10-05T20:03:02","date_gmt":"2025-10-05T20:03:02","guid":{"rendered":"http:\/\/terrarara.com.br\/terrarara\/?page_id=25993"},"modified":"2025-10-05T20:03:02","modified_gmt":"2025-10-05T20:03:02","slug":"inteligencia-artificial-revela-as-origens-dos-papua-novo-guineenses","status":"publish","type":"page","link":"https:\/\/terrarara.com.br\/?page_id=25993","title":{"rendered":"Intelig\u00eancia artificial revela as origens dos papua-novo-guineenses"},"content":{"rendered":"<div class=\"wp-block-image\"><figure><img src=\"https:\/\/vendedoradesonhos.com.br\/upload\/1\/sites\/img_40434_1200.jpg\" alt=\"\" style=\"width:100%\"><figcaption>Cr\u00e9dito: Unsplash\/CC0 Dom\u00ednio P\u00fablico<\/figcaption><\/figure><\/div><hr><\/p><p>\r\n\t<a href=\"https:\/\/doi.org\/10.1038\/s41467-025-61661-w\" target=\"_blank\">doi.org\/10.1038\/s41467-025-61661-w<\/a><br><a href=\"https:\/\/vendedoradesonhos.com.br\/credibilidade_estudo.php?c=40434\">Credibilidade<\/a>: <font color=\"#00FFFF\">9<\/font><font color=\"#00FF00\">9<\/font><font color=\"#FFFF00\">9<\/font><br><a href=''https:\/\/terrarara.com.br\"s=papua-novo-guineenses''>#papuanovoguineenses<\/a>\u00a0<\/p><p><\/p><p>\r\n\t<strong>Estudos gen\u00e9ticos mostram que os papua-novo-guineenses t\u00eam la\u00e7os pr\u00f3ximos com asi\u00e1ticos, moldados pelo isolamento, adapta\u00e7\u00f5es ao ambiente e heran\u00e7a de um grupo humano extinto chamado Denisovanos<\/strong><\/p><p>Os papua-novo-guineenses s\u00e3o um exemplo vivo de como o isolamento em ilhas remotas, misturas gen\u00e9ticas antigas e a vida em ambientes \u00fanicos podem preservar uma hist\u00f3ria humana especial.\r\n<\/p><p>\r\nUm grupo de cientistas europeus usou intelig\u00eancia artificial (IA) para entender melhor as origens gen\u00e9ticas desse povo. Eles descobriram que os papua-novo-guineenses s\u00e3o geneticamente pr\u00f3ximos de outras popula\u00e7\u00f5es asi\u00e1ticas, todos descendendo da mesma migra\u00e7\u00e3o que saiu da \u00c1frica h\u00e1 dezenas de milhares de anos, chamada de &#8220;\u00caxodo da \u00c1frica&#8221;.\r\n<\/p><p>\r\nMesmo com essa conex\u00e3o com asi\u00e1ticos, os papua-novo-guineenses t\u00eam uma apar\u00eancia diferente, com caracter\u00edsticas que lembram povos da \u00c1frica Subsaariana. Isso j\u00e1 levou alguns a pensarem que eles poderiam vir de um grupo humano diferente. Mas, segundo o cientista l\u00edder, Dr. Mayukh Mondal, essas caracter\u00edsticas provavelmente surgiram por adapta\u00e7\u00f5es ao clima tropical, e n\u00e3o porque t\u00eam uma origem gen\u00e9tica distinta. Mais estudos s\u00e3o necess\u00e1rios para entender como a evolu\u00e7\u00e3o moldou esse povo \u00fanico.\r\n<\/p><p>\r\n<div class=\"wp-block-image\"><figure><img src=\"https:\/\/vendedoradesonhos.com.br\/upload\/1\/sites\/img_40434b_1200.jpg\" alt=\"\" style=\"width:100%\"><figcaption>O mapa ilustra a introgress\u00e3o da ancestralidade dos papua-nova-guineenses. Cr\u00e9dito: Instituto de Gen\u00f4mica da Universidade de Tartu<\/figcaption><\/figure><\/div><hr><\/p><p><b>As origens ainda n\u00e3o est\u00e3o totalmente claras<\/b>\r\n<\/p><p>\r\nA maioria dos cientistas acredita que os humanos modernos deixaram a \u00c1frica entre 50.000 e 70.000 anos atr\u00e1s, espalhando-se pela Europa, \u00c1sia e outras regi\u00f5es. Descobertas arqueol\u00f3gicas antigas sugeriam que os ancestrais dos papua-novo-guineenses poderiam ter vindo de uma migra\u00e7\u00e3o ainda mais antiga, seguindo um caminho costeiro pela \u00cdndia e Sudeste Asi\u00e1tico. Um s\u00edtio arqueol\u00f3gico em Oceania, com 50.000 a 60.000 anos, \u00e9 mais antigo que os primeiros s\u00edtios conhecidos na Europa, o que apoiava essa ideia.\r\n<\/p><p>\r\nCom avan\u00e7os na an\u00e1lise de DNA, os cientistas revisaram essa teoria. Estudos de DNA materno (mitocondrial) e paterno (cromossomo Y) mostram que a maior parte da ancestralidade dos papua-novo-guineenses est\u00e1 ligada a outros povos n\u00e3o-africanos, e n\u00e3o a uma migra\u00e7\u00e3o t\u00e3o antiga. Ainda assim, uma pequena parte de sua gen\u00e9tica pode ter vindo de migra\u00e7\u00f5es mais antigas.\r\n<\/p><p>\r\nAl\u00e9m disso, o DNA dos papua-novo-guineenses tem uma parte significativa de genes dos Denisovanos, um grupo humano extinto parecido com os Neandertais. Essa heran\u00e7a veio provavelmente de cruzamentos que aconteceram no Sudeste Asi\u00e1tico ou na Oceania, tornando sua hist\u00f3ria gen\u00e9tica ainda mais especial.\r\n<\/p><p>\r\nMesmo com essas descobertas, algumas perguntas continuam sem resposta: os papua-novo-guineenses s\u00e3o um grupo que se separou antes dos europeus e asi\u00e1ticos? Outros povos se misturaram \u00e0 sua hist\u00f3ria gen\u00e9tica? Eles guardam tra\u00e7os de uma migra\u00e7\u00e3o muito antiga ou est\u00e3o totalmente ligados \u00e0 linhagem asi\u00e1tica? Essas quest\u00f5es ainda precisam de mais pesquisa.\r\n<\/p><p><\/p><p>\r\n<b>Uma hist\u00f3ria populacional \u00fanica<\/b>\r\n<\/p><p>\r\nNeste estudo, os cientistas usaram dados gen\u00e9ticos de alta qualidade e modelos de intelig\u00eancia artificial para comparar diferentes cen\u00e1rios sobre a origem da diversidade gen\u00e9tica dos papua-novo-guineenses. Eles conclu\u00edram que esse povo \u00e9 um grupo &#8220;irm\u00e3o&#8221; de outras popula\u00e7\u00f5es asi\u00e1ticas, e que a ideia de uma migra\u00e7\u00e3o muito antiga pode n\u00e3o ser necess\u00e1ria para explicar suas origens.\r\n<\/p><p>\r\nOs pesquisadores descobriram que os ancestrais dos papua-novo-guineenses passaram por um &#8220;gargalo populacional&#8221;, ou seja, sua popula\u00e7\u00e3o diminuiu muito ap\u00f3s chegarem \u00e0 Papua-Nova-Guin\u00e9 e permaneceu pequena por milhares de anos. Diferente de outros grupos n\u00e3o-africanos, eles n\u00e3o tiveram um aumento populacional ligado \u00e0 agricultura, como aconteceu na Europa e na \u00c1sia. Essa hist\u00f3ria \u00fanica deixou marcas no DNA que, se mal interpretadas, poderiam parecer evid\u00eancias de um grupo desconhecido.\r\n<\/p><p>\r\nEssa pesquisa mostra como a intelig\u00eancia artificial e a gen\u00e9tica est\u00e3o ajudando a desvendar a fascinante hist\u00f3ria dos papua-novo-guineenses, um povo que carrega pistas valiosas sobre a jornada da humanidade.\r\n<\/p><p><\/p><p>\r\n<hr>\r\n\r\n<p style=\"text-align:right\"><em>Publicado em 05\/10\/2025 20h03<\/em><\/p>\r\n<hr>\r\n<p style=\"text-align:right\"><em><a href=\"https:\/\/terrarara.com.br\/en\/?page_id=3126\">English version<\/a><\/em><\/p>\r\n<hr>\r\n\r\n\t\t\t<hr>\r\n\t\r\n\t\t\t\r\n\r\n<p>Estudo original: <\/p>\r\n\r\n\r\n\r\n<ul><li><a href=\"https:\/\/doi.org\/10.1038\/s41467-025-61661-w\" target=\"_blank\">https:\/\/doi.org\/10.1038\/s41467-025-61661-w<\/a><\/li><\/ul>\r\n\r\n\r\n\r\n<hr class=\"wp-block-separator is-style-wide\"\/>\r\n\r\n<div style=\"position: buttonline;\"><iframe loading=\"lazy\" src=\"https:\/\/vendedoradesonhos.com.br\/rodape_sites.php?arg=40434\" frameborder=\"0\" height=\"420px\" width=\"100%\"><\/iframe><\/div>\r\n<div style=\"position: buttonline;\"><iframe loading=\"lazy\" src=\"https:\/\/vendedoradesonhos.com.br\/comentario_navegacao.php?arg=40434\" frameborder=\"0\" height=\"500px\" width=\"100%\"><\/iframe><\/div>\r\n<div style=\"position:absolute; width:40%; height:70px; top:-70px; left:0px;\"><iframe loading=\"lazy\" src=\"https:\/\/vendedoradesonhos.com.br\/oferta_site_esq.php?arg=40434\" frameborder=\"0\" height=\"100%\" width=\"100%\"><\/iframe><\/div>\r\n<div style=\"position:absolute; width:40%; height:70px; top:-70px; right:0px;\"><iframe loading=\"lazy\" src=\"https:\/\/vendedoradesonhos.com.br\/oferta_site_dir.php?arg=40434\" frameborder=\"0\" height=\"100%;\" width=\"100%\"><\/iframe><\/div>\r\n<a href=\"https:\/\/jagsystem.com\">\r\n<div style=\"position:absolute; height:200px; width:94%; left:3%; text-align:center; border-color: white; border-radius: 5px; border-style: solid;\">\r\n<table width=\"100%\" align=\"center\"><tr><td width=\"30%\" align=\"right\">Geoprocessamento<br>Sistemas para drones<br>HPC<\/td><td width=\"30%\">\r\n<img src=\"https:\/\/vendedoradesonhos.com.br\/wp-content\/uploads\/2022\/10\/logo_branco_jag6.png\" vspace=\"20\" width=\"250\" border=\"0\">\r\n<\/td><td width=\"30%\" align=\"left\">Sistemas ERP e CRM<br>Sistemas mobile<br>IA<\/td><\/tr><\/table>\r\n<\/div>\r\n<\/a><br><br><br><br>","protected":false},"excerpt":{"rendered":"","protected":false},"author":1,"featured_media":0,"parent":9604,"menu_order":0,"comment_status":"closed","ping_status":"closed","template":"","meta":[],"_links":{"self":[{"href":"https:\/\/terrarara.com.br\/index.php?rest_route=\/wp\/v2\/pages\/25993"}],"collection":[{"href":"https:\/\/terrarara.com.br\/index.php?rest_route=\/wp\/v2\/pages"}],"about":[{"href":"https:\/\/terrarara.com.br\/index.php?rest_route=\/wp\/v2\/types\/page"}],"author":[{"embeddable":true,"href":"https:\/\/terrarara.com.br\/index.php?rest_route=\/wp\/v2\/users\/1"}],"replies":[{"embeddable":true,"href":"https:\/\/terrarara.com.br\/index.php?rest_route=%2Fwp%2Fv2%2Fcomments&post=25993"}],"version-history":[{"count":0,"href":"https:\/\/terrarara.com.br\/index.php?rest_route=\/wp\/v2\/pages\/25993\/revisions"}],"up":[{"embeddable":true,"href":"https:\/\/terrarara.com.br\/index.php?rest_route=\/wp\/v2\/pages\/9604"}],"wp:attachment":[{"href":"https:\/\/terrarara.com.br\/index.php?rest_route=%2Fwp%2Fv2%2Fmedia&parent=25993"}],"curies":[{"name":"wp","href":"https:\/\/api.w.org\/{rel}","templated":true}]}}