{"id":25913,"date":"2025-09-19T19:05:04","date_gmt":"2025-09-19T19:05:04","guid":{"rendered":"http:\/\/terrarara.com.br\/terrarara\/?page_id=25913"},"modified":"2025-09-19T19:05:04","modified_gmt":"2025-09-19T19:05:04","slug":"cometa-interestelar-3iatlas-esta-ficando-mais-brilhante-do-que-o-esperado","status":"publish","type":"page","link":"https:\/\/terrarara.com.br\/?page_id=25913","title":{"rendered":"Cometa interestelar 3i\/atlas est\u00e1 ficando mais brilhante do que o esperado"},"content":{"rendered":"<div class=\"wp-block-image\"><figure><img src=\"https:\/\/vendedoradesonhos.com.br\/upload\/1\/sites\/img_40293_1200.jpg\" alt=\"\" style=\"width:100%\"><figcaption>Aqui est\u00e1 uma das imagens mais recentes do objeto interestelar Cometa 3I\/ATLAS. O Espectr\u00f3grafo Multiobjeto Gemini (GMOS) no telesc\u00f3pio Gemini Sul em Cerro Pach\u00f3n, no Chile, capturou esta imagem, que o NOIRLab divulgou em 4 de setembro de 2025. As cores das estrelas de fundo s\u00e3o devidas a 4 filtros. O cometa foi fixado no centro do campo de vis\u00e3o do telesc\u00f3pio, enquanto as posi\u00e7\u00f5es das estrelas de fundo mudaram, mostrando listras. Imagem via Observat\u00f3rio Internacional Gemini\/ NOIRLab\/ NSF\/ AURA\/ Shadow the Scientist. Processamento de imagem: J. Miller &#038; M. Rodriguez (Observat\u00f3rio Internacional Gemini\/NSF NOIRLab), T.A. Rector (Universidade do Alasca Anchorage\/NSF NOIRLab), M. Zamani (NSF NOIRLab).<\/figcaption><\/figure><\/div><hr><\/p><p>\r\n\t<a href=''https:\/\/terrarara.com.br\"s=3i\/atlas''>#3I\/Atlas<\/a>\u00a0<\/p><p><\/p><p>\r\n\t<strong>O cometa 3I\/ATLAS, um visitante de outro sistema estelar, est\u00e1 brilhando mais r\u00e1pido do que os cientistas previam<\/strong><\/p><p> At\u00e9 recentemente, ele seguia o padr\u00e3o esperado de aumento de brilho \u00e0 medida que se aproximava do Sol. Mas, em meados de setembro de 2025, observa\u00e7\u00f5es mostraram que ele est\u00e1 ficando mais brilhante do que o normal para um cometa se aproximando do Sol. Cometas s\u00e3o imprevis\u00edveis, ent\u00e3o n\u00e3o sabemos se esse aumento significa que ele ser\u00e1 ainda mais vis\u00edvel ou se \u00e9 apenas um surto tempor\u00e1rio. S\u00f3 o tempo dir\u00e1.\r\n<\/p><p>\r\n<div class=\"wp-block-image\"><figure><img src=\"https:\/\/vendedoradesonhos.com.br\/upload\/1\/sites\/img_40293b_1200.png\" alt=\"\" style=\"width:100%\"><figcaption>Em meados de setembro, os dados do banco de dados Comet Observation (COBS), mantido pelo Observat\u00f3rio Crni Vrh, mostram que o cometa interestelar 3I\/ATLAS est\u00e1 superando as expectativas. O cometa est\u00e1 brilhando mais r\u00e1pido do que o esperado. Ser\u00e1 apenas uma explos\u00e3o e ele retornar\u00e1 a um estado ligeiramente mais fraco? Ou ser\u00e1 mais brilhante do que os cientistas inicialmente imaginaram? Isso ainda est\u00e1 para ser visto. Imagem via COBS (CC BY 4.0).<\/figcaption><\/figure><\/div><hr><\/p><p><b>Por que o cometa est\u00e1 brilhando mais? <\/b>\r\n<\/p><p>\r\nQuando um cometa se aproxima do Sol, o gelo de \u00e1gua em sua superf\u00edcie se transforma diretamente em g\u00e1s, num processo chamado *sublima\u00e7\u00e3o*. Esse processo libera part\u00edculas de poeira que estavam presas no n\u00facleo do cometa. Esse g\u00e1s e poeira formam a *coma* brilhante e difusa que vemos, junto com a cauda do cometa.\r\n<\/p><p><\/p><p>\r\n<div class=\"wp-block-image\"><figure><img src=\"https:\/\/vendedoradesonhos.com.br\/upload\/1\/sites\/img_40293c_1200.jpg\" alt=\"\" style=\"width:100%\"><figcaption>Este diagrama mostra o disco fino da Via L\u00e1ctea em azul-petr\u00f3leo e o disco grosso em amarelo. Um novo artigo afirma que o Cometa 3I\/ATLAS provavelmente se originou do disco fino da Via L\u00e1ctea. Imagem via Gaba P\/Wikip\u00e9dia (CC BY-SA 3.0).<\/figcaption><\/figure><\/div><hr><\/p><p><b>Passagem por Marte <\/b>\r\n<\/p><p>\r\nSe o cometa mantiver esse brilho, ele pode oferecer um belo espet\u00e1culo ao passar por Marte em 3 de outubro de 2025, \u00e0s 4h da manh\u00e3 (hor\u00e1rio UTC, ou 1h da manh\u00e3 no hor\u00e1rio de Bras\u00edlia). Ele estar\u00e1 mais pr\u00f3ximo de Marte nesse momento, e algumas sondas que normalmente observam o planeta vermelho, como a *Mars Reconnaissance Orbiter*, a *Trace Gas Orbiter* da Ag\u00eancia Espacial Europeia (ESA) e a *Mars Express*, v\u00e3o virar suas c\u00e2meras para o cometa. Isso pode nos dar imagens incr\u00edveis desse visitante interestelar.\r\n<\/p><p><\/p><p>\r\n<div class=\"wp-block-image\"><figure><img src=\"https:\/\/vendedoradesonhos.com.br\/upload\/1\/sites\/img_40293d_1200.jpg\" alt=\"\" style=\"width:100%\"><figcaption>O Telesc\u00f3pio Espacial Hubble capturou esta imagem do objeto interestelar 3I\/ATLAS em 21 de julho de 2025. Foi a imagem mais n\u00edtida do objeto at\u00e9 o momento, obtida quando ele estava a 364 milh\u00f5es de km da Terra. Atualmente, a maioria dos astr\u00f4nomos acredita que este objeto seja um cometa. Nesta imagem, um casulo de poeira em forma de l\u00e1grima, semelhante a um cometa, pode ser visto emergindo de seu n\u00facleo s\u00f3lido, presumivelmente gelado. Imagem via NASA\/ESA\/D. Jewitt (UCLA); Processamento de Imagem: J. DePasquale (STScI).<\/figcaption><\/figure><\/div><hr><\/p><p><b>De onde veio o 3I\/ATLAS? <\/b>\r\n<\/p><p>\r\nUma equipe liderada por Xabier P\u00e9rez-Couto, da Universidade da Corunha, na Espanha, rastreou o caminho do cometa 3I\/ATLAS por 10 milh\u00f5es de anos. Este \u00e9 apenas o terceiro objeto interestelar conhecido que entrou em nosso sistema solar, ou seja, ele n\u00e3o nasceu aqui, mas veio de outro sistema estelar. Os cientistas queriam descobrir de qual estrela ele veio ou se alguma estrela alterou seu caminho enquanto ele viajava at\u00e9 n\u00f3s.\r\n<\/p><p>\r\nUsando dados do observat\u00f3rio espacial *Gaia*, que mapeou bilh\u00f5es de estrelas na Via L\u00e1ctea por 12 anos, os pesquisadores analisaram o trajeto do cometa. Eles calcularam que ele viajou mais de 100 milh\u00f5es de unidades astron\u00f4micas (UA, a dist\u00e2ncia entre a Terra e o Sol) at\u00e9 chegar aqui. Identificaram 93 poss\u00edveis &#8220;encontros? com estrelas, sendo 62 considerados importantes, mas nenhum deles foi pr\u00f3ximo o suficiente para mudar o caminho do cometa. Assim, eles n\u00e3o conseguiram identificar a estrela de origem do 3I\/ATLAS.\r\n<\/p><p><\/p><p>\r\n<div class=\"wp-block-image\"><figure><blockquote class=\"bluesky-embed\" data-bluesky-uri=\"at:\/\/did:plc:bxxv3ty2lwpzyivx3axvq3fy\/app.bsky.feed.post\/3luiwnar3j22o\" data-bluesky-cid=\"bafyreiewkfci3k2went7epuhyrnpnc2ztvgzr5etol5sj36ctomsp5fisi\" data-bluesky-embed-color-mode=\"system\"><p lang=\"en\">Hubble Space Telescope images of interstellar comet 3I\/ATLAS are out! These were taken 5 hours ago. Plenty of cosmic rays peppering the images, but the comet&#8217;s coma looks very nice and puffy. Best of luck to the researchers trying to write up papers for this&#8230;  archive.stsci.edu\/proposal_sea&#8230; ?<br><br><a href=\"https:\/\/bsky.app\/profile\/did:plc:bxxv3ty2lwpzyivx3axvq3fy\/post\/3luiwnar3j22o?ref_src=embed\">[image or embed]<\/a><\/p>&#8211; astrafoxen (<a href=\"https:\/\/bsky.app\/profile\/did:plc:bxxv3ty2lwpzyivx3axvq3fy?ref_src=embed\">@astrafoxen.bsky.social<\/a>) <a href=\"https:\/\/bsky.app\/profile\/did:plc:bxxv3ty2lwpzyivx3axvq3fy\/post\/3luiwnar3j22o?ref_src=embed\">21 de julho de 2025 \u00e0s 18:28<\/a><\/blockquote><script async src=\"https:\/\/embed.bsky.app\/static\/embed.js\" charset=\"utf-8\"><\/script><figcaption><\/figcaption><\/figure><\/div><hr>\r\n<\/p><p>\r\n<b>Por que \u00e9 t\u00e3o dif\u00edcil rastrear sua origem? <\/b>\r\n<\/p><p>\r\nRastrear o caminho de um objeto como o 3I\/ATLAS \u00e9 muito complicado. Pequenas incertezas na \u00f3rbita ou no movimento das estrelas crescem com o tempo, dificultando a an\u00e1lise. Mesmo assim, os cientistas conclu\u00edram que o cometa provavelmente veio do *disco fino* da Via L\u00e1ctea, uma regi\u00e3o com objetos mais jovens, e n\u00e3o do *disco espesso*, como se pensou antes. Ainda assim, o cometa pode ser muito antigo, talvez formado em um sistema estelar muito velho, com bilh\u00f5es de anos.\r\n<\/p><p>\r\nO que o 3I\/ATLAS pode nos ensinar?\r\n<\/p><p>\r\nO cometa \u00e9 como uma c\u00e1psula do tempo, viajando pelo espa\u00e7o interestelar por bilh\u00f5es de anos antes de chegar ao nosso sistema solar. Ele pode nos ajudar a entender como sistemas planet\u00e1rios se formam. Quando planetas nascem, rochas, g\u00e1s e poeira colidem e formam corpos maiores. \u00c0s vezes, peda\u00e7os de material, como o 3I\/ATLAS, s\u00e3o jogados para fora de seus sistemas e vagam pelo espa\u00e7o. Estudar esse cometa pode revelar como planetas se formam, como materiais como \u00e1gua e compostos org\u00e2nicos se espalham pela gal\u00e1xia e como sistemas planet\u00e1rios evoluem.\r\n<\/p><p><\/p><p>\r\n<div class=\"wp-block-image\"><figure><img src=\"https:\/\/vendedoradesonhos.com.br\/upload\/1\/sites\/img_40293f_1200.jpg\" alt=\"\" style=\"width:100%\"><figcaption>\u00c0 esquerda, o objeto interestelar Cometa 3I\/ATLAS atravessa um denso campo estelar, conforme observado pelo telesc\u00f3pio Gemini Norte, no Hava\u00ed. As cores s\u00e3o cortesia de tr\u00eas filtros: vermelho, verde e azul. \u00c0 direita, uma inser\u00e7\u00e3o mostra a cabeleira compacta do cometa, ou nuvem de g\u00e1s e poeira ao redor de seu n\u00facleo gelado. O NOIRLab divulgou esta imagem em 15 de julho de 2025. Imagem via Observat\u00f3rio Internacional Gemini\/NOIRLab\/NSF\/AURA\/K. Meech (IfA\/U. Hava\u00ed). Processamento de imagem: Jen Miller e Mahdi Zamani (NSF NOIRLab).<\/figcaption><\/figure><\/div><hr><\/p><p><b>Podemos visitar o cometa com uma nave espacial? <\/b>\r\n<\/p><p>\r\nO cometa foi descoberto em 1\u00ba de julho de 2025, e desde ent\u00e3o muitos perguntam se podemos enviar uma nave para estud\u00e1-lo de perto. Segundo o astr\u00f4nomo Colin Snodgrass, da Universidade de Edimburgo, n\u00e3o h\u00e1 tempo para planejar uma miss\u00e3o espec\u00edfica para o 3I\/ATLAS. Mas a Ag\u00eancia Espacial Europeia est\u00e1 preparando a *Comet Interceptor*, uma miss\u00e3o futura que ser\u00e1 lan\u00e7ada para interceptar cometas interestelares como esse.\r\n<\/p><p>\r\nQual \u00e9 o tamanho do 3I\/ATLAS?\r\n<\/p><p>\r\nQuando foi descoberto, o n\u00facleo (ou parte central) do cometa foi estimado em cerca de 20 km de di\u00e2metro. Em julho, com dados do Observat\u00f3rio Vera C. Rubin, no Chile, essa estimativa caiu para 10 km. Agora, com imagens do Telesc\u00f3pio Espacial Hubble, o tamanho foi reduzido para cerca de 5,6 km, mas pode ser ainda menor, talvez apenas 320 metros!\r\n<\/p><p>\r\nPara compara\u00e7\u00e3o, os outros dois objetos interestelares conhecidos, *1I\/&#8221;Oumuamua* e *2I\/Borisov*, s\u00e3o menores: *&#8221;Oumuamua* tem cerca de 200 metros, e *Borisov*, menos de 1 km.\r\n<\/p><p><\/p><p>\r\n<div class=\"wp-block-image\"><figure><img src=\"https:\/\/vendedoradesonhos.com.br\/upload\/1\/sites\/img_40293g_1200.jpg\" alt=\"\" style=\"width:100%\"><figcaption>Filipp Romanov capturou o objeto interestelar em 2 de julho de 2025, quando ainda se chamava A11pI3Z. Filipp escreveu: <\/figcaption><\/figure><\/div><hr><\/p><p><b>Do que \u00e9 feito o 3I\/ATLAS? <\/b>\r\n<\/p><p>\r\nAstr\u00f4nomos liderados por Bin Yang, do Instituto de Estudos Astrof\u00edsicos no Chile, descobriram que o cometa tem muito gelo de \u00e1gua. Ele tamb\u00e9m tem uma composi\u00e7\u00e3o de poeira parecida com asteroides do tipo D, que orbitam mais longe no nosso sistema solar e cont\u00eam materiais ricos em carbono e silicatos.\r\n<\/p><p>\r\nQu\u00e3o velho \u00e9 o cometa?\r\n<\/p><p>\r\nLogo ap\u00f3s sua descoberta, o astr\u00f4nomo Matthew Hopkins, da Universidade de Oxford, sugeriu que o 3I\/ATLAS pode ter mais de 7 bilh\u00f5es de anos, mais velho que nosso sistema solar, que tem cerca de 4,6 bilh\u00f5es de anos. Isso faria dele um dos cometas mais antigos j\u00e1 observados!\r\n<\/p><p><\/p><p>\r\n<div class=\"wp-block-image\"><figure><img src=\"https:\/\/vendedoradesonhos.com.br\/upload\/1\/sites\/img_40293h_1200.jpg\" alt=\"\" style=\"width:100%\"><figcaption>Este gr\u00e1fico mostra que o cometa interestelar estar\u00e1 perto de duas gal\u00e1xias em Libra por volta das 20h30 CDT em 19 de setembro de 2025. Imagem via Eddie Irizarry\/ Stellarium.<\/figcaption><\/figure><\/div><hr><\/p><p><b>Como o 3I\/ATLAS foi descoberto? <\/b>\r\n<\/p><p>\r\nO cometa foi detectado em 1\u00ba de julho de 2025 pelo sistema de telesc\u00f3pios *ATLAS* (Asteroid Terrestrial-impact Last Alert System). No dia seguinte, o *Minor Planet Center* confirmou que ele \u00e9 interestelar e o nomeou *3I\/ATLAS* (ou *C\/2025 N1*). O &#8220;3I? indica que \u00e9 o terceiro objeto interestelar descoberto. Sua trajet\u00f3ria e velocidade mostraram que ele n\u00e3o pertence ao nosso sistema solar. O Telesc\u00f3pio Hubble o fotografou em 21 de julho de 2025.\r\n<\/p><p>\r\nPara onde ele est\u00e1 indo?\r\n<\/p><p>\r\nO cometa est\u00e1 se aproximando do Sol e chegar\u00e1 ao ponto mais pr\u00f3ximo (*peri\u00e9lio*) em outubro de 2025, a cerca de 2 unidades astron\u00f4micas (duas vezes a dist\u00e2ncia da Terra ao Sol). Ele est\u00e1 viajando a uma velocidade incr\u00edvel, cerca de 25.000 km\/h, o que confirma que ele n\u00e3o est\u00e1 preso pela gravidade do Sol e vai escapar do nosso sistema solar.\r\n<\/p><p>\r\nResumo\r\n<\/p><p>\r\nO cometa 3I\/ATLAS \u00e9 um visitante raro de outro sistema estelar, brilhando mais do que o esperado e podendo oferecer um belo show ao passar por Marte em 3 de outubro. Ele pode nos ajudar a entender a forma\u00e7\u00e3o de planetas e a hist\u00f3ria da Via L\u00e1ctea, mas sua origem exata ainda \u00e9 um mist\u00e9rio. Astr\u00f4nomos est\u00e3o observando de perto, e quem sabe o que mais esse viajante c\u00f3smico vai nos ensinar!\r\n<\/p><p><\/p><p>\r\n<hr>\r\n\r\n<p style=\"text-align:right\"><em>Publicado em 19\/09\/2025 19h05<\/em><\/p>\r\n<hr>\r\n<p style=\"text-align:right\"><em><a href=\"https:\/\/terrarara.com.br\/en\/?page_id=3045\">English version<\/a><\/em><\/p>\r\n<hr>\r\n\r\n\t\t\t<p>Texto adaptado por IA (Grok) do original em ingl\u00eas. Imagens de bibliotecas p\u00fablicas de imagens ou cr\u00e9ditos na legenda. Informa\u00e7\u00f5es sobre DOI, autor e institui\u00e7\u00e3o encontram-se no corpo do artigo.<\/p>\r\n\t\t\t<hr>\r\n\t\t\t<p>Artigo referencia:<\/p>\r\n\t\t\r\n\t\t\t\r\n\r\n<ul><li><a href=\"https:\/\/earthsky.org\/space\/new-interstellar-object-candidate-heading-toward-the-sun-a11pl3z\/\" target=\"_blank\">https:\/\/earthsky.org\/space\/new-interstellar-object-candidate-heading-toward-the-sun-a11pl3z\/<\/a><\/li><\/ul>\r\n\r\n\r\n\r\n\r\n<hr class=\"wp-block-separator is-style-wide\"\/>\r\n\r\n<div style=\"position: buttonline;\"><iframe loading=\"lazy\" src=\"https:\/\/vendedoradesonhos.com.br\/rodape_sites.php?arg=40293\" frameborder=\"0\" height=\"420px\" width=\"100%\"><\/iframe><\/div>\r\n<div style=\"position: buttonline;\"><iframe loading=\"lazy\" src=\"https:\/\/vendedoradesonhos.com.br\/comentario_navegacao.php?arg=40293\" frameborder=\"0\" height=\"500px\" width=\"100%\"><\/iframe><\/div>\r\n<div style=\"position:absolute; width:40%; height:70px; top:-70px; left:0px;\"><iframe loading=\"lazy\" src=\"https:\/\/vendedoradesonhos.com.br\/oferta_site_esq.php?arg=40293\" frameborder=\"0\" height=\"100%\" width=\"100%\"><\/iframe><\/div>\r\n<div style=\"position:absolute; width:40%; height:70px; top:-70px; right:0px;\"><iframe loading=\"lazy\" src=\"https:\/\/vendedoradesonhos.com.br\/oferta_site_dir.php?arg=40293\" frameborder=\"0\" height=\"100%;\" width=\"100%\"><\/iframe><\/div>\r\n<a href=\"https:\/\/jagsystem.com\">\r\n<div style=\"position:absolute; height:200px; width:94%; left:3%; text-align:center; border-color: white; border-radius: 5px; border-style: solid;\">\r\n<table width=\"100%\" align=\"center\"><tr><td width=\"30%\" align=\"right\">Geoprocessamento<br>Sistemas para drones<br>HPC<\/td><td width=\"30%\">\r\n<img src=\"https:\/\/vendedoradesonhos.com.br\/wp-content\/uploads\/2022\/10\/logo_branco_jag6.png\" vspace=\"20\" width=\"250\" border=\"0\">\r\n<\/td><td width=\"30%\" align=\"left\">Sistemas ERP e CRM<br>Sistemas mobile<br>IA<\/td><\/tr><\/table>\r\n<\/div>\r\n<\/a><br><br><br><br>","protected":false},"excerpt":{"rendered":"","protected":false},"author":1,"featured_media":0,"parent":9624,"menu_order":0,"comment_status":"closed","ping_status":"closed","template":"","meta":[],"_links":{"self":[{"href":"https:\/\/terrarara.com.br\/index.php?rest_route=\/wp\/v2\/pages\/25913"}],"collection":[{"href":"https:\/\/terrarara.com.br\/index.php?rest_route=\/wp\/v2\/pages"}],"about":[{"href":"https:\/\/terrarara.com.br\/index.php?rest_route=\/wp\/v2\/types\/page"}],"author":[{"embeddable":true,"href":"https:\/\/terrarara.com.br\/index.php?rest_route=\/wp\/v2\/users\/1"}],"replies":[{"embeddable":true,"href":"https:\/\/terrarara.com.br\/index.php?rest_route=%2Fwp%2Fv2%2Fcomments&post=25913"}],"version-history":[{"count":0,"href":"https:\/\/terrarara.com.br\/index.php?rest_route=\/wp\/v2\/pages\/25913\/revisions"}],"up":[{"embeddable":true,"href":"https:\/\/terrarara.com.br\/index.php?rest_route=\/wp\/v2\/pages\/9624"}],"wp:attachment":[{"href":"https:\/\/terrarara.com.br\/index.php?rest_route=%2Fwp%2Fv2%2Fmedia&parent=25913"}],"curies":[{"name":"wp","href":"https:\/\/api.w.org\/{rel}","templated":true}]}}