{"id":25791,"date":"2025-08-16T08:55:09","date_gmt":"2025-08-16T08:55:09","guid":{"rendered":"http:\/\/terrarara.com.br\/terrarara\/?page_id=25791"},"modified":"2025-08-16T08:55:09","modified_gmt":"2025-08-16T08:55:09","slug":"ossos-humanos-revelam-evidencias-de-um-banquete-canibalistico-assustador","status":"publish","type":"page","link":"https:\/\/terrarara.com.br\/?page_id=25791","title":{"rendered":"Ossos humanos revelam evid\u00eancias de um banquete canibal\u00edstico assustador"},"content":{"rendered":"<div class=\"wp-block-image\"><figure><img src=\"https:\/\/vendedoradesonhos.com.br\/img\/sites\/img_canibalismo_antigo2.jpg\" alt=\"\" style=\"width:100%\"><figcaption>Algumas das marcas de corte catalogadas pelos pesquisadores. (Saladi\u00e9 et al., Sci. Rep., 2025)<\/figcaption><\/figure><\/div><hr><\/p><p>\r\n\t<a href=\"https:\/\/doi.org\/10.1038\/s41598-025-10266-w\" target=\"_blank\">doi.org\/10.1038\/s41598-025-10266-w<\/a><br><a href=\"https:\/\/vendedoradesonhos.com.br\/credibilidade_estudo.php?c=40043\">Credibilidade<\/a>: <font color=\"#00FFFF\">9<\/font><font color=\"#00FF00\">8<\/font><font color=\"#FFFF00\">9<\/font><br><a href=''https:\/\/terrarara.com.br\"s=canibalismo''>#Canibalismo<\/a>\u00a0<\/p><p><\/p><p>\r\n\t<strong>Cerca de 5.700 anos atr\u00e1s, na Pen\u00ednsula Ib\u00e9rica, durante o final do per\u00edodo Neol\u00edtico, um grupo de pessoas pode ter cometido um ato chocante de viol\u00eancia: comeram outras pessoas, possivelmente seus vizinhos.<\/strong><\/p><p> Essa descoberta foi feita a partir de ossos encontrados na caverna El Mirador, na Sierra de Atapuerca, na Espanha.\r\n<\/p><p>\r\nPelo menos 11 pessoas, incluindo crian\u00e7as e adolescentes, foram esfoladas, tiveram a carne retirada, foram desmembradas, tiveram os ossos quebrados, cozidos e comidos. Isso \u00e9 o que mostram marcas em ossos que datam de 5.709 a 5.573 anos atr\u00e1s. O mais curioso \u00e9 que tudo parece ter acontecido em um \u00fanico evento, possivelmente isolado, sugerindo que essas pessoas n\u00e3o eram canibais habituais. Elas podem ter feito isso por motivos extremos, como um conflito entre grupos rivais da regi\u00e3o.\r\n<\/p><p>\r\n&#8220;Estamos lidando com um novo caso de canibalismo nos s\u00edtios de Atapuerca&#8221;, explica Palmira Saladi\u00e9, paleoecologista do Instituto Catal\u00e3o de Paleoecologia Humana e Evolu\u00e7\u00e3o Social (IPHES), na Espanha. &#8220;O canibalismo \u00e9 um comportamento muito complexo de entender, porque \u00e9 dif\u00edcil imaginar humanos comendo outros humanos. Al\u00e9m disso, muitas vezes faltam evid\u00eancias para explicar o contexto exato desse ato, e preconceitos sociais frequentemente o interpretam como algo b\u00e1rbaro.&#8221;\r\n<\/p><p>\r\nA hist\u00f3ria da humanidade tem v\u00e1rios registros de canibalismo ao longo dos mil\u00eanios, inclusive em diferentes momentos na Pen\u00ednsula Ib\u00e9rica. Esse comportamento podia ter v\u00e1rias raz\u00f5es, desde a necessidade de sobreviv\u00eancia at\u00e9 rituais funer\u00e1rios, onde comer os mortos era uma forma simb\u00f3lica de mant\u00ea-los &#8220;vivos? no corpo dos vivos.\r\n<\/p><p>\r\nNa caverna El Mirador, os pesquisadores encontraram 650 fragmentos de ossos humanos com sinais de manipula\u00e7\u00e3o ap\u00f3s a morte. Esses sinais incluem marcas de cortes em 132 ossos, que indicam que as pessoas foram esfoladas, desmembradas e tiveram os \u00f3rg\u00e3os internos retirados. Alguns ossos tamb\u00e9m mostram sinais de &#8220;polimento por panela&#8221;, que acontece quando os ossos s\u00e3o cozidos em uma panela, e descolora\u00e7\u00e3o causada por fogo. Al\u00e9m disso, h\u00e1 ossos com marcas de dentes humanos, sugerindo que foram ro\u00eddos.\r\n<\/p><p>\r\n<div class=\"wp-block-image\"><figure><img src=\"https:\/\/vendedoradesonhos.com.br\/img\/sites\/img_canibalismo_antigo3.jpg\" alt=\"\" style=\"width:100%\"><figcaption>Esses ossos apresentam danos que podem ser resultado de mastiga\u00e7\u00e3o. (Saladi\u00e9 et al., Sci. Rep., 2025)<\/figcaption><\/figure><\/div><hr><\/p><p>Outro detalhe interessante \u00e9 que a data\u00e7\u00e3o por radiocarbono indica que todas as pessoas consumidas morreram quase ao mesmo tempo e foram processadas em um \u00fanico evento, que pode ter durado alguns dias. An\u00e1lises dos ossos tamb\u00e9m mostram que as v\u00edtimas eram pessoas locais, n\u00e3o de fora.\r\n<\/p><p>\r\n&#8220;N\u00e3o parece ter sido um ritual funer\u00e1rio ou uma resposta a uma fome extrema&#8221;, diz Francesc Marginedas, antrop\u00f3logo evolucionista do IPHES. &#8220;As evid\u00eancias apontam para um epis\u00f3dio violento, provavelmente resultado de um conflito entre comunidades agr\u00edcolas vizinhas.&#8221;\r\n<\/p><p>\r\nNunca saberemos ao certo o que levou a esse banquete horr\u00edvel h\u00e1 5.700 anos, mas os pesquisadores acreditam que pode ter sido uma demonstra\u00e7\u00e3o extrema de controle social. &#8220;Conflitos e formas de gerenci\u00e1-los ou evit\u00e1-los fazem parte da natureza humana&#8221;, explica Antonio Rodr\u00edguez-Hidalgo, arqueozoologista do IPHES. &#8220;Registros arqueol\u00f3gicos e etnogr\u00e1ficos mostram que, mesmo em sociedades pequenas e menos hier\u00e1rquicas, epis\u00f3dios violentos podiam acontecer, e os inimigos podiam ser consumidos como uma forma de elimina\u00e7\u00e3o total.&#8221;\r\n<\/p><p>\r\nH\u00e1 cada vez mais evid\u00eancias de que a viol\u00eancia entre grupos era comum na Pen\u00ednsula Ib\u00e9rica durante o Neol\u00edtico, provavelmente por disputas de territ\u00f3rio, competi\u00e7\u00e3o por recursos ou press\u00e3o populacional, j\u00e1 que mais pessoas estavam migrando para a regi\u00e3o. Os ossos manipulados sugerem que o canibalismo fazia parte desse cen\u00e1rio de viol\u00eancia, como uma ferramenta extrema para derrotar completamente os inimigos.\r\n<\/p><p>\r\nEssa descoberta tamb\u00e9m ajuda a entender melhor o canibalismo na hist\u00f3ria humana. &#8220;A repeti\u00e7\u00e3o dessas pr\u00e1ticas em diferentes momentos da pr\u00e9-hist\u00f3ria recente faz da caverna El Mirador um lugar importante para compreender o canibalismo humano pr\u00e9-hist\u00f3rico, sua rela\u00e7\u00e3o com a morte e poss\u00edveis interpreta\u00e7\u00f5es rituais ou culturais do corpo humano na vis\u00e3o de mundo dessas comunidades&#8221;, conclui Saladi\u00e9.\r\n<\/p><p>\r\n<hr>\r\n\r\n<p style=\"text-align:right\"><em>Publicado em 16\/08\/2025 08h55<\/em><\/p>\r\n<hr>\r\n<p style=\"text-align:right\"><em><a href=\"https:\/\/terrarara.com.br\/en\/?page_id=2923\">English version<\/a><\/em><\/p>\r\n<hr>\r\n\r\n\t\t\t<p>Texto adaptado por IA (Grok) do original em ingl\u00eas. Imagens de bibliotecas p\u00fablicas de imagens ou cr\u00e9ditos na legenda. Informa\u00e7\u00f5es sobre DOI, autor e institui\u00e7\u00e3o encontram-se no corpo do artigo.<\/p>\r\n\t\t\t<hr>\r\n\t\r\n\t\t\t\r\n\r\n<p>Estudo original: <\/p>\r\n\r\n\r\n\r\n<ul><li><a href=\"https:\/\/doi.org\/10.1038\/s41598-025-10266-w\" target=\"_blank\">https:\/\/doi.org\/10.1038\/s41598-025-10266-w<\/a><\/li><\/ul>\r\n\r\n\r\n\r\n<hr class=\"wp-block-separator is-style-wide\"\/>\r\n\r\n<div style=\"position: buttonline;\"><iframe loading=\"lazy\" src=\"https:\/\/vendedoradesonhos.com.br\/rodape_sites.php?arg=40043\" frameborder=\"0\" height=\"420px\" width=\"100%\"><\/iframe><\/div>\r\n<div style=\"position: buttonline;\"><iframe loading=\"lazy\" src=\"https:\/\/vendedoradesonhos.com.br\/comentario_navegacao.php?arg=40043\" frameborder=\"0\" height=\"500px\" width=\"100%\"><\/iframe><\/div>\r\n<div style=\"position:absolute; width:40%; height:70px; top:-70px; left:0px;\"><iframe loading=\"lazy\" src=\"https:\/\/vendedoradesonhos.com.br\/oferta_site_esq.php?arg=40043\" frameborder=\"0\" height=\"100%\" width=\"100%\"><\/iframe><\/div>\r\n<div style=\"position:absolute; width:40%; height:70px; top:-70px; right:0px;\"><iframe loading=\"lazy\" src=\"https:\/\/vendedoradesonhos.com.br\/oferta_site_dir.php?arg=40043\" frameborder=\"0\" height=\"100%;\" width=\"100%\"><\/iframe><\/div>\r\n<a href=\"https:\/\/jagsystem.com\">\r\n<div style=\"position:absolute; height:200px; width:94%; left:3%; text-align:center; border-color: white; border-radius: 5px; border-style: solid;\">\r\n<table width=\"100%\" align=\"center\"><tr><td width=\"30%\" align=\"right\">Geoprocessamento<br>Sistemas para drones<br>HPC<\/td><td width=\"30%\">\r\n<img src=\"https:\/\/vendedoradesonhos.com.br\/wp-content\/uploads\/2022\/10\/logo_branco_jag6.png\" vspace=\"20\" width=\"250\" border=\"0\">\r\n<\/td><td width=\"30%\" align=\"left\">Sistemas ERP e CRM<br>Sistemas mobile<br>IA<\/td><\/tr><\/table>\r\n<\/div>\r\n<\/a><br><br><br><br>","protected":false},"excerpt":{"rendered":"","protected":false},"author":1,"featured_media":0,"parent":9604,"menu_order":0,"comment_status":"closed","ping_status":"closed","template":"","meta":[],"_links":{"self":[{"href":"https:\/\/terrarara.com.br\/index.php?rest_route=\/wp\/v2\/pages\/25791"}],"collection":[{"href":"https:\/\/terrarara.com.br\/index.php?rest_route=\/wp\/v2\/pages"}],"about":[{"href":"https:\/\/terrarara.com.br\/index.php?rest_route=\/wp\/v2\/types\/page"}],"author":[{"embeddable":true,"href":"https:\/\/terrarara.com.br\/index.php?rest_route=\/wp\/v2\/users\/1"}],"replies":[{"embeddable":true,"href":"https:\/\/terrarara.com.br\/index.php?rest_route=%2Fwp%2Fv2%2Fcomments&post=25791"}],"version-history":[{"count":0,"href":"https:\/\/terrarara.com.br\/index.php?rest_route=\/wp\/v2\/pages\/25791\/revisions"}],"up":[{"embeddable":true,"href":"https:\/\/terrarara.com.br\/index.php?rest_route=\/wp\/v2\/pages\/9604"}],"wp:attachment":[{"href":"https:\/\/terrarara.com.br\/index.php?rest_route=%2Fwp%2Fv2%2Fmedia&parent=25791"}],"curies":[{"name":"wp","href":"https:\/\/api.w.org\/{rel}","templated":true}]}}