{"id":25285,"date":"2025-05-13T06:25:58","date_gmt":"2025-05-13T06:25:58","guid":{"rendered":"http:\/\/terrarara.com.br\/terrarara\/?page_id=25285"},"modified":"2025-05-13T06:25:58","modified_gmt":"2025-05-13T06:25:58","slug":"conheca-a-casa-reconstruida-dos-dinossauros-polares-que-viveram-na-antartida-ha-120-milhoes-de-anos","status":"publish","type":"page","link":"https:\/\/terrarara.com.br\/?page_id=25285","title":{"rendered":"Conhe\u00e7a a casa reconstru\u00edda dos &#8221;dinossauros polares&#8221; que viveram na Ant\u00e1rtida h\u00e1 120 milh\u00f5es de anos"},"content":{"rendered":"<div class=\"wp-block-image\"><figure><img src=\"https:\/\/vendedoradesonhos.com.br\/upload\/1\/sites\/img_38953_1200.jpg\" alt=\"\" style=\"width:100%\"><figcaption>Uma reconstru\u00e7\u00e3o de uma paisagem de floresta tropical e rio de clima temperado frio durante o in\u00edcio do per\u00edodo Cret\u00e1ceo, no que hoje \u00e9 o sul da Austr\u00e1lia. (Cr\u00e9dito da imagem: Obra de Robert Nicholls. Publicada em Korasidis &#038; Wagstaff (2025) Alcheringa. Redistribu\u00edda sob os termos da Licen\u00e7a de Atribui\u00e7\u00e3o Creative Commons.)<\/figcaption><\/figure><\/div><hr><\/p><p>\r\n\t<a href=\"https:\/\/doi.org\/10.1080\/03115518.2025.2489614\" target=\"_blank\">doi.org\/10.1080\/03115518.2025.2489614<\/a><br><a href=\"https:\/\/vendedoradesonhos.com.br\/credibilidade_estudo.php?c=38953\">Credibilidade<\/a>: <font color=\"#00FFFF\">9<\/font><font color=\"#00FF00\">8<\/font><font color=\"#FFFF00\">9<\/font><br><a href=''https:\/\/terrarara.com.br\"s=ant\u00e1rtica''>#Ant\u00e1rtica<\/a>\u00a0<\/p><p><\/p><p>\r\n\t<strong>F\u00f3sseis encontrados na Austr\u00e1lia guardam pistas de plantas da era dos dinossauros, quando a regi\u00e3o ficava no C\u00edrculo Polar Ant\u00e1rtico<\/strong><\/p><p> Agora, cientistas recriaram como era o ambiente onde viviam os chamados &#8220;dinossauros polares&#8221;, usando restos de plantas como p\u00f3len e esporos.\r\n<\/p><p>\r\nHoje, a Austr\u00e1lia \u00e9 uma ilha isolada, mas, h\u00e1 120 milh\u00f5es de anos, ela fazia parte de uma enorme massa de terra junto com a Ant\u00e1rtida, localizada no C\u00edrculo Polar. Nessa \u00e9poca, dinossauros habitavam essa regi\u00e3o, e um novo estudo revelou como era o lugar onde eles viviam.\r\n<\/p><p>\r\nImagens criadas pelos cientistas mostram que os &#8220;dinossauros polares&#8221; caminhavam por florestas frescas e \u00famidas, cortadas por rios e cobertas por grandes samambaias. Entre esses dinossauros estavam os pequenos ornit\u00f3podes, que comiam plantas e tinham bicos com muitos dentes, e os pequenos ter\u00f3podes, dinossauros carn\u00edvoros que andavam sobre duas pernas e muitas vezes tinham penas, segundo Vera Korasidis, uma das autoras do estudo, em um artigo na revista The Conversation.\r\n<\/p><p>\r\n&#8220;O que hoje \u00e9 o estado de Victoria, na Austr\u00e1lia, ficava dentro do C\u00edrculo Polar, a 80 graus ao sul do equador, e passava meses na escurid\u00e3o&#8221;, explicou Korasidis, que \u00e9 professora de geoci\u00eancias ambientais na Universidade de Melbourne e pesquisadora do Museu Nacional de Hist\u00f3ria Natural do Smithsonian. &#8220;Mesmo com essas condi\u00e7\u00f5es dif\u00edceis, os dinossauros prosperaram ali, deixando rastros de sua exist\u00eancia em v\u00e1rios s\u00edtios paleontol\u00f3gicos.&#8221;\r\n<\/p><p>\r\nA quantidade de luz solar na Ant\u00e1rtida n\u00e3o mudou ao longo dos milh\u00f5es de anos, mas o clima na era dos dinossauros, chamada de Cret\u00e1ceo (entre 145 e 66 milh\u00f5es de anos atr\u00e1s), era muito mais quente do que hoje. As temperaturas eram, em m\u00e9dia, de 6 a 14 graus Celsius mais altas, e n\u00e3o havia gelo nos polos. O in\u00edcio do Cret\u00e1ceo (de 140 a 110 milh\u00f5es de anos atr\u00e1s) foi um dos per\u00edodos mais quentes dos \u00faltimos 500 milh\u00f5es de anos, segundo Korasidis.\r\n<\/p><p>\r\nPor muitos anos, cientistas estudaram rochas com f\u00f3sseis de dinossauros no estado de Victoria, mas tamb\u00e9m analisaram p\u00f3len e esporos microsc\u00f3picos de plantas que existiam perto do Polo Sul durante o in\u00edcio do Cret\u00e1ceo. No novo estudo, Korasidis e sua colega Barbara Wagstaff, especialista em p\u00f3len e esporos da Universidade de Melbourne, examinaram quase 300 amostras de p\u00f3len e esporos de 48 locais na costa de Victoria. Essas amostras, de 130 a 110 milh\u00f5es de anos atr\u00e1s, ajudaram a entender como eram as florestas e \u00e1reas alagadas onde os dinossauros viviam.\r\n<\/p><p>\r\nOs resultados do estudo, publicados na revista Alcheringa em 7 de maio, mostram que as florestas eram formadas principalmente por con\u00edferas (como pinheiros) no topo, enquanto samambaias, incluindo samambaias arb\u00f3reas e outras mais primitivas, dominavam o ch\u00e3o. A partir de 113 milh\u00f5es de anos atr\u00e1s, come\u00e7aram a aparecer muitas plantas com flores, o que tamb\u00e9m aconteceu em outras partes do mundo.\r\n<\/p><p>\r\n&#8220;A chegada das plantas com flores mudou o ambiente, causando a extin\u00e7\u00e3o de v\u00e1rias plantas menores&#8221;, escreveu Korasidis. &#8220;Por volta de 100 milh\u00f5es de anos atr\u00e1s, as florestas de Victoria tinham con\u00edferas altas, com plantas com flores, samambaias, musgos e outras plantas pequenas no ch\u00e3o.&#8221;\r\n<\/p><p>\r\nEssa mudan\u00e7a nas plantas tamb\u00e9m afetou os dinossauros. Muitos come\u00e7aram a comer plantas com flores no final do Cret\u00e1ceo, segundo a revista Smithsonian. Assim, o estudo revela n\u00e3o s\u00f3 como era o lar dos &#8220;dinossauros polares&#8221;, mas tamb\u00e9m como as mudan\u00e7as no ambiente moldaram a vida deles.<hr>\r\n\r\n<p style=\"text-align:right\"><em>Publicado em 13\/05\/2025 06h25<\/em><\/p>\r\n<hr>\r\n<p style=\"text-align:right\"><em><a href=\"https:\/\/terrarara.com.br\/en\/?page_id=2424\">English version<\/a><\/em><\/p>\r\n<hr>\r\n\r\n\t\t\t<p>Texto adaptado por IA (Grok) do original em ingl\u00eas. Imagens de bibliotecas p\u00fablicas de imagens ou cr\u00e9ditos na legenda. Informa\u00e7\u00f5es sobre DOI, autor e institui\u00e7\u00e3o encontram-se no corpo do artigo.<\/p>\r\n\t\t\t<hr>\r\n\t\t\t<p>Artigo referencia:<\/p>\r\n\t\t\r\n\t\t\t\r\n\r\n<ul><li><a href=\"https:\/\/www.livescience.com\/planet-earth\/plants\/see-the-reconstructed-home-of-polar-dinosaurs-that-thrived-in-the-antarctic-120-million-years-ago\" target=\"_blank\">https:\/\/www.livescience.com\/planet-earth\/plants\/see-the-reconstructed-home-of-polar-dinosaurs-that-thrived-in-the-antarctic-120-million-years-ago<\/a><\/li><\/ul>\r\n\r\n\r\n\r\n\r\n<hr class=\"wp-block-separator is-style-wide\"\/>\r\n\r\n<div style=\"position: buttonline;\"><iframe loading=\"lazy\" src=\"https:\/\/vendedoradesonhos.com.br\/rodape_sites.php?arg=38953\" frameborder=\"0\" height=\"420px\" width=\"100%\"><\/iframe><\/div>\r\n<div style=\"position: buttonline;\"><iframe loading=\"lazy\" src=\"https:\/\/vendedoradesonhos.com.br\/comentario_navegacao.php?arg=38953\" frameborder=\"0\" height=\"500px\" width=\"100%\"><\/iframe><\/div>\r\n<div style=\"position:absolute; width:40%; height:70px; top:-70px; left:0px;\"><iframe loading=\"lazy\" src=\"https:\/\/vendedoradesonhos.com.br\/oferta_site_esq.php?arg=38953\" frameborder=\"0\" height=\"100%\" width=\"100%\"><\/iframe><\/div>\r\n<div style=\"position:absolute; width:40%; height:70px; top:-70px; right:0px;\"><iframe loading=\"lazy\" src=\"https:\/\/vendedoradesonhos.com.br\/oferta_site_dir.php?arg=38953\" frameborder=\"0\" height=\"100%;\" width=\"100%\"><\/iframe><\/div>\r\n<a href=\"https:\/\/jagsystem.com\">\r\n<div style=\"position:absolute; height:200px; width:94%; left:3%; text-align:center; border-color: white; border-radius: 5px; border-style: solid;\">\r\n<table width=\"100%\" align=\"center\"><tr><td width=\"30%\" align=\"right\">Geoprocessamento<br>Sistemas para drones<br>HPC<\/td><td width=\"30%\">\r\n<img src=\"https:\/\/vendedoradesonhos.com.br\/wp-content\/uploads\/2022\/10\/logo_branco_jag6.png\" vspace=\"20\" width=\"250\" border=\"0\">\r\n<\/td><td width=\"30%\" align=\"left\">Sistemas ERP e CRM<br>Sistemas mobile<br>IA<\/td><\/tr><\/table>\r\n<\/div>\r\n<\/a><br><br><br><br>","protected":false},"excerpt":{"rendered":"","protected":false},"author":1,"featured_media":0,"parent":62,"menu_order":0,"comment_status":"closed","ping_status":"closed","template":"","meta":[],"_links":{"self":[{"href":"https:\/\/terrarara.com.br\/index.php?rest_route=\/wp\/v2\/pages\/25285"}],"collection":[{"href":"https:\/\/terrarara.com.br\/index.php?rest_route=\/wp\/v2\/pages"}],"about":[{"href":"https:\/\/terrarara.com.br\/index.php?rest_route=\/wp\/v2\/types\/page"}],"author":[{"embeddable":true,"href":"https:\/\/terrarara.com.br\/index.php?rest_route=\/wp\/v2\/users\/1"}],"replies":[{"embeddable":true,"href":"https:\/\/terrarara.com.br\/index.php?rest_route=%2Fwp%2Fv2%2Fcomments&post=25285"}],"version-history":[{"count":0,"href":"https:\/\/terrarara.com.br\/index.php?rest_route=\/wp\/v2\/pages\/25285\/revisions"}],"up":[{"embeddable":true,"href":"https:\/\/terrarara.com.br\/index.php?rest_route=\/wp\/v2\/pages\/62"}],"wp:attachment":[{"href":"https:\/\/terrarara.com.br\/index.php?rest_route=%2Fwp%2Fv2%2Fmedia&parent=25285"}],"curies":[{"name":"wp","href":"https:\/\/api.w.org\/{rel}","templated":true}]}}