{"id":24897,"date":"2025-02-21T19:20:22","date_gmt":"2025-02-21T19:20:22","guid":{"rendered":"http:\/\/terrarara.com.br\/terrarara\/?page_id=24897"},"modified":"2025-02-21T19:20:22","modified_gmt":"2025-02-21T19:20:22","slug":"motores-flagelares-como-as-bacterias-alcancam-quase-100-de-eficiencia-energetica","status":"publish","type":"page","link":"https:\/\/terrarara.com.br\/?page_id=24897","title":{"rendered":"Motores flagelares: como as bact\u00e9rias alcan\u00e7am quase 100% de efici\u00eancia energ\u00e9tica"},"content":{"rendered":"<div class=\"wp-block-image\"><figure><img src=\"https:\/\/vendedoradesonhos.com.br\/upload\/1\/sites\/img_38148_1200.jpg\" alt=\"\" style=\"width:100%\"><figcaption>Esse estudo identificou os principais componentes estruturais dos caminhos dos \u00edons de s\u00f3dio no estator do motor flagelar bacteriano.Tamb\u00e9m descobriu algumas das mudan\u00e7as estruturais pelas quais o estator passa \u00e0 medida que os \u00edons fluem atrav\u00e9s dele e como muta\u00e7\u00f5es e produtos qu\u00edmicos espec\u00edficos podem interferir nessa fun\u00e7\u00e3o.<\/figcaption><\/figure><\/div><hr><\/p><p>\r\n\tD_O_IC_R_E_D<a href='https:\/\/terrarara.com.br\"s=bact\u00e9ria'>#Bact\u00e9ria<\/a>&nbsp;<\/p><p><\/p><p>\r\n\t<strong>Imagens de microscopia eletr\u00f4nica mostram estruturas e mecanismos importantes dentro das m\u00e1quinas moleculares que algumas bact\u00e9rias usam para se locomover<\/strong><\/p><p> Quando falamos de motores, a maioria das pessoas pensa em carros ou m\u00e1quinas. Mas os motores biol\u00f3gicos existem h\u00e1 milh\u00f5es de anos em micro-organismos. Muitas bact\u00e9rias t\u00eam estruturas parecidas com caudas, chamadas flagelos, que giram para ajud\u00e1-las a se mover em l\u00edquidos. Esse movimento \u00e9 produzido por um conjunto de prote\u00ednas chamado motor flagelar.<\/p><p>\r\nO motor flagelar tem duas partes principais: o rotor e os estatores. O rotor \u00e9 uma estrutura grande que gira e fica presa \u00e0 membrana da c\u00e9lula, sendo ele o respons\u00e1vel por movimentar o flagelo. J\u00e1 os estatores s\u00e3o estruturas menores ao redor do rotor e possuem canais por onde passam \u00edons, como pr\u00f3tons ou \u00edons de s\u00f3dio, dependendo do tipo de bact\u00e9ria. Quando esses \u00edons carregados atravessam os canais, os estatores mudam de forma e empurram o rotor, fazendo-o girar. Apesar de muitos estudos sobre os estatores, ainda n\u00e3o est\u00e1 totalmente claro como esses canais de \u00edons funcionam.<\/p><p>\r\nUm Olhar Mais Atento ao Motor Flagelar da Vibrio alginolyticus<\/p><p>\r\nNesse contexto, uma equipe de pesquisa liderada pelo Professor Assistente Tatsuro Nishikino, do Instituto de Tecnologia de Nagoya, analisou o motor flagelar da bact\u00e9ria Vibrio alginolyticus. A equipe tamb\u00e9m contou com Norihiro Takekawa e Katsumi Imada, da Universidade de Osaka, Jun-ichi Kishikawa, do Instituto de Tecnologia de Kyoto, e Seiji Kojima, da Universidade de Nagoya. Os resultados foram publicados na revista Proceedings of the National Academy of Sciences of the United States of America em 30 de dezembro de 2024.<\/p><p>\r\nOs cientistas usaram uma t\u00e9cnica avan\u00e7ada chamada microscopia crio-eletr\u00f4nica (CryoEM), que permite tirar fotos muito detalhadas de mol\u00e9culas biol\u00f3gicas. Para isso, eles congelaram rapidamente as bact\u00e9rias e as observaram com um microsc\u00f3pio eletr\u00f4nico. Analisando V. alginolyticus normais e modificadas geneticamente, a equipe conseguiu capturar imagens dos estatores em diferentes momentos e identificou cavidades importantes por onde passam os \u00edons de s\u00f3dio.<\/p><p>\r\nCom base nesses dados, os pesquisadores criaram um modelo que explica como os \u00edons de s\u00f3dio se movem pelos estatores. Em resumo, as subunidades dos estatores da Vibrio alginolyticus, organizadas em um anel, funcionam como filtros que deixam passar apenas \u00edons de s\u00f3dio, bloqueando outros tipos de \u00edons. Eles tamb\u00e9m descobriram como uma subst\u00e2ncia chamada fenamil, que bloqueia canais de \u00edons, impede o movimento dos \u00edons de s\u00f3dio pelos estatores.<\/p><p>\r\nModelo Proposto para o Fluxo de \u00cdons de S\u00f3dio<\/p><p>\r\nOs resultados desse estudo podem ser muito \u00fateis na \u00e1rea da medicina.<\/p><p>\r\n&#8220;O movimento baseado em flagelos est\u00e1 ligado a infec\u00e7\u00f5es e \u00e0 toxicidade de algumas bact\u00e9rias perigosas. Um dos motivos para fazer esse estudo foi encontrar maneiras de desativar essas bact\u00e9rias, limitando sua capacidade de se mover. Entender como o motor flagelar funciona em n\u00edvel molecular \u00e9 essencial para isso&#8221;, explica Tatsuro.<\/p><p>\r\nAl\u00e9m disso, o conhecimento sobre motores flagelares pode inspirar a cria\u00e7\u00e3o de m\u00e1quinas min\u00fasculas. &#8220;Os motores flagelares s\u00e3o como nanom\u00e1quinas moleculares, com cerca de 45 nan\u00f4metros de di\u00e2metro e uma efici\u00eancia energ\u00e9tica de quase 100%. Nossos resultados s\u00e3o um grande avan\u00e7o para entender como eles geram for\u00e7a, o que pode ser muito importante para desenvolver motores moleculares em escala nanom\u00e9trica&#8221;, conclui Tatsuro.<\/p><p>\r\nEsperamos que novos estudos ajudem a esclarecer todos os detalhes dessas incr\u00edveis m\u00e1quinas naturais!<hr>\r\n\r\n<p style=\"text-align:right\"><em>Publicado em 21\/02\/2025 19h20<\/em><\/p>\r\n<hr>\r\n<p style=\"text-align:right\"><em><a href=\"https:\/\/terrarara.com.br\/en\/?page_id=2043\">English version<\/a><\/em><\/p>\r\n<hr>\r\n\r\n\t\t\t<p>Texto adaptado por IA (ChatGPT \/ Gemini) do original em ingl\u00eas. Imagens de bibliotecas p\u00fablicas de imagens ou cr\u00e9ditos na legenda. Informa\u00e7\u00f5es sobre DOI, autor e institui\u00e7\u00e3o encontram-se no corpo do artigo.<\/p>\r\n\t\t\t<hr>\r\n\t\r\n\t\t\t\r\n\r\n<p>Estudo original: <\/p>\r\n\r\n\r\n\r\n<ul><li><a href=\"https:\/\/doi.org\/10.1073\/pnas.2415713122\" target=\"_blank\">https:\/\/doi.org\/10.1073\/pnas.2415713122<\/a><\/li><\/ul>\r\n\r\n\r\n\r\n<hr class=\"wp-block-separator is-style-wide\"\/>\r\n\r\n<div style=\"position: buttonline;\"><iframe loading=\"lazy\" src=\"https:\/\/vendedoradesonhos.com.br\/rodape_sites.php?arg=38148\" frameborder=\"0\" height=\"420px\" width=\"100%\"><\/iframe><\/div>\r\n<div style=\"position: buttonline;\"><iframe loading=\"lazy\" src=\"https:\/\/vendedoradesonhos.com.br\/comentario_navegacao.php?arg=38148\" frameborder=\"0\" height=\"500px\" width=\"100%\"><\/iframe><\/div>\r\n<div style=\"position:absolute; width:40%; height:70px; top:-70px; left:0px;\"><iframe loading=\"lazy\" src=\"https:\/\/vendedoradesonhos.com.br\/oferta_site_esq.php?arg=38148\" frameborder=\"0\" height=\"100%\" width=\"100%\"><\/iframe><\/div>\r\n<div style=\"position:absolute; width:40%; height:70px; top:-70px; right:0px;\"><iframe loading=\"lazy\" src=\"https:\/\/vendedoradesonhos.com.br\/oferta_site_dir.php?arg=38148\" frameborder=\"0\" height=\"100%;\" width=\"100%\"><\/iframe><\/div>\r\n<a href=\"https:\/\/jagsystem.com\">\r\n<div style=\"position:absolute; height:200px; width:94%; left:3%; text-align:center; border-color: white; border-radius: 5px; border-style: solid;\">\r\n<table width=\"100%\" align=\"center\"><tr><td width=\"30%\" align=\"right\">Geoprocessamento<br>Sistemas para drones<br>HPC<\/td><td width=\"30%\">\r\n<img src=\"https:\/\/vendedoradesonhos.com.br\/wp-content\/uploads\/2022\/10\/logo_branco_jag6.png\" vspace=\"20\" width=\"250\" border=\"0\">\r\n<\/td><td width=\"30%\" align=\"left\">Sistemas ERP e CRM<br>Sistemas mobile<br>IA<\/td><\/tr><\/table>\r\n<\/div>\r\n<\/a><br><br><br><br>","protected":false},"excerpt":{"rendered":"","protected":false},"author":1,"featured_media":0,"parent":0,"menu_order":0,"comment_status":"closed","ping_status":"closed","template":"","meta":[],"_links":{"self":[{"href":"https:\/\/terrarara.com.br\/index.php?rest_route=\/wp\/v2\/pages\/24897"}],"collection":[{"href":"https:\/\/terrarara.com.br\/index.php?rest_route=\/wp\/v2\/pages"}],"about":[{"href":"https:\/\/terrarara.com.br\/index.php?rest_route=\/wp\/v2\/types\/page"}],"author":[{"embeddable":true,"href":"https:\/\/terrarara.com.br\/index.php?rest_route=\/wp\/v2\/users\/1"}],"replies":[{"embeddable":true,"href":"https:\/\/terrarara.com.br\/index.php?rest_route=%2Fwp%2Fv2%2Fcomments&post=24897"}],"version-history":[{"count":0,"href":"https:\/\/terrarara.com.br\/index.php?rest_route=\/wp\/v2\/pages\/24897\/revisions"}],"wp:attachment":[{"href":"https:\/\/terrarara.com.br\/index.php?rest_route=%2Fwp%2Fv2%2Fmedia&parent=24897"}],"curies":[{"name":"wp","href":"https:\/\/api.w.org\/{rel}","templated":true}]}}