{"id":24224,"date":"2024-10-22T23:07:10","date_gmt":"2024-10-22T23:07:10","guid":{"rendered":"http:\/\/terrarara.com.br\/terrarara\/?page_id=24224"},"modified":"2024-10-22T18:07:04","modified_gmt":"2024-10-22T18:07:04","slug":"pinturas-rupestres-na-africa-do-sul-provavelmente-mostram-dicinodontes-extintos","status":"publish","type":"page","link":"https:\/\/terrarara.com.br\/?page_id=24224","title":{"rendered":"Pinturas rupestres na \u00c1frica do Sul provavelmente mostram dicinodontes extintos"},"content":{"rendered":"<div class=\"wp-block-image\"><figure><img src=\"https:\/\/vendedoradesonhos.com.br\/upload\/1\/sites\/img_36963_1200.jpg\" alt=\"\" style=\"width:100%\"><figcaption>Uma imagem composta mostra a pintura de arte rupestre de um antigo Dicinodonte, ao lado de um f\u00f3ssil da esp\u00e9cie e uma impress\u00e3o art\u00edstica da arte rupestre. Cr\u00e9dito: Wits University<\/figcaption><\/figure><\/div><hr><\/p><p>\r\n\t<a href=\"https:\/\/doi.org\/10.1371\/journal.pone.0309908\" target=\"_blank\">doi.org\/10.1371\/journal.pone.0309908<\/a><br><a href=\"https:\/\/vendedoradesonhos.com.br\/credibilidade_estudo.php?c=36963\">Credibilidade<\/a>: <font color=\"#00FFFF\">9<\/font><font color=\"#00FF00\">8<\/font><font color=\"#FFFF00\">9<\/font><br><a href='https:\/\/terrarara.com.br?s=pinturas rupestres'>#Pinturas rupestres<\/a>&nbsp;<\/p><p><\/p><p>\r\n\t<strong>Pinturas rupestres dos San na \u00c1frica do Sul provavelmente mostram dicinodontes extintos, evidenciando o envolvimento precoce dos povos locais na paleontologia antes da descoberta ocidental.<\/p><p>\r\n<\/strong><\/p><p>Artistas San podem ter pintado um animal antigo que viveu no sul da \u00c1frica h\u00e1 mais de 250 milh\u00f5es de anos, de acordo com uma nova pesquisa publicada na revista Plos One.\r\n<\/p><p>\r\nA pintura, localizada em uma caverna na fazenda La Belle France, na prov\u00edncia do Estado Livre, na \u00c1frica do Sul, pode ser a pe\u00e7a de arte mais antiga do mundo que representa um r\u00e9ptil parecido com mam\u00edfero extinto, chamado dicinodonte, criada muito antes da descoberta cient\u00edfica oficial do animal, que s\u00f3 aconteceu pelo menos uma d\u00e9cada depois.\r\n<\/p><p>\r\nReinterpretando Arte Rupestre Mal Identificada:\r\n<\/p><p>\r\nO professor Julien Benoit, um paleont\u00f3logo da Universidade de Witwatersrand (Wits University), reinterpretou essa misteriosa pintura rupestre, que antes havia sido identificada erroneamente como um animal parecido com uma morsa ou at\u00e9 mesmo um tigre-dente-de-sabre.\r\n<\/p><p>\r\n&#8220;Embora a imagem se pare\u00e7a estranhamente com uma morsa, n\u00e3o existem animais assim na \u00c1frica&#8221;, diz Benoit.\r\n<\/p><p>\r\n<div class=\"wp-block-image\"><figure><img src=\"https:\/\/vendedoradesonhos.com.br\/upload\/1\/sites\/img_36963b_1200.jpg\" alt=\"\" style=\"width:100%\"><figcaption>A antiga arte rupestre San em uma caverna na fazenda La Belle France, na prov\u00edncia de Free State, na \u00c1frica do Sul, revela a representa\u00e7\u00e3o mais antiga conhecida do extinto Dicinodonte. Cr\u00e9dito: Wits University<\/figcaption><\/figure><\/div><hr><\/p><p><b><\/p><p>\r\nLigando a Arte \u00e0s Descobertas Paleontol\u00f3gicas<\/b>\r\n<\/p><p>\r\nOs dicinodontes s\u00e3o antigos parentes dos mam\u00edferos que viveram na Terra entre 265 e 200 milh\u00f5es de anos atr\u00e1s. A regi\u00e3o de Karoo, na \u00c1frica do Sul, onde a pintura foi encontrada, \u00e9 conhecida por ter muitos f\u00f3sseis desses animais.\r\n<\/p><p>\r\n&#8220;Os San viviam e ca\u00e7avam em meio a pegadas f\u00f3sseis, ossos, cr\u00e2nios e dentes de r\u00e9pteis extintos h\u00e1 muito tempo&#8221;, explica Benoit. &#8220;Essa pintura \u00e9 uma prova convincente de que eles n\u00e3o s\u00f3 descobriram esses f\u00f3sseis, mas tamb\u00e9m tentaram reconstruir o animal vivo em suas artes.&#8221;\r\n<\/p><p>\r\nEvid\u00eancias de Conhecimentos Paleontol\u00f3gicos Antigos:\r\n<\/p><p>\r\nBenoit encontrou v\u00e1rios ossos f\u00f3sseis perto da caverna, apoiando a ideia de que os artistas San basearam suas pinturas em descobertas f\u00f3sseis reais. Curiosamente, a postura do corpo do animal pintado imita a &#8220;pose de morte? que \u00e9 comum em esqueletos fossilizados, o que refor\u00e7a a conex\u00e3o com descobertas paleontol\u00f3gicas.\r\n<\/p><p>\r\nAcredita-se que a pintura tenha sido feita antes de 1835, enquanto a primeira descri\u00e7\u00e3o cient\u00edfica dos dicinodontes aconteceu em 1845, pelo paleont\u00f3logo brit\u00e2nico Sir Richard Owen. Isso mostra que os San foram pioneiros na paleontologia, reconhecendo e representando esp\u00e9cies extintas muito antes da comunidade cient\u00edfica formal.\r\n<\/p><p>\r\n&#8220;Essa descoberta \u00e9 extraordin\u00e1ria. Ela sugere que o povo San estava se envolvendo com a paleontologia muito antes dos cientistas ocidentais saberem que esses seres existiram&#8221;, afirma Benoit.\r\n<\/p><p>\r\nSignificado Cultural e Mitol\u00f3gico:\r\n<\/p><p>\r\nUm mito dos San conta que &#8220;enormes bestas&#8221;, agora completamente extintas, costumavam vagar pelo sul da \u00c1frica h\u00e1 muito tempo. Essa hist\u00f3ria pode se referir aos f\u00f3sseis de dicinodontes da regi\u00e3o de Karoo que os San descobriram e tentaram entender. O estudo da pintura rupestre da caverna La Belle France e do animal misterioso nela representado apoia essa ideia.\r\n<\/p><p>\r\n&#8220;O dicinodonte pode ter sido representado como um &#8220;animal-da-chuva&#8221;, uma criatura m\u00edtica na cosmologia dos San. Eles podem ter tido um significado especial nas pinturas dos San.&#8221;\r\n<\/p><p>\r\nEssa pesquisa n\u00e3o s\u00f3 reescreve a hist\u00f3ria da paleontologia, mas tamb\u00e9m destaca o profundo conhecimento cient\u00edfico e as habilidades de observa\u00e7\u00e3o das comunidades ind\u00edgenas. Ela abre novas possibilidades para interpretar a arte rupestre e compreender a rela\u00e7\u00e3o complexa entre os povos antigos e o mundo pr\u00e9-hist\u00f3rico ao seu redor.<\/p><p><\/p><p>\r\n<hr>\r\n\r\n<p style=\"text-align:right\"><em>Publicado em 22\/10\/2024 23h07<\/em><\/p>\r\n<hr>\r\n<p style=\"text-align:right\"><em><a href=\"https:\/\/terrarara.com.br\/en\/?page_id=1373\">English version<\/a><\/em><\/p>\r\n\r\n\r\n\r\n\r\n<p>Artigo original: <\/p>\r\n\r\n\r\n\r\n<ul><li><a href=\"https:\/\/scitechdaily.com\/rewriting-the-history-of-paleontology-ancient-san-rock-painting-depicts-250-million-year-old-animal-long-before-scientists-knew-it-existed\/\" target=\"_blank\">https:\/\/scitechdaily.com\/rewriting-the-history-of-paleontology-ancient-san-rock-painting-depicts-250-million-year-old-animal-long-before-scientists-knew-it-existed\/<\/a><\/li><\/ul>\r\n\r\n\r\n<p>Estudo original: <\/p>\r\n\r\n\r\n\r\n<ul><li><a href=\"https:\/\/doi.org\/10.1371\/journal.pone.0309908\" target=\"_blank\">https:\/\/doi.org\/10.1371\/journal.pone.0309908<\/a><\/li><\/ul>\r\n\r\n\r\n\r\n<hr class=\"wp-block-separator is-style-wide\"\/>\r\n\r\n<div style=\"position: buttonline;\"><iframe loading=\"lazy\" src=\"https:\/\/vendedoradesonhos.com.br\/rodape_sites.php?arg=36963\" frameborder=\"0\" height=\"420px\" width=\"100%\"><\/iframe><\/div>\r\n<div style=\"position: buttonline;\"><iframe loading=\"lazy\" src=\"https:\/\/vendedoradesonhos.com.br\/comentario_navegacao.php?arg=36963\" frameborder=\"0\" height=\"500px\" width=\"100%\"><\/iframe><\/div>\r\n<div style=\"position:absolute; width:40%; height:70px; top:-70px; left:0px;\"><iframe loading=\"lazy\" src=\"https:\/\/vendedoradesonhos.com.br\/oferta_site_esq.php?arg=36963\" frameborder=\"0\" height=\"100%\" width=\"100%\"><\/iframe><\/div>\r\n<div style=\"position:absolute; width:40%; height:70px; top:-70px; right:0px;\"><iframe loading=\"lazy\" src=\"https:\/\/vendedoradesonhos.com.br\/oferta_site_dir.php?arg=36963\" frameborder=\"0\" height=\"100%;\" width=\"100%\"><\/iframe><\/div>","protected":false},"excerpt":{"rendered":"","protected":false},"author":0,"featured_media":0,"parent":6,"menu_order":0,"comment_status":"closed","ping_status":"","template":"","meta":[],"_links":{"self":[{"href":"https:\/\/terrarara.com.br\/index.php?rest_route=\/wp\/v2\/pages\/24224"}],"collection":[{"href":"https:\/\/terrarara.com.br\/index.php?rest_route=\/wp\/v2\/pages"}],"about":[{"href":"https:\/\/terrarara.com.br\/index.php?rest_route=\/wp\/v2\/types\/page"}],"replies":[{"embeddable":true,"href":"https:\/\/terrarara.com.br\/index.php?rest_route=%2Fwp%2Fv2%2Fcomments&post=24224"}],"version-history":[{"count":0,"href":"https:\/\/terrarara.com.br\/index.php?rest_route=\/wp\/v2\/pages\/24224\/revisions"}],"up":[{"embeddable":true,"href":"https:\/\/terrarara.com.br\/index.php?rest_route=\/wp\/v2\/pages\/6"}],"wp:attachment":[{"href":"https:\/\/terrarara.com.br\/index.php?rest_route=%2Fwp%2Fv2%2Fmedia&parent=24224"}],"curies":[{"name":"wp","href":"https:\/\/api.w.org\/{rel}","templated":true}]}}