{"id":24153,"date":"2024-10-13T18:57:16","date_gmt":"2024-10-13T18:57:16","guid":{"rendered":"http:\/\/terrarara.com.br\/terrarara\/?page_id=24153"},"modified":"2024-10-13T13:57:14","modified_gmt":"2024-10-13T13:57:14","slug":"geologos-desvendam-misterio-de-134-milhoes-de-anos-sobre-a-formacao-de-geodos-de-ametista","status":"publish","type":"page","link":"https:\/\/terrarara.com.br\/?page_id=24153","title":{"rendered":"Ge\u00f3logos desvendam mist\u00e9rio de 134 milh\u00f5es de anos sobre a forma\u00e7\u00e3o de geodos de ametista"},"content":{"rendered":"<div class=\"wp-block-image\"><figure><img src=\"https:\/\/vendedoradesonhos.com.br\/upload\/1\/sites\/img_associada_2526-28.jpeg\" alt=\"\" style=\"width:100%\"><figcaption>Imagem via <a href='https:\/\/pixabay.com\/photos\/precious-stone-pierre-crystal-3259727\/' target='_blank'>Pixabay<\/a><\/figcaption><\/figure><\/div><hr><\/p><p>\r\n\t<a href=\"https:\/\/doi.org\/10.1007\/s00126-024-01310-2\" target=\"_blank\">doi.org\/10.1007\/s00126-024-01310-2<\/a><br><a href=\"https:\/\/vendedoradesonhos.com.br\/credibilidade_estudo.php?c=36867\">Credibilidade<\/a>: <font color=\"#00FFFF\">9<\/font><font color=\"#00FF00\">8<\/font><font color=\"#FFFF00\">9<\/font><br><a href='https:\/\/terrarara.com.br?s=cristais'>#Cristais<\/a>\u00a0<\/p><p><\/p><p>\r\n\t<strong>Uma pesquisa recente da Universidade de G\u00f6ttingen revelou que os geodos de ametista encontrados no Uruguai se formaram em baixas temperaturas, a partir de fluidos semelhantes \u00e0 \u00e1gua subterr\u00e2nea. Com base em extensos levantamentos geol\u00f3gicos e m\u00e9todos anal\u00edticos inovadores, os pesquisadores propuseram um novo modelo para explicar como essas forma\u00e7\u00f5es se desenvolveram.<\/p><p>\r\n<\/strong><\/p><p>A ametista, uma variedade violeta do quartzo, \u00e9 usada como gema h\u00e1 s\u00e9culos e \u00e9 um recurso econ\u00f4mico importante no norte do Uruguai. Geodos s\u00e3o forma\u00e7\u00f5es rochosas ocas que muitas vezes cont\u00eam cristais de quartzo, como a ametista, em seu interior.\r\n<\/p><p>\r\nNo Uruguai, esses geodos de ametista foram encontrados em fluxos de lava resfriada que datam da separa\u00e7\u00e3o inicial do supercontinente Gondwana, h\u00e1 cerca de 134 milh\u00f5es de anos. No entanto, a forma como eles se formaram permaneceu um mist\u00e9rio.\r\n<\/p><p>\r\nDesvendando o Mist\u00e9rio da Forma\u00e7\u00e3o das Ametistas:\r\n<\/p><p>\r\nAgora, uma equipe de pesquisadores liderada pela Universidade de G\u00f6ttingen utilizou t\u00e9cnicas de ponta para investigar a forma\u00e7\u00e3o dos geodos de ametista no norte do Uruguai. Eles descobriram que essas forma\u00e7\u00f5es se cristalizaram a temperaturas surpreendentemente baixas, entre 15 e 60 \u00b0C. Esse achado, combinado com outros resultados, permitiu aos cientistas propor um novo modelo para explicar a forma\u00e7\u00e3o desses geodos.\r\n<\/p><p>\r\n<div class=\"wp-block-image\"><figure><img src=\"https:\/\/vendedoradesonhos.com.br\/upload\/1\/sites\/img_36867b_1200.jpg\" alt=\"\" style=\"width:100%\"><figcaption>Pesquisadores da Universidade de G\u00f6ttingen em frente a um geodo gigante de ametista no Uruguai. Geodos como este foram encontrados em fluxos de lava resfriada datados da ruptura original do supercontinente Gondwana, h\u00e1 cerca de 134 milh\u00f5es de anos. Da esquerda para a direita: Dr. Klaus Wemmer, Fiorella Arduin Rode, Dra. Graciela Sosa, Dr. Alfons van den Kerkhof. Cr\u00e9dito: Fiorella Arduin Rode<\/figcaption><\/figure><\/div><hr><\/p><p><b><\/p><p>\r\nT\u00e9cnicas Avan\u00e7adas de Pesquisa no Uruguai<\/b>\r\n<\/p><p>\r\nA pesquisa, publicada na revista *Mineralium Deposita*, foi realizada no Distrito de Los Catalanes, onde a ametista \u00e9 extra\u00edda h\u00e1 mais de 150 anos. A \u00e1rea \u00e9 famosa pela cor violeta intensa e pela alta qualidade de suas gemas, al\u00e9m de abrigar geodos gigantes de at\u00e9 5 metros de altura. Os dep\u00f3sitos dessa regi\u00e3o s\u00e3o considerados um dos 100 principais patrim\u00f4nios geol\u00f3gicos do mundo, destacando seu valor cient\u00edfico e natural. No entanto, a limitada compreens\u00e3o de como esses geodos se formaram dificultava sua localiza\u00e7\u00e3o, que dependia muito da experi\u00eancia dos mineradores.\r\n<\/p><p>\r\nPara enfrentar esse desafio, os pesquisadores realizaram levantamentos geol\u00f3gicos abrangentes em mais de 30 minas ativas, analisando os minerais dos geodos, a \u00e1gua presente neles e a \u00e1gua subterr\u00e2nea. Usando t\u00e9cnicas avan\u00e7adas, como microtermometria assistida por nuclea\u00e7\u00e3o e geoqu\u00edmica de is\u00f3topos triplos de oxig\u00eanio, a equipe descobriu novas informa\u00e7\u00f5es sobre a forma\u00e7\u00e3o desses geodos valiosos. Al\u00e9m de constatar que os geodos se formaram em temperaturas de cristaliza\u00e7\u00e3o baixas, os cientistas tamb\u00e9m mostraram que os fluidos mineralizadores tinham baixa salinidade e uma composi\u00e7\u00e3o isot\u00f3pica compat\u00edvel com a \u00e1gua proveniente do ciclo natural das chuvas, provavelmente origin\u00e1ria de \u00e1guas subterr\u00e2neas armazenadas em rochas pr\u00f3ximas.\r\n<\/p><p><\/p><p>\r\n<div class=\"wp-block-image\"><figure><img src=\"https:\/\/vendedoradesonhos.com.br\/upload\/1\/sites\/img_36867c_1200.jpg\" alt=\"\" style=\"width:100%\"><figcaption>Geodo de ametista-calcita de Los Catalanes j\u00e1 processado na oficina e pronto para vender. Cr\u00e9dito: Fiorella Arduin Rode<\/figcaption><\/figure><\/div><hr><\/p><p><b><\/p><p>\r\nEntendendo a Cristaliza\u00e7\u00e3o das Ametistas<\/b>\r\n<\/p><p>\r\n&#8220;A precis\u00e3o dessas novas t\u00e9cnicas nos permitiu estimar com confian\u00e7a a temperatura e a composi\u00e7\u00e3o dos fluidos mineralizadores&#8221;, disse Fiorella Arduin Rode, autora principal e pesquisadora de doutorado no Centro de Geoci\u00eancias da Universidade de G\u00f6ttingen. &#8220;Nossos achados apoiam a ideia de que essas ametistas se cristalizaram em baixas temperaturas, a partir de fluidos semelhantes \u00e0 \u00e1gua subterr\u00e2nea.&#8221;\r\n<\/p><p>\r\nO estudo prop\u00f5e um modelo em que fases minerais, como a ametista, se cristalizam em cavidades vulc\u00e2nicas de uma rocha escura chamada basalto, influenciadas por varia\u00e7\u00f5es regionais na temperatura da crosta terrestre. Arduin Rode acrescenta: &#8220;Compreender as condi\u00e7\u00f5es de forma\u00e7\u00e3o das ametistas &#8211; como a temperatura e a composi\u00e7\u00e3o do fluido mineralizador, al\u00e9m da fonte de s\u00edlica, o momento da mineraliza\u00e7\u00e3o e sua rela\u00e7\u00e3o com as rochas hospedeiras &#8211; \u00e9 crucial para desvendar o processo. Isso pode melhorar significativamente as t\u00e9cnicas de explora\u00e7\u00e3o e levar a estrat\u00e9gias de minera\u00e7\u00e3o mais sustent\u00e1veis no futuro.&#8221;<\/p><p><\/p><p>\r\n<hr>\r\n\r\n<p style=\"text-align:right\"><em>Publicado em 13\/10\/2024 18h57<\/em><\/p>\r\n\r\n\r\n\r\n<p>Artigo original: <\/p>\r\n\r\n\r\n\r\n<ul><li><a href=\"https:\/\/scitechdaily.com\/geologists-crack-134-million-year-old-mystery-of-amethyst-geode-formation\/\" target=\"_blank\">https:\/\/scitechdaily.com\/geologists-crack-134-million-year-old-mystery-of-amethyst-geode-formation\/<\/a><\/li><\/ul>\r\n\r\n\r\n<p>Estudo original: <\/p>\r\n\r\n\r\n\r\n<ul><li><a href=\"https:\/\/doi.org\/10.1007\/s00126-024-01310-2\" target=\"_blank\">https:\/\/doi.org\/10.1007\/s00126-024-01310-2<\/a><\/li><\/ul>\r\n\r\n\r\n\r\n<hr class=\"wp-block-separator is-style-wide\"\/>\r\n\r\n<div style=\"position: buttonline;\"><iframe loading=\"lazy\" src=\"https:\/\/vendedoradesonhos.com.br\/rodape_sites.php?arg=36867\" frameborder=\"0\" height=\"420px\" width=\"100%\"><\/iframe><\/div>\r\n<div style=\"position: buttonline;\"><iframe loading=\"lazy\" src=\"https:\/\/vendedoradesonhos.com.br\/comentario_navegacao.php?arg=36867\" frameborder=\"0\" height=\"500px\" width=\"100%\"><\/iframe><\/div>\r\n<div style=\"position:absolute; width:40%; height:70px; top:-70px; left:0px;\"><iframe loading=\"lazy\" src=\"https:\/\/vendedoradesonhos.com.br\/oferta_site_esq.php?arg=36867\" frameborder=\"0\" height=\"100%\" width=\"100%\"><\/iframe><\/div>\r\n<div style=\"position:absolute; width:40%; height:70px; top:-70px; right:0px;\"><iframe loading=\"lazy\" src=\"https:\/\/vendedoradesonhos.com.br\/oferta_site_dir.php?arg=36867\" frameborder=\"0\" height=\"100%;\" width=\"100%\"><\/iframe><\/div>","protected":false},"excerpt":{"rendered":"","protected":false},"author":0,"featured_media":0,"parent":25,"menu_order":0,"comment_status":"closed","ping_status":"","template":"","meta":[],"_links":{"self":[{"href":"https:\/\/terrarara.com.br\/index.php?rest_route=\/wp\/v2\/pages\/24153"}],"collection":[{"href":"https:\/\/terrarara.com.br\/index.php?rest_route=\/wp\/v2\/pages"}],"about":[{"href":"https:\/\/terrarara.com.br\/index.php?rest_route=\/wp\/v2\/types\/page"}],"replies":[{"embeddable":true,"href":"https:\/\/terrarara.com.br\/index.php?rest_route=%2Fwp%2Fv2%2Fcomments&post=24153"}],"version-history":[{"count":0,"href":"https:\/\/terrarara.com.br\/index.php?rest_route=\/wp\/v2\/pages\/24153\/revisions"}],"up":[{"embeddable":true,"href":"https:\/\/terrarara.com.br\/index.php?rest_route=\/wp\/v2\/pages\/25"}],"wp:attachment":[{"href":"https:\/\/terrarara.com.br\/index.php?rest_route=%2Fwp%2Fv2%2Fmedia&parent=24153"}],"curies":[{"name":"wp","href":"https:\/\/api.w.org\/{rel}","templated":true}]}}