{"id":21835,"date":"2022-11-13T06:41:31","date_gmt":"2022-11-13T06:41:31","guid":{"rendered":"https:\/\/terrarara.com.br\/?page_id=21835"},"modified":"-0001-11-30T00:00:00","modified_gmt":"-0001-11-30T00:00:00","slug":"dinossauros-com-bico-de-pato-sairam-por-conta-propria-formando-panelinhas","status":"publish","type":"page","link":"https:\/\/terrarara.com.br\/?page_id=21835","title":{"rendered":"Dinossauros com bico de pato sa\u00edram por conta pr\u00f3pria, formando panelinhas"},"content":{"rendered":"<div class=\"wp-block-image\"><figure><img src=\"https:\/\/vendedoradesonhos.com.br\/img\/sites\/img_dinossauro_bico_de_pato.webp\" alt=\"\" style=\"width:100%\"><figcaption>Um grupo de dinossauros Hypacrosaurus juvenis se aproxima de alguns dinossauros com chifres relaxando na floresta. (Cr\u00e9dito da imagem: Sergey Krasovskiy via Getty Images)<\/figcaption><\/figure><\/div><hr><\/p><p>\r\n<strong>Dinossauros juvenis com bico de pato provavelmente andavam em grupos, longe de seu rebanho original, revela uma an\u00e1lise de dois leitos de ossos.<\/strong><\/p><p>\r\nDinossauros adolescentes com bico de pato se separaram do rebanho &#8211; essencialmente dizendo &#8220;At\u00e9 mais tarde!&#8221; para paleo-amigos mais velhos e mais jovens &#8211; e viajaram juntos em panelinhas, sugere uma nova pesquisa.\r\n<\/p><p>\r\nOs paleont\u00f3logos fizeram a descoberta depois de estudar dois leitos de ossos norte-americanos que continham os restos fossilizados do dinossauro Hypacrosaurus stebingeri, tamb\u00e9m conhecido como hadrossauro. Esses dinossauros herb\u00edvoros viveram durante o per\u00edodo Cret\u00e1ceo tardio, cerca de 75 milh\u00f5es de anos atr\u00e1s.\r\n<\/p><p>\r\nAo estudar dinossauros nos leitos \u00f3sseos que morreram em diferentes est\u00e1gios da vida, como juvenis ou adultos, os pesquisadores descobriram que &#8220;indiv\u00edduos jovens deixaram o rebanho em algum momento de sua vida&#8221;, provavelmente quando atingiram cerca de 45% de seu tamanho m\u00e1ximo como adultos maduros, Tristan Joubarne, estudante de p\u00f3s-gradua\u00e7\u00e3o do Departamento de Geoci\u00eancias da Universidade de Calgary, disse \u00e0 Live Science por e-mail.\r\n<\/p><p>\r\n&#8220;Agora temos uma melhor compreens\u00e3o do comportamento de pastoreio e da hist\u00f3ria de vida deste dinossauro&#8221;, disse Joubarne. A pesquisa, que foi apresentada em 4 de novembro na confer\u00eancia anual da Sociedade de Paleontologia de Vertebrados em Toronto, ainda n\u00e3o foi publicada em um peri\u00f3dico revisado por pares.\r\n<\/p><p>\r\nEmbora os hadrossauros estejam entre os dinossauros mais comuns no registro f\u00f3ssil e fossem &#8220;como as vacas ou veados do Cret\u00e1ceo Superior&#8221;, pouco se sabe sobre seu comportamento, disse Joubarne. \u00c9 por isso que ele investigou leitos de ossos; essas pilhas de ossos fossilizados podem ocorrer porque um grupo de animais morreu junto ao mesmo tempo, o que significa que o local pode fornecer pistas sobre como eles interagiram uns com os outros.\r\n<\/p><p>\r\n<div class=\"wp-block-image\"><figure><img src=\"https:\/\/cdn.mos.cms.futurecdn.net\/wmw5tyMA2vFQBuZKTL2Vzi.jpg\" alt=\"\" style=\"width:100%\"><figcaption>O cr\u00e2nio do dinossauro Hypacrosaurus stebingeri. (Cr\u00e9dito da imagem: Fran\u00e7ois Therrien\/Royal Tyrrell Museum of Paleontology)<\/figcaption><\/figure><\/div><hr>\r\n<\/p><p>\r\nUm leito de ossos, encontrado em Devil&#8217;s Coulee, no sul de Alberta, no final da d\u00e9cada de 1980, tinha ossos de pelo menos quatro indiv\u00edduos. O outro, descoberto na Forma\u00e7\u00e3o Two Medicine no noroeste de Montana, tinha ossos de pelo menos tr\u00eas indiv\u00edduos menores. Ambos os leitos de ossos foram escavados e agora est\u00e3o alojados no Museu Real de Paleontologia Tyrrell em Alberta. Uma an\u00e1lise de Joubarne e colegas revelou que os dinossauros em cada leito de ossos morreram ao mesmo tempo, o que significa que eles provavelmente viveram juntos em grupos.\r\n<\/p><p>\r\nJoubarne estava \u00e0 procura de hadrossauros juvenis. Pesquisas anteriores revelaram que o H. stebingeri atingiu a idade adulta por volta dos 10 anos de idade e viveu at\u00e9 pelo menos 13 anos. Indiv\u00edduos totalmente crescidos tinham uma grande crista no topo de suas cabe\u00e7as e mediam at\u00e9 10 metros de comprimento.\r\n<\/p><p>\r\nOs hadrossauros nos dois leitos de ossos tinham cerca de metade desse tamanho ou menos. Os indiv\u00edduos menores n\u00e3o tinham crista, e os maiores estavam come\u00e7ando a crescer, indicando que &#8220;esses dinossauros n\u00e3o eram maduros e ainda tinham um longo caminho a percorrer antes de atingirem a idade adulta&#8221;, disse Joubarne. Os esp\u00e9cimes de Alberta eram todos da mesma idade, enquanto os hadrossauros no leito de Montana variavam em tamanho e provavelmente tinham idades diferentes, disse ele.\r\n<\/p><p>\r\nTomados em conjunto, &#8220;esses leitos de ossos sugerem que indiv\u00edduos muito jovens de Hypacrosaurus stebingeri viveram juntos em um grupo com indiv\u00edduos de v\u00e1rias idades por alguns anos, possivelmente dentro de um rebanho&#8221;, disse Joubarne. &#8220;Depois, quando atingiram um certo tamanho, deixaram o grupo e passaram a conviver exclusivamente com indiv\u00edduos de sua idade.&#8221;\r\n<\/p><p>\r\nUma explica\u00e7\u00e3o para essa segrega\u00e7\u00e3o de idade \u00e9 que eles formaram seu pr\u00f3prio rebanho quando se aproximavam da maturidade sexual, disse Joubarne. Mas isso precisa ser confirmado em mais leitos de ossos, disse ele.\r\n<\/p><p>\r\nOs cientistas suspeitam h\u00e1 muito tempo que os hadrossauros juvenis viviam em grupos separados por idade, mas h\u00e1 poucas evid\u00eancias para apoi\u00e1-lo, disse Kirstin Brink, professora assistente do Departamento de Ci\u00eancias da Terra da Universidade de Manitoba, no Canad\u00e1, que n\u00e3o esteve envolvida no estudo. pesquisar.\r\n<\/p><p>\r\nO novo estudo fornece evid\u00eancias convincentes para essa hip\u00f3tese, disse Brink \u00e0 Live Science por e-mail. Os leitos \u00f3sseos tamb\u00e9m levantam uma quest\u00e3o sobre por que esses hadrossauros juvenis n\u00e3o tinham cristas cranianas bem desenvolvidas, disse Brink.\r\n<\/p><p>\r\n&#8220;Eles foram usados para sinalizar a maturidade sexual? A estrutura social mudou quando atingiram a maturidade sexual?&#8221; disse Brink. &#8220;Estudos como este ajudar\u00e3o a esclarecer a fun\u00e7\u00e3o dessas cristas.&#8221;<\/p><p>\r\n<hr>\r\n\r\n<p style=\"text-align:right\"><em>Publicado em 13\/11\/2022 06h41<\/em><\/p>\r\n\r\n\r\n\r\n<p>Artigo original: <\/p>\r\n\r\n\r\n\r\n<ul><li><a href=\"https:\/\/www.livescience.com\/duck-billed-dinosaur-cliques\" target=\"_blank\">https:\/\/www.livescience.com\/duck-billed-dinosaur-cliques<\/a><\/li><\/ul>\r\n\r\n\r\n\r\n\r\n<hr class=\"wp-block-separator is-style-wide\"\/>\r\n\r\n<div style=\"position: buttonline;\"><iframe loading=\"lazy\" src=\"https:\/\/vendedoradesonhos.com.br\/rodape_sites.php?arg=28216\" frameborder=\"0\" height=\"420px\" width=\"100%\"><\/iframe><\/div>\r\n<div style=\"position: buttonline;\"><iframe loading=\"lazy\" src=\"https:\/\/vendedoradesonhos.com.br\/comentario_navegacao.php?arg=28216\" frameborder=\"0\" height=\"500px\" width=\"100%\"><\/iframe><\/div>\r\n<div style=\"position:absolute; width:40%; height:70px; top:-70px; left:0px;\"><iframe loading=\"lazy\" src=\"https:\/\/vendedoradesonhos.com.br\/oferta_site_esq.php?arg=28216\" frameborder=\"0\" height=\"100%\" width=\"100%\"><\/iframe><\/div>\r\n<div style=\"position:absolute; width:40%; height:70px; top:-70px; right:0px;\"><iframe loading=\"lazy\" src=\"https:\/\/vendedoradesonhos.com.br\/oferta_site_dir.php?arg=28216\" frameborder=\"0\" height=\"100%;\" width=\"100%\"><\/iframe><\/div>","protected":false},"excerpt":{"rendered":"<p>Um grupo de dinossauros Hypacrosaurus juvenis se aproxima de alguns dinossauros com chifres relaxando na floresta. (Cr\u00e9dito da imagem: Sergey Krasovskiy via Getty Images) Dinossauros juvenis com bico de pato provavelmente andavam em grupos, longe de seu rebanho original, revela uma an\u00e1lise de dois leitos de ossos. Dinossauros adolescentes com bico de pato se separaram &hellip; <\/p>\n<p class=\"link-more\"><a href=\"https:\/\/terrarara.com.br\/?page_id=21835\" class=\"more-link\">Continue lendo<span class=\"screen-reader-text\"> &#8220;Dinossauros com bico de pato sa\u00edram por conta pr\u00f3pria, formando panelinhas&#8221;<\/span><\/a><\/p>\n","protected":false},"author":1,"featured_media":0,"parent":62,"menu_order":0,"comment_status":"closed","ping_status":"closed","template":"","meta":[],"_links":{"self":[{"href":"https:\/\/terrarara.com.br\/index.php?rest_route=\/wp\/v2\/pages\/21835"}],"collection":[{"href":"https:\/\/terrarara.com.br\/index.php?rest_route=\/wp\/v2\/pages"}],"about":[{"href":"https:\/\/terrarara.com.br\/index.php?rest_route=\/wp\/v2\/types\/page"}],"author":[{"embeddable":true,"href":"https:\/\/terrarara.com.br\/index.php?rest_route=\/wp\/v2\/users\/1"}],"replies":[{"embeddable":true,"href":"https:\/\/terrarara.com.br\/index.php?rest_route=%2Fwp%2Fv2%2Fcomments&post=21835"}],"version-history":[{"count":0,"href":"https:\/\/terrarara.com.br\/index.php?rest_route=\/wp\/v2\/pages\/21835\/revisions"}],"up":[{"embeddable":true,"href":"https:\/\/terrarara.com.br\/index.php?rest_route=\/wp\/v2\/pages\/62"}],"wp:attachment":[{"href":"https:\/\/terrarara.com.br\/index.php?rest_route=%2Fwp%2Fv2%2Fmedia&parent=21835"}],"curies":[{"name":"wp","href":"https:\/\/api.w.org\/{rel}","templated":true}]}}