{"id":13814,"date":"2021-06-16T17:27:50","date_gmt":"2021-06-16T17:27:50","guid":{"rendered":"https:\/\/terrarara.com.br\/?page_id=13814"},"modified":"-0001-11-30T00:00:00","modified_gmt":"-0001-11-30T00:00:00","slug":"o-primeiro-microssegundo-do-big-bang","status":"publish","type":"page","link":"https:\/\/terrarara.com.br\/?page_id=13814","title":{"rendered":"O primeiro microssegundo do Big Bang"},"content":{"rendered":"<div class=\"wp-block-image\"><figure><img src=\"https:\/\/earthsky.org\/upl\/2021\/06\/Big-Bang-Concept.gif\" alt=\"\" style=\"width:100%\"><figcaption>Conceito art\u00edstico do Big Bang, via Scitechdaily.com.<\/figcaption><\/figure><\/div><hr><\/p><p>\r\n<strong>Como foi o universo logo ap\u00f3s o Big Bang? Os cosmologistas investigam a f\u00edsica b\u00e1sica durante os primeiros tempos usando aceleradores de part\u00edculas. O maior do mundo \u00e9 o Large Hadron Collider no CERN, um t\u00fanel de 17 milhas (27 km) de circunfer\u00eancia, subterr\u00e2neo sob a fronteira da Fran\u00e7a e da Su\u00ed\u00e7a. Em 31 de maio de 2021, os pesquisadores disseram que usaram o Grande Colisor de H\u00e1drons para investigar um tipo espec\u00edfico de plasma presente durante o primeiro milion\u00e9simo de segundo &#8211; tamb\u00e9m conhecido como o primeiro microssegundo, ou 0,000001 segundo &#8211; do Big Bang. Eles disseram que este plasma foi a primeira mat\u00e9ria a estar presente em nosso universo. E, eles disseram, tinha propriedades de l\u00edquido.<\/strong>\r\n<\/p><p>\r\nA revista Physics Letters B, revisada por pares, publicou este novo trabalho online em sua edi\u00e7\u00e3o de 10 de julho de 2021. You Zhou, junto com sua aluna Zuzana Moravcova, ambos do Instituto Niels Bohr da Universidade de Copenhagen, executou o trabalho.\r\n<\/p><p>\r\n<b>Plasma quark-gluon<\/b>\r\n<\/p><p>\r\nOs plasmas s\u00e3o \u00e0s vezes chamados de quarto estado da mat\u00e9ria, depois de s\u00f3lidos, l\u00edquidos e gases. O plasma no universo mais antigo \u00e9 denominado plasma de quark-gluon (QGP).\r\n<\/p><p>\r\nPesquisadores modernos acreditam que ele esteve presente no primeiro 0,000001 segundo do Big Bang.\r\n<\/p><p>\r\nPortanto, imagine o estado da mat\u00e9ria em nosso universo em expans\u00e3o nos dias de hoje. Em seguida, &#8220;execute o filme de tr\u00e1s para frente&#8221; em sua mente, imaginando todas as gal\u00e1xias ficando cada vez mais pr\u00f3ximas enquanto olhamos para tr\u00e1s no tempo. Voc\u00ea pode ver que, durante o primeiro microssegundo do Big Bang, tudo o que sabemos foi reduzido a um volume inconcebivelmente pequeno.\r\n<\/p><p>\r\nE talvez voc\u00ea tamb\u00e9m veja que aqueles primeiros microssegundos de nosso universo foram incrivelmente quentes e densos. \u00c9 nesta \u00e9poca que encontramos o plasma quark-gluon. O v\u00eddeo abaixo, de Don Lincoln do Fermilab, tem mais a dizer sobre este plasma em particular.\r\n<\/p><p>\r\nContinue lendo para saber o que os cientistas do Instituto Niels Bohr aprenderam sobre ele.\r\n<\/p><p>\r\n<iframe loading=\"lazy\" width=\"671\" height=\"450\" src=\"https:\/\/www.youtube.com\/embed\/Rk9KZLaVItI\" title=\"YouTube video player\" frameborder=\"0\" allow=\"accelerometer; autoplay; clipboard-write; encrypted-media; gyroscope; picture-in-picture\" allowfullscreen><\/iframe>\r\n<\/p><p>\r\n<b>O primeiro microssegundo do nosso universo<\/b>\r\n<\/p><p>\r\nO plasma quark-gluon (QGP) &#8211; presente no primeiro 0,000001 segundo do Big Bang &#8211; n\u00e3o durou muito. Ap\u00f3s aqueles primeiros momentos, ele desapareceu \u00e0 medida que o universo se expandiu, tornando-se menos quente e menos denso. \u00c9 um triunfo da ci\u00eancia moderna que os cientistas possam estudar a f\u00edsica desse plasma usando o Grande Colisor de H\u00e1drons. O f\u00edsico de part\u00edculas You Zhou explicou:\r\n<\/p><p>\r\nEstudamos uma subst\u00e2ncia chamada plasma de quark-gluon que era a \u00fanica mat\u00e9ria que existia durante o primeiro microssegundo do Big Bang. Nossos resultados nos contam uma hist\u00f3ria \u00fanica de como o plasma evoluiu no est\u00e1gio inicial do universo.\r\n<\/p><p>\r\nPrimeiro, o plasma que consistia em quarks e gl\u00faons foi separado pela expans\u00e3o quente do universo. Ent\u00e3o, os peda\u00e7os de quark se transformaram nos chamados h\u00e1drons. Um hadr\u00e3o com tr\u00eas quarks forma um pr\u00f3ton, que faz parte [dos n\u00facleos dos \u00e1tomos].\r\n<\/p><p>\r\nEsses n\u00facleos s\u00e3o os blocos de constru\u00e7\u00e3o que constituem a Terra, n\u00f3s mesmos e o universo que nos rodeia.\r\n<\/p><p>\r\nEle explicou como o Grande Colisor de H\u00e1drons no CERN permitiu aos pesquisadores recriar esta primeira mat\u00e9ria na hist\u00f3ria e rastrear o que aconteceu com ela:\r\n<\/p><p>\r\nO colisor esmaga \u00edons do plasma com grande velocidade, quase como a velocidade da luz [186.000 milhas por segundo, ou 300.000 km por segundo]. Isso nos torna capazes de ver como o QGP evoluiu de ser sua pr\u00f3pria mat\u00e9ria para os n\u00facleos dos \u00e1tomos e os blocos de constru\u00e7\u00e3o da vida.\r\n<\/p><p>\r\n<div class=\"wp-block-image\"><figure><img src=\"https:\/\/earthsky.org\/upl\/2021\/06\/Expansion-of-the-Universe-Illustration-e1622709435775.jpg\" alt=\"\" style=\"width:100%\"><figcaption>Uma ilustra\u00e7\u00e3o da expans\u00e3o do universo, via Scitechdaily.com.<\/figcaption><\/figure><\/div><hr>\r\n<\/p><p>\r\n<b>Uma forma de l\u00edquido para a mat\u00e9ria mais antiga<\/b>\r\n<\/p><p>\r\nEsta equipe de cientistas desenvolveu um algoritmo que mostrou como o QGP se expandiu com o passar dos microssegundos e o universo como um todo se expandiu. Seus resultados mostraram que o QGP costumava ter uma forma l\u00edquida. Os cientistas disseram que:\r\n<\/p><p>\r\n&#8211; Distingue-se de outros assuntos por mudar constantemente sua forma ao longo do tempo.\r\n<\/p><p>\r\nZhou comentou:\r\n<\/p><p>\r\nPor muito tempo, os pesquisadores pensaram que o plasma era uma forma de g\u00e1s, mas nossa an\u00e1lise confirma a \u00faltima medi\u00e7\u00e3o do marco, onde o Colisor de H\u00e1drons mostrou que o QGP era fluente e tinha uma textura macia e lisa como \u00e1gua.\r\n<\/p><p>\r\nOs novos detalhes que fornecemos s\u00e3o que o plasma mudou de forma ao longo do tempo, o que \u00e9 bastante surpreendente e diferente de qualquer outro assunto que conhecemos e que esperar\u00edamos.\r\n<\/p><p>\r\nEle comentou que, embora esse novo trabalho possa parecer um pequeno detalhe, ele traz os cientistas um passo mais perto de resolver o quebra-cabe\u00e7a do Big Bang e de como o universo se desenvolveu em seu primeiro microssegundo.<\/p><p>\r\n<hr>\r\n\r\n<p style=\"text-align:right\"><em>Publicado em 16\/06\/2021 17h27<\/em><\/p>\r\n\r\n\r\n\r\n<p>Artigo original: <\/p>\r\n\r\n\r\n\r\n<ul><li><a href=\"https:\/\/earthsky.org\/human-world\/1st-microsecond-of-the-big-bang\/\" target=\"_blank\">https:\/\/earthsky.org\/human-world\/1st-microsecond-of-the-big-bang\/<\/a><\/li><\/ul>\r\n\r\n\r\n\r\n\r\n<hr class=\"wp-block-separator is-style-wide\"\/>\r\n\r\n\r\n<div style=\"position: buttonline;\"><iframe loading=\"lazy\" src=\"https:\/\/vendedoradesonhos.com.br\/rodape_sites.php?arg=18;13814\" frameborder=\"0\" height=\"420px\" width=\"100%\"><\/iframe><\/div>\r\n<div style=\"position: buttonline;\"><iframe loading=\"lazy\" src=\"https:\/\/vendedoradesonhos.com.br\/comentario_navegacao.php?arg=18;13814\" frameborder=\"0\" height=\"500px\" width=\"100%\"><\/iframe><\/div>\r\n<!-- curtir \/ comentar precisa estar logado -->\r\n<div style=\"position:absolute; width:40%; height:70px; top:-70px; left:0px;\"><iframe loading=\"lazy\" src=\"https:\/\/vendedoradesonhos.com.br\/oferta_site_esq.php?arg=18;13814\" frameborder=\"0\" height=\"100%\" width=\"100%\"><\/iframe><\/div>\r\n<div style=\"position:absolute; width:40%; height:70px; top:-70px; right:0px;\"><iframe loading=\"lazy\" src=\"https:\/\/vendedoradesonhos.com.br\/oferta_site_dir.php?arg=18;13814\" frameborder=\"0\" height=\"100%;\" width=\"100%\"><\/iframe><\/div>","protected":false},"excerpt":{"rendered":"<p>Conceito art\u00edstico do Big Bang, via Scitechdaily.com. Como foi o universo logo ap\u00f3s o Big Bang? Os cosmologistas investigam a f\u00edsica b\u00e1sica durante os primeiros tempos usando aceleradores de part\u00edculas. O maior do mundo \u00e9 o Large Hadron Collider no CERN, um t\u00fanel de 17 milhas (27 km) de circunfer\u00eancia, subterr\u00e2neo sob a fronteira da &hellip; <\/p>\n<p class=\"link-more\"><a href=\"https:\/\/terrarara.com.br\/?page_id=13814\" class=\"more-link\">Continue lendo<span class=\"screen-reader-text\"> &#8220;O primeiro microssegundo do Big Bang&#8221;<\/span><\/a><\/p>\n","protected":false},"author":1,"featured_media":0,"parent":1415,"menu_order":0,"comment_status":"closed","ping_status":"closed","template":"","meta":[],"_links":{"self":[{"href":"https:\/\/terrarara.com.br\/index.php?rest_route=\/wp\/v2\/pages\/13814"}],"collection":[{"href":"https:\/\/terrarara.com.br\/index.php?rest_route=\/wp\/v2\/pages"}],"about":[{"href":"https:\/\/terrarara.com.br\/index.php?rest_route=\/wp\/v2\/types\/page"}],"author":[{"embeddable":true,"href":"https:\/\/terrarara.com.br\/index.php?rest_route=\/wp\/v2\/users\/1"}],"replies":[{"embeddable":true,"href":"https:\/\/terrarara.com.br\/index.php?rest_route=%2Fwp%2Fv2%2Fcomments&post=13814"}],"version-history":[{"count":0,"href":"https:\/\/terrarara.com.br\/index.php?rest_route=\/wp\/v2\/pages\/13814\/revisions"}],"up":[{"embeddable":true,"href":"https:\/\/terrarara.com.br\/index.php?rest_route=\/wp\/v2\/pages\/1415"}],"wp:attachment":[{"href":"https:\/\/terrarara.com.br\/index.php?rest_route=%2Fwp%2Fv2%2Fmedia&parent=13814"}],"curies":[{"name":"wp","href":"https:\/\/api.w.org\/{rel}","templated":true}]}}