{"id":11573,"date":"2020-12-06T20:20:41","date_gmt":"2020-12-06T20:20:41","guid":{"rendered":"https:\/\/terrarara.com.br\/?page_id=11573"},"modified":"-0001-11-30T00:00:00","modified_gmt":"-0001-11-30T00:00:00","slug":"as-estatuetas-de-venus-da-idade-da-pedra-tem-uma-nova-explicacao-e-sao-surpreendentemente-tocantes","status":"publish","type":"page","link":"https:\/\/terrarara.com.br\/?page_id=11573","title":{"rendered":"As &#8216;Estatuetas de V\u00eanus&#8217; da Idade da Pedra t\u00eam uma nova explica\u00e7\u00e3o e s\u00e3o surpreendentemente tocantes"},"content":{"rendered":"<div class=\"wp-block-image\"><figure><img src=\"https:\/\/www.sciencealert.com\/images\/2020-12\/processed\/010-venus-figurine_1024.jpg\" alt=\"\" style=\"width:100%\"><figcaption>V\u00eanus de Willendorf. (Bjorn Christian Torrissen \/ Wikimedia Commons \/ CC BY-SA 4.0)<\/figcaption><\/figure><\/div><hr><\/p><p>\r\n<strong>Eles est\u00e3o entre as mais antigas obras de arte conhecidas no mundo. Estranhas estatuetas de figuras femininas que datam do final da Idade da Pedra, muitas com seios, n\u00e1degas, coxas, quadris e est\u00f4magos fortemente arredondados.<\/strong><\/p><p>\r\nEssas representa\u00e7\u00f5es ic\u00f4nicas e estilizadas de mulheres do Paleol\u00edtico Superior &#8211; freq\u00fcentemente chamadas de estatuetas de V\u00eanus, em uma refer\u00eancia vaga \u00e0 deusa romana da beleza &#8211; foram encontradas espalhadas pela Europa e Eur\u00e1sia.\r\n<\/p><p>\r\nMais de 200 dessas misteriosas estatuetas foram descobertas, datadas entre 38.000 e 14.000 anos atr\u00e1s, com a maioria delas recuperadas de cerca de 26.000-21.000 anos atr\u00e1s.\r\n<\/p><p>\r\nEmbora haja muito debate acad\u00eamico sobre o que as estatuetas de V\u00eanus representavam aos olhos de seus antigos escultores, muitos pesquisadores interpretaram as caracter\u00edsticas voluptuosas das est\u00e1tuas como s\u00edmbolos de fertilidade, sexualidade, beleza e maternidade.\r\n<\/p><p>\r\nOutros tamb\u00e9m notaram, entretanto, que os corpos aumentados oferecem uma representa\u00e7\u00e3o muito realista da apar\u00eancia da obesidade humana. A obesidade \u00e9 um problema grave para as pessoas no s\u00e9culo 21, embora n\u00e3o esteja totalmente claro por que ela estaria na mente de nossos ancestrais antigos 30.000 anos atr\u00e1s.\r\n<\/p><p>\r\n&#8220;Algumas das primeiras artes do mundo s\u00e3o essas misteriosas estatuetas de mulheres obesas da \u00e9poca das ca\u00e7adoras coletoras na Idade do Gelo na Europa, onde voc\u00ea n\u00e3o esperaria ver obesidade de forma alguma&#8221;, diz o pesquisador m\u00e9dico Richard Johnson, da Universidade do Colorado.\r\n<\/p><p>\r\nEm um novo estudo, Johnson e outros pesquisadores oferecem uma explica\u00e7\u00e3o alternativa para o mist\u00e9rio do f\u00edsico exagerado das estatuetas: os corpos n\u00e3o est\u00e3o inchados como s\u00edmbolos de sexo, dizem eles, mas como s\u00edmbolos de sobreviv\u00eancia.\r\n<\/p><p>\r\nOs pesquisadores analisaram dezenas de figuras com tra\u00e7os obesos de v\u00e1rios cap\u00edtulos do per\u00edodo, medindo as propor\u00e7\u00f5es cintura-quadril e cintura-ombro das est\u00e1tuas. Quando essas medidas s\u00e3o comparadas ao local onde as est\u00e1tuas foram encontradas &#8211; especificamente, observando as dist\u00e2ncias a geleiras antigas que existiam &#8211; uma conex\u00e3o interessante foi encontrada.\r\n<\/p><p>\r\nMuitas das estatuetas de V\u00eanus foram esculpidas durante uma janela extrema de mudan\u00e7a clim\u00e1tica chamada de \u00daltimo M\u00e1ximo Glacial, na qual as temperaturas despencaram e as massas de gelo se expandiram por muitas partes do mundo.\r\n<\/p><p>\r\nEm meio \u00e0s dificuldades, as est\u00e1tuas foram esculpidas; \u00e9 poss\u00edvel, dizem os pesquisadores, que suas formas bem torneadas tenham sido criadas em uma esp\u00e9cie de resposta ao frio terr\u00edvel.\r\n<\/p><p>\r\n&#8220;Durante este per\u00edodo, os humanos enfrentaram o avan\u00e7o das geleiras e a queda das temperaturas que levaram ao estresse nutricional, extin\u00e7\u00f5es regionais e redu\u00e7\u00e3o da popula\u00e7\u00e3o&#8221;, explicam os pesquisadores no estudo, observando a estranha rela\u00e7\u00e3o que encontraram.\r\n<\/p><p>\r\n&#8220;As estatuetas ficam menos obesas \u00e0 medida que a dist\u00e2ncia das geleiras aumenta &#8230; Especificamente, as propor\u00e7\u00f5es do tamanho do corpo eram maiores quando as geleiras avan\u00e7avam, enquanto a obesidade diminu\u00eda quando o clima esquentava e as geleiras recuavam.&#8221;\r\n<\/p><p>\r\nNa hip\u00f3tese da equipe, as V\u00eanus cheias de corpo existiam como um s\u00edmbolo de sobreviv\u00eancia em face de um inverno implac\u00e1vel, exemplificando as virtudes das mulheres supernutridas, cujos corpos maiores e mais gordos poderiam suportar melhor as condi\u00e7\u00f5es adversas e geladas.\r\n<\/p><p>\r\n&#8220;Propomos que eles transmitissem ideais de tamanho corporal para mulheres jovens, especialmente aquelas que viviam perto de geleiras&#8221;, diz Johnson.\r\n<\/p><p>\r\nOs pesquisadores afirmam que as mulheres obesas teriam se sa\u00eddo melhor em gesta\u00e7\u00f5es durante o \u00daltimo M\u00e1ximo Glacial, e tamb\u00e9m na amamenta\u00e7\u00e3o.\r\n<\/p><p>\r\n&#8220;A estatueta representaria uma imagem desejada da mulher na qual a imagem tinha o poder de trazer uma m\u00e3e e um filho mais saud\u00e1veis, abrangendo a concep\u00e7\u00e3o, uma gravidez prec\u00e1ria, parto e amamenta\u00e7\u00e3o&#8221;, escrevem os autores.\r\n<\/p><p>\r\n&#8220;O aumento da gordura forneceria uma fonte de energia durante a gesta\u00e7\u00e3o durante o desmame de um beb\u00ea, bem como o isolamento muito necess\u00e1rio.&#8221;\r\n<\/p><p>\r\n\u00c9 um argumento fascinante, embora seja importante notar que nem todos na comunidade arqueol\u00f3gica acolheram bem suas descobertas.\r\n<\/p><p>\r\nAinda assim, se os pesquisadores estiverem certos, essas estatuetas ic\u00f4nicas &#8211; muitas desgastadas, como se tivessem sido tratadas como rel\u00edquias de fam\u00edlia ao longo de gera\u00e7\u00f5es sucessivas &#8211; poderiam ter desempenhado um papel simb\u00f3lico maior do que nunca, conduzindo a humanidade atrav\u00e9s de um de seus mais sombrios desafios clim\u00e1ticos.\r\n<\/p><p>\r\n&#8220;Durante este per\u00edodo, as estatuetas surgiram como uma ferramenta ideol\u00f3gica para ajudar a melhorar a fertilidade e a sobreviv\u00eancia da m\u00e3e e dos rec\u00e9m-nascidos&#8221;, concluem os pesquisadores.\r\n<\/p><p>\r\n&#8220;A est\u00e9tica da arte, portanto, teve uma fun\u00e7\u00e3o significativa em enfatizar a sa\u00fade e a sobreviv\u00eancia para acomodar as condi\u00e7\u00f5es clim\u00e1ticas cada vez mais austeras.&#8221;<\/p><p>\r\n<hr>\r\n\r\n<p style=\"text-align:right\"><em>Publicado em 06\/12\/2020 20h20<\/em><\/p>\r\n\r\n\r\n\r\n<p>Artigo original: <\/p>\r\n\r\n\r\n\r\n<ul><li><a href=\"https:\/\/www.sciencealert.com\/the-mystery-of-the-enigmatic-venus-figurines-has-a-surprising-new-solution\" target=\"_blank\">https:\/\/www.sciencealert.com\/the-mystery-of-the-enigmatic-venus-figurines-has-a-surprising-new-solution<\/a><\/li><\/ul>\r\n\r\n\r\n<p>Estudo original: <\/p>\r\n\r\n\r\n\r\n<ul><li><a href=\"https:\/\/onlinelibrary.wiley.com\/doi\/10.1002\/oby.23028\" target=\"_blank\">https:\/\/onlinelibrary.wiley.com\/doi\/10.1002\/oby.23028<\/a><\/li><\/ul>\r\n\r\n\r\n\r\n<hr class=\"wp-block-separator is-style-wide\"\/>\r\n\r\n\r\n<div style=\"position: buttonline;\"><iframe loading=\"lazy\" src=\"https:\/\/vendedoradesonhos.com.br\/rodape_sites.php?arg=18;11573\" frameborder=\"0\" height=\"420px\" width=\"100%\"><\/iframe><\/div>\r\n<div style=\"position: buttonline;\"><iframe loading=\"lazy\" src=\"https:\/\/vendedoradesonhos.com.br\/comentario_navegacao.php?arg=18;11573\" frameborder=\"0\" height=\"500px\" width=\"100%\"><\/iframe><\/div>\r\n<!-- curtir \/ comentar precisa estar logado -->\r\n<div style=\"position:absolute; width:40%; height:70px; top:-70px; left:0px;\"><iframe loading=\"lazy\" src=\"https:\/\/vendedoradesonhos.com.br\/oferta_site_esq.php?arg=18;11573\" frameborder=\"0\" height=\"100%\" width=\"100%\"><\/iframe><\/div>\r\n<div style=\"position:absolute; width:40%; height:70px; top:-70px; right:0px;\"><iframe loading=\"lazy\" src=\"https:\/\/vendedoradesonhos.com.br\/oferta_site_dir.php?arg=18;11573\" frameborder=\"0\" height=\"100%;\" width=\"100%\"><\/iframe><\/div>","protected":false},"excerpt":{"rendered":"<p>V\u00eanus de Willendorf. (Bjorn Christian Torrissen \/ Wikimedia Commons \/ CC BY-SA 4.0) Eles est\u00e3o entre as mais antigas obras de arte conhecidas no mundo. Estranhas estatuetas de figuras femininas que datam do final da Idade da Pedra, muitas com seios, n\u00e1degas, coxas, quadris e est\u00f4magos fortemente arredondados. Essas representa\u00e7\u00f5es ic\u00f4nicas e estilizadas de mulheres &hellip; <\/p>\n<p class=\"link-more\"><a href=\"https:\/\/terrarara.com.br\/?page_id=11573\" class=\"more-link\">Continue lendo<span class=\"screen-reader-text\"> &#8220;As &#8216;Estatuetas de V\u00eanus&#8217; da Idade da Pedra t\u00eam uma nova explica\u00e7\u00e3o e s\u00e3o surpreendentemente tocantes&#8221;<\/span><\/a><\/p>\n","protected":false},"author":1,"featured_media":0,"parent":9604,"menu_order":0,"comment_status":"closed","ping_status":"closed","template":"","meta":[],"_links":{"self":[{"href":"https:\/\/terrarara.com.br\/index.php?rest_route=\/wp\/v2\/pages\/11573"}],"collection":[{"href":"https:\/\/terrarara.com.br\/index.php?rest_route=\/wp\/v2\/pages"}],"about":[{"href":"https:\/\/terrarara.com.br\/index.php?rest_route=\/wp\/v2\/types\/page"}],"author":[{"embeddable":true,"href":"https:\/\/terrarara.com.br\/index.php?rest_route=\/wp\/v2\/users\/1"}],"replies":[{"embeddable":true,"href":"https:\/\/terrarara.com.br\/index.php?rest_route=%2Fwp%2Fv2%2Fcomments&post=11573"}],"version-history":[{"count":0,"href":"https:\/\/terrarara.com.br\/index.php?rest_route=\/wp\/v2\/pages\/11573\/revisions"}],"up":[{"embeddable":true,"href":"https:\/\/terrarara.com.br\/index.php?rest_route=\/wp\/v2\/pages\/9604"}],"wp:attachment":[{"href":"https:\/\/terrarara.com.br\/index.php?rest_route=%2Fwp%2Fv2%2Fmedia&parent=11573"}],"curies":[{"name":"wp","href":"https:\/\/api.w.org\/{rel}","templated":true}]}}